NOAA klimatische Zusammenfassung

                   MONTHLY CLIMATOLOGICAL SUMMARY for MAY 2008


NAME: Wetterstation-Pliening  CITY: Pliening              STATE: Bayern              
ELEV:  504.1 m    LAT: 48.2 N    LONG: 11.8 E


                   TEMPERATURE (C), RAIN (mm), WIND SPEED (kph)

                                         HEAT   COOL         AVG
      MEAN                               DEG    DEG          WIND                  DOM
DAY   TEMP   HIGH  TIME    LOW   TIME    DAYS   DAYS   RAIN  SPEED   HIGH  TIME    DIR
---------------------------------------------------------------------------------------
01    10.2   15.1  16:40    7.2  06:15   13.0    0.0     0.3  3.7    20.9  11:55   SW
02    10.8   16.2  16:20    4.6  06:10   14.3    0.0     0.8  2.0    33.8  13:45   SW
03    12.3   17.8  16:15    7.1  06:10   10.6    0.0     0.3  2.4    17.7  14:20   NNE
04    11.5   17.2  15:35    4.7  05:30   13.3    0.0     0.0  4.1    22.5  12:50   NE
05    10.7   16.4  17:05    3.7  06:10   14.9    0.0     0.0  2.6    22.5  11:05   NE
06    12.1   19.1  16:20    5.8  06:00   10.6    0.0     0.5  4.9    30.6  18:25   NE
07    11.8   18.1  17:30    4.3  05:15   12.9    0.0     0.0  4.0    24.1  11:50   E
08    13.1   20.1  15:25    4.1  05:45   11.2    0.0     0.0  4.2    30.6  11:00   E
09    15.0   21.7  14:40    5.7  05:30    8.4    0.0     0.0  5.2    29.0  16:45   E
10    15.5   21.4  15:15    9.7  05:55    5.0    0.0     0.0  8.2    35.4  11:15   E
11    14.9   21.6  16:35    6.6  06:00    7.7    0.0     0.0  5.9    27.4  12:00   ENE
12    15.1   21.9  17:05    6.3  05:55    7.6    0.0     0.0  3.9    22.5  12:40   NE
13    15.6   23.1  15:30    6.9  05:50    6.0    0.0     0.0  2.5    19.3  12:30   NE
14    16.7   24.4  15:50    7.8  06:00    4.0    0.0     0.0  1.1    14.5  12:55   NNE
15    16.9   24.7  15:05    9.6  05:20    2.1    0.0     5.8  3.0    38.6  22:35   SW
16    16.6   22.7  16:50   11.3  05:35    2.3    0.0     8.9  2.2    19.3  11:20   SW
17    16.2   19.3  12:50   12.9  23:55    4.0    0.0     3.8  2.1    20.9  08:00   WNW
18    12.0   13.7  14:05   10.6  20:35   11.2    0.0    16.0  4.0    22.5  02:40   W
19    11.6   14.3  15:10    9.2  07:30   11.9    0.0     2.8  4.4    19.3  15:25   NE
20     9.0   11.1  00:00    7.1  22:55   16.6    0.0     3.8  6.7    27.4  09:45   ENE
21     8.4   10.3  15:00    6.8  03:05   17.6    0.0     3.8  3.1    16.1  15:30   NE
22    10.8   13.0  17:30    8.9  06:05   13.3    0.0     0.0  2.7    14.5  10:30   NE
23    13.1   18.0  17:35    9.8  05:10    8.0    0.0     0.0  1.7    14.5  11:50   NNE
24    14.3   21.0  16:40    6.4  05:25    8.3    0.0     0.3  2.6    17.7  12:20   NE
25    16.2   21.6  17:05   11.3  05:05    3.4    0.0     0.0  2.6    22.5  17:20   ESE
26    17.6   24.2  18:05   11.9  04:20    0.5    0.0     0.0  1.0    14.5  08:30   S
27    21.9   30.1  16:45   13.3  04:55    0.0    6.0     0.0  4.6    27.4  23:00   ENE
28    22.1   29.6  15:20   18.1  23:55    0.0    9.9     0.0  3.1    20.9  01:00   SE
29    22.2   28.3  16:00   15.8  05:40    0.0    6.7     0.0  3.5    19.3  15:20   ESE
30    20.5   29.6  16:50   14.1  05:30    0.0    6.3     2.3  2.9    48.3  17:40   WSW
31    19.2   25.2  17:50   14.2  05:25    0.0    2.5     0.0  4.8    29.0  06:40   WSW
---------------------------------------------------------------------------------------
      14.6   30.1    27     3.7     5   238.5   31.4    49.3  3.5    48.3    30    ENE

Max >=   32.2:  0
Max <=    0.0:  0
Min <=    0.0:  0
Min <=  -17.8:  0
Max Rain    :   16.0 mm ON 05/18/2008
Days of Rain: 10 (> 0.254 mm) 7 (> 2.54 mm) 0 (> 25.4 mm)



Please note the license to use and transfer of this data:
http://creativecommons.org/licenses/by-nc-sa/3.0/deed.en

Bitte beachten sie die Lizenz zur Verwertung und Weitergabe der Daten:
http://creativecommons.org/licenses/by-nc-sa/3.0/deed.de

zurück zur Übersicht der NOAA Aufstellungen

Cookies helfen bei der Bereitstellung von Inhalten. Durch die Nutzung dieser Seiten erklärst du dich damit einverstanden, dass Cookies auf deinem Rechner gespeichert werden. Weitere Information