NOAA klimatische Zusammenfassung

                   MONTHLY CLIMATOLOGICAL SUMMARY for JAN 2009


NAME: Wetterstation-Pliening  CITY: Pliening              STATE: Bayern              
ELEV:  504.1 m    LAT: 48.2 N    LONG: 11.8 E


                   TEMPERATURE (C), RAIN (mm), WIND SPEED (kph)

                                         HEAT   COOL         AVG
      MEAN                               DEG    DEG          WIND                  DOM
DAY   TEMP   HIGH  TIME    LOW   TIME    DAYS   DAYS   RAIN  SPEED   HIGH  TIME    DIR
---------------------------------------------------------------------------------------
01    -1.5    0.7  13:05   -5.8  00:25   37.7    0.0     0.8  1.9    17.7  13:55   WSW
02    -4.4   -1.4  00:00   -6.0  18:40   39.7    0.0     0.0  2.6    11.3  04:35   N
03    -7.2   -4.2  13:35  -10.1  07:50   45.8    0.0     0.0  1.3    14.5  13:40   SE
04    -4.8   -1.6  13:45   -6.8  08:25   40.5    0.0     0.0  2.2    14.5  10:35   WSW
05    -4.5   -2.8  14:10   -6.2  04:35   41.2    0.0     0.0  2.5    14.5  08:00   WSW
06    -4.9   -4.3  00:00   -5.4  21:10   41.8    0.0     0.0  5.4    22.5  11:05   E
07    -5.8   -5.2  00:05   -6.7  23:40   43.8    0.0     0.0  1.0     9.7  10:25   NNE
08    -7.2   -3.6  14:15  -10.0  07:30   45.2    0.0     0.0  3.6    30.6  13:15   E
09    -9.4   -4.6  14:20  -13.7  08:10   49.4    0.0     0.0  0.4     8.0  13:45   N
10    -9.7   -4.6  15:30  -13.4  06:55   49.2    0.0     0.0  1.2    14.5  13:45   NNE
11    -9.4   -2.4  13:45  -13.4  07:00   47.3    0.0     0.0  0.5     8.0  14:25   N
12    -8.6   -2.6  14:35  -14.0  07:15   48.0    0.0     0.0  0.6     8.0  14:55   N
13    -6.2   -0.2  13:05  -10.7  07:25   42.8    0.0     0.0  1.3    14.5  13:35   NNE
14    -4.4   -0.4  14:40   -9.6  02:15   42.0    0.0     0.0  0.2     8.0  23:20   NNW
15    -2.1    2.1  13:50   -5.3  23:40   35.9    0.0     0.0  1.3    16.1  17:55   N
16    -3.9   -2.2  15:30   -5.5  02:10   39.9    0.0     0.0  0.5     8.0  00:10   SSW
17    -1.1    7.9  13:55   -7.1  08:35   32.2    0.0     0.0  1.5    19.3  21:30   SW
18     1.5    4.3  19:50   -1.8  05:20   30.7    0.0     0.5  3.8    45.1  20:15   S
19     2.2    4.1  11:50   -0.3  04:25   29.6    0.0     0.0  3.2    32.2  00:00   S
20     1.2    3.2  00:40   -0.2  21:45   30.3    0.0    11.9  2.3    20.9  06:00   S
21     0.2    0.9  12:50   -0.3  00:40   32.5    0.0     2.5  2.1    14.5  13:10   WNW
22    -0.9    0.4  14:50   -4.3  09:30   36.5    0.0     0.3  1.7    17.7  17:20   S
23     0.3    5.5  18:05   -2.9  08:10   30.7    0.0     2.3  7.6    57.9  18:30   S
24     0.9    3.2  11:55   -1.6  23:55   31.5    0.0     0.0  4.4    37.0  00:05   NE
25    -0.2    4.0  12:15   -3.2  23:55   32.2    0.0     0.0  2.2    19.3  14:25   SE
26    -2.2    3.2  14:05   -6.0  07:25   35.5    0.0     0.0  0.7     8.0  14:15   N
27    -2.9   -1.9  19:10   -4.7  02:55   39.0    0.0     0.0  2.4    16.1  23:00   WNW
28    -1.6   -0.1  12:20   -2.6  07:30   35.5    0.0     1.3  1.9    17.7  04:55   WNW
29    -1.8   -0.8  13:15   -3.6  23:15   37.0    0.0     0.0  3.0    16.1  23:35   NE
30    -3.3   -2.6  12:25   -4.7  01:35   39.5    0.0     0.0  6.7    24.1  05:55   E
31    -3.5   -0.9  14:25   -5.7  23:35   38.9    0.0     0.0  4.5    24.1  14:20   E
---------------------------------------------------------------------------------------
      -3.4    7.9    17   -14.0    12   1201.5    0.0    19.6  2.4    57.9    23    NNE

Max >=   32.2:  0
Max <=    0.0:  19
Min <=    0.0:  31
Min <=  -17.8:  0
Max Rain    :   11.9 mm ON 01/20/2009
Days of Rain: 6 (> 0.254 mm) 2 (> 2.54 mm) 0 (> 25.4 mm)



Please note the license to use and transfer of this data:
http://creativecommons.org/licenses/by-nc-sa/3.0/deed.en

Bitte beachten sie die Lizenz zur Verwertung und Weitergabe der Daten:
http://creativecommons.org/licenses/by-nc-sa/3.0/deed.de

zurück zur Übersicht der NOAA Aufstellungen

Cookies helfen bei der Bereitstellung von Inhalten. Durch die Nutzung dieser Seiten erklärst du dich damit einverstanden, dass Cookies auf deinem Rechner gespeichert werden. Weitere Information