NOAA klimatische Zusammenfassung

                   MONTHLY CLIMATOLOGICAL SUMMARY for MAR 2009


NAME: Wetterstation-Pliening  CITY: Pliening              STATE: Bayern              
ELEV:  504.1 m    LAT: 48.2 N    LONG: 11.8 E


                   TEMPERATURE (C), RAIN (mm), WIND SPEED (kph)

                                         HEAT   COOL         AVG
      MEAN                               DEG    DEG          WIND                  DOM
DAY   TEMP   HIGH  TIME    LOW   TIME    DAYS   DAYS   RAIN  SPEED   HIGH  TIME    DIR
---------------------------------------------------------------------------------------
01     1.3    6.4  14:45   -1.8  08:05   28.8    0.0     0.0  1.0     9.7  14:25   N
02     3.9    7.2  12:50   -1.4  00:00   27.8    0.0     1.3  0.8    11.3  14:50   S
03     3.9    4.8  16:20    3.1  23:45   25.9    0.0     2.0  1.3     9.7  01:50   WNW
04     4.6    8.8  15:55    2.0  07:45   23.3    0.0     0.0  3.5    22.5  23:15   ESE
05     2.9    5.7  00:10    0.8  19:50   27.1    0.0     4.1  6.0    22.5  00:45   WSW
06     1.5    2.4  14:15    0.7  23:50   30.2    0.0     0.8  9.6    32.2  14:00   WSW
07     0.6    1.3  20:00    0.1  10:10   31.7    0.0     2.5 10.0    32.2  10:50   WSW
08     3.2    7.8  14:10   -1.6  07:20   27.4    0.0     1.8  7.4    37.0  14:15   WSW
09     2.4    4.4  13:05    0.1  06:30   28.9    0.0     6.1 12.3    53.1  09:10   WSW
10     3.4    7.1  13:35    0.8  05:10   25.9    0.0     1.8 11.4    38.6  18:55   WSW
11     2.3    5.3  14:15    0.0  23:30   28.2    0.0    11.2 12.8    45.1  14:50   WSW
12     2.2    5.4  11:50    0.4  00:00   27.7    0.0     7.4  8.4    37.0  13:00   WSW
13     4.6    7.9  16:25    2.7  22:45   23.5    0.0    10.7  8.5    41.8  06:05   WSW
14     6.0   11.7  15:40    0.8  05:35   21.8    0.0     0.0  1.3    16.1  23:45   SSW
15     5.8    8.5  00:10    4.2  23:20   21.6    0.0     2.8  8.0    32.2  06:10   WSW
16     5.8    9.3  12:45    3.2  02:35   21.7    0.0     0.0  2.1    16.1  00:55   WNW
17     5.4    9.5  14:55    0.6  06:25   24.0    0.0     0.0  2.9    22.5  15:30   WNW
18     4.3    9.1  14:50    0.2  06:30   24.6    0.0     0.0  5.6    30.6  14:20   W
19     2.8    7.7  13:45   -1.5  23:30   27.5    0.0     0.3  4.3    35.4  16:10   NNW
20    -0.5    2.5  12:30   -2.7  06:15   33.2    0.0     0.0  4.6    22.5  11:10   NE
21    -0.2    3.9  13:45   -3.4  04:50   32.6    0.0     0.0  2.3    17.7  13:30   NNE
22     2.9    9.3  13:55   -3.2  01:35   27.5    0.0     0.0  9.5    38.6  18:25   WSW
23     6.4    9.6  15:30    3.0  00:55   21.6    0.0     0.3 16.3    53.1  12:50   WSW
24     1.2    6.3  00:00   -0.9  23:10   28.2    0.0    10.9 13.1    70.8  00:50   WSW
25     0.6    3.4  12:45   -2.7  06:00   32.4    0.0     3.0  8.2    33.8  19:00   WSW
26     3.4    7.1  16:00    0.2  01:55   26.4    0.0     8.9  9.7    37.0  09:35   WSW
27     6.4   11.1  13:35    2.1  00:35   21.1    0.0     4.3  8.0    38.6  11:20   SW
28     6.5   14.2  13:50    2.8  07:05   17.7    0.0     0.8  5.6    45.1  14:40   W
29     3.6    4.3  13:35    2.6  19:25   26.9    0.0     7.6  0.9    11.3  23:55   WNW
30     4.0    6.3  17:30    2.3  00:35   25.2    0.0     2.8  3.6    19.3  12:10   NE
31     5.0    8.6  18:20    0.3  04:45   25.0    0.0     0.0  4.4    25.7  11:45   E
---------------------------------------------------------------------------------------
       3.4   14.2    28    -3.4    21   815.1    0.0    91.2  6.6    70.8    24    WSW

Max >=   32.2:  0
Max <=    0.0:  0
Min <=    0.0:  10
Min <=  -17.8:  0
Max Rain    :   11.2 mm ON 03/11/2009
Days of Rain: 19 (> 0.254 mm) 13 (> 2.54 mm) 0 (> 25.4 mm)



Please note the license to use and transfer of this data:
http://creativecommons.org/licenses/by-nc-sa/3.0/deed.en

Bitte beachten sie die Lizenz zur Verwertung und Weitergabe der Daten:
http://creativecommons.org/licenses/by-nc-sa/3.0/deed.de

zurück zur Übersicht der NOAA Aufstellungen

Cookies helfen bei der Bereitstellung von Inhalten. Durch die Nutzung dieser Seiten erklärst du dich damit einverstanden, dass Cookies auf deinem Rechner gespeichert werden. Weitere Information