NOAA klimatische Zusammenfassung

                   MONTHLY CLIMATOLOGICAL SUMMARY for MAY 2009


NAME: Wetterstation-Pliening  CITY: Pliening              STATE: Bayern              
ELEV:  504.1 m    LAT: 48.2 N    LONG: 11.8 E


                   TEMPERATURE (C), RAIN (mm), WIND SPEED (kph)

                                         HEAT   COOL         AVG
      MEAN                               DEG    DEG          WIND                  DOM
DAY   TEMP   HIGH  TIME    LOW   TIME    DAYS   DAYS   RAIN  SPEED   HIGH  TIME    DIR
---------------------------------------------------------------------------------------
01    12.1   18.6  17:50    5.1  06:35   11.7    0.0     0.3  2.4    22.5  21:00   SW
02    13.8   20.3  16:20    9.2  05:05    6.5    0.0     0.3  4.2    29.0  14:55   W
03    13.6   20.5  17:40    6.5  06:15    8.7    0.0     0.0  1.7    14.5  12:20   SW
04     9.6   12.2  01:35    5.5  23:55   17.1    0.0     6.9  6.2    32.2  05:30   W
05     8.3   13.1  14:45    2.0  06:10   19.5    0.0     0.0  6.0    29.0  16:10   SW
06    11.2   15.3  17:10    7.6  02:05   12.4    0.0     5.3 10.2    37.0  13:30   WSW
07    15.1   23.2  17:50    7.4  05:55    5.5    0.0     0.0  2.3    24.1  13:40   WSW
08    16.1   25.7  15:35    7.2  06:15    3.4    0.0     1.0  5.0    46.7  20:00   SW
09    17.1   23.9  16:25   10.7  05:45    1.9    0.0     2.3  4.2    40.2  22:25   SE
10    17.8   23.4  14:55   11.6  06:15    1.5    0.0     1.5  3.0    20.9  16:40   NNE
11    17.0   23.2  16:25   11.6  06:00    1.8    0.0     0.0  2.4    22.5  18:50   NW
12    12.7   14.6  00:00   11.1  23:55    9.9    0.0     2.3  4.8    43.5  01:25   NE
13    12.9   17.2  15:30   10.1  07:35    8.5    0.0     0.0  4.0    19.3  14:10   E
14    13.3   18.2  15:00    9.8  04:05    7.8    0.0     0.3  2.9    19.3  00:45   SE
15    12.2   15.3  18:15    9.9  06:50   10.2    0.0     3.6  3.3    16.1  00:50   E
16    12.4   17.2  17:40    8.8  09:45    9.5    0.0     5.6  3.1    30.6  00:40   WSW
17    17.7   25.9  15:50    8.7  03:40    1.9    0.0     0.0  3.3    29.0  23:30   ESE
18    14.8   18.2  14:55   11.7  07:00    6.1    0.0     5.3  3.3    37.0  00:10   W
19    15.7   21.5  17:00   10.2  06:00    4.5    0.0     0.3  1.9    17.7  16:05   NE
20    18.6   24.9  15:40   10.9  06:10    0.7    0.0     0.0  3.4    22.5  14:45   SE
21    18.6   26.4  16:30   12.3  04:30    0.0    1.9    11.9  4.0    66.0  19:00   SSE
22    16.5   21.6  14:30   13.5  04:45    1.4    0.0    12.7  7.6    37.0  10:25   SW
23    16.6   22.4  16:55    9.2  05:40    4.5    0.0     0.0  3.8    19.3  15:30   NE
24    20.8   27.8  17:10   14.2  06:05    0.0    4.8     0.0  4.4    27.4  12:35   NW
25    22.7   29.2  16:35   15.0  05:30    0.0    6.8     0.0  3.4    19.3  15:00   NE
26    20.1   27.9  14:55   11.9  19:15    0.0    2.9    23.4  7.9    69.2  18:50   WNW
27    12.5   16.4  18:05    9.2  23:50    9.9    0.0     6.1  8.2    46.7  04:25   WNW
28    12.6   16.9  15:20    8.3  02:05   10.3    0.0     3.0 10.3    33.8  14:35   WSW
29    11.4   15.7  13:50    7.6  05:45   12.1    0.0     0.3  7.2    37.0  12:00   NW
30    11.3   16.1  13:45    7.0  05:40   12.2    0.0     0.8  2.5    22.5  18:55   N
31    11.7   16.6  17:30    7.4  08:05   11.3    0.0     0.0  5.7    24.1  13:15   ENE
---------------------------------------------------------------------------------------
      14.7   29.2    25     2.0     5   210.7   16.4    93.0  4.6    69.2    26    W

Max >=   32.2:  0
Max <=    0.0:  0
Min <=    0.0:  0
Min <=  -17.8:  0
Max Rain    :   23.4 mm ON 05/26/2009
Days of Rain: 15 (> 0.254 mm) 10 (> 2.54 mm) 0 (> 25.4 mm)



Please note the license to use and transfer of this data:
http://creativecommons.org/licenses/by-nc-sa/3.0/deed.en

Bitte beachten sie die Lizenz zur Verwertung und Weitergabe der Daten:
http://creativecommons.org/licenses/by-nc-sa/3.0/deed.de

zurück zur Übersicht der NOAA Aufstellungen

Cookies helfen bei der Bereitstellung von Inhalten. Durch die Nutzung dieser Seiten erklärst du dich damit einverstanden, dass Cookies auf deinem Rechner gespeichert werden. Weitere Information