NOAA klimatische Zusammenfassung

                   MONTHLY CLIMATOLOGICAL SUMMARY for JUN 2009


NAME: Wetterstation-Pliening  CITY: Pliening              STATE: Bayern              
ELEV:  504.1 m    LAT: 48.2 N    LONG: 11.8 E


                   TEMPERATURE (C), RAIN (mm), WIND SPEED (kph)

                                         HEAT   COOL         AVG
      MEAN                               DEG    DEG          WIND                  DOM
DAY   TEMP   HIGH  TIME    LOW   TIME    DAYS   DAYS   RAIN  SPEED   HIGH  TIME    DIR
---------------------------------------------------------------------------------------
01    13.5   19.8  15:40    7.4  05:35    8.6    0.0     0.0  3.1    24.1  15:30   NNE
02    14.8   20.5  15:20    8.8  02:55    6.7    0.0     0.8  4.1    32.2  16:15   SW
03    15.3   20.2  15:20   11.1  05:20    4.9    0.0     0.0 11.8    40.2  15:45   WNW
04    12.3   16.4  15:35    8.7  23:05   10.4    0.0     0.0  6.1    35.4  13:00   NW
05    13.6   20.3  17:00    7.9  05:50    7.7    0.0     0.0  3.1    29.0  14:50   NE
06    12.5   16.3  12:10   10.2  23:30    9.1    0.0    11.7  6.9    41.8  12:50   SW
07    14.8   23.0  16:00    9.9  05:00    3.4    0.0     8.9  7.9    33.8  19:00   SW
08    15.3   21.4  14:20   10.9  07:00    3.8    0.0     0.8  5.3    22.5  10:40   ESE
09    15.5   19.2  17:25   11.8  03:35    5.2    0.0     0.6  4.9    30.6  10:20   WSW
10    16.3   22.3  16:15   12.4  03:15    1.8    0.0     0.4  4.8    25.7  06:55   S
11    15.6   20.1  13:30   11.3  23:55    4.8    0.0     4.8 12.3    70.8  12:15   W
12    14.9   20.1  17:10    9.7  04:50    6.2    0.0     0.0 12.5    41.8  10:40   W
13    16.8   23.3  17:30   11.2  05:45    1.9    0.0     0.0  4.0    30.6  13:10   NW
14    19.6   28.4  18:05   10.3  05:30    0.0    1.9     1.6  3.6    41.8  21:15   WSW
15    19.1   21.9  15:00   16.3  05:30    0.0    1.5     3.5  4.0    22.5  23:55   SW
16    16.2   20.4  15:00   13.4  06:45    2.5    0.0    22.0  7.1    41.8  15:20   W
17    16.8   22.5  17:35    9.3  05:25    4.3    0.0     0.0  3.7    22.5  13:40   NE
18    20.9   28.7  16:35   12.6  05:05    0.0    4.1     0.0  5.9    29.0  12:30   SW
19    16.1   18.8  11:35   11.9  23:55    5.4    0.0    21.3  5.0    29.0  07:50   W
20    12.9   16.6  17:45   10.3  23:50    8.8    0.0     1.8  4.2    27.4  14:45   WSW
21    12.5   18.2  14:10    7.5  05:20    9.9    0.0     0.0  4.3    33.8  16:25   W
22    10.2   14.4  15:30    8.3  06:40   12.5    0.0     9.3  6.0    25.7  17:40   WNW
23    10.7   11.5  22:50   10.0  05:05   13.6    0.0    37.2  8.9    30.6  05:00   WNW
24    11.9   13.0  17:45   10.7  07:30   11.6    0.0    13.8  6.5    20.9  05:30   W
25    15.0   17.7  14:15   12.7  03:35    5.6    0.0     3.9  3.3    20.9  15:05   WSW
26    17.6   23.8  16:05   13.4  03:30    0.0    0.5     1.0  2.1    22.5  13:40   NNE
27    17.6   21.4  18:35   15.0  06:30    0.2    0.0    17.3  3.8    20.9  16:10   WNW
28    17.9   21.9  17:05   15.4  06:20    0.0    0.6    10.2  4.4    22.5  17:15   W
29    19.8   26.3  17:30   15.3  05:20    0.0    4.5     1.6  2.7    22.5  16:10   NNW
30    20.0   26.4  16:45   15.4  05:30    0.0    4.7     0.8  2.6    37.0  17:45   SSE
---------------------------------------------------------------------------------------
      15.5   28.7    18     7.4     1   149.0   17.7   173.2  5.5    70.8    11    W

Max >=   32.2:  0
Max <=    0.0:  0
Min <=    0.0:  0
Min <=  -17.8:  0
Max Rain    :   37.2 mm ON 06/23/2009
Days of Rain: 21 (> 0.254 mm) 12 (> 2.54 mm) 1 (> 25.4 mm)



Please note the license to use and transfer of this data:
http://creativecommons.org/licenses/by-nc-sa/3.0/deed.en

Bitte beachten sie die Lizenz zur Verwertung und Weitergabe der Daten:
http://creativecommons.org/licenses/by-nc-sa/3.0/deed.de

zurück zur Übersicht der NOAA Aufstellungen

Cookies helfen bei der Bereitstellung von Inhalten. Durch die Nutzung dieser Seiten erklärst du dich damit einverstanden, dass Cookies auf deinem Rechner gespeichert werden. Weitere Information