NOAA klimatische Zusammenfassung

                   MONTHLY CLIMATOLOGICAL SUMMARY for AUG 2009


NAME: Wetterstation-Pliening  CITY: Pliening              STATE: Bayern              
ELEV:  504.1 m    LAT: 48.2 N    LONG: 11.8 E


                   TEMPERATURE (C), RAIN (mm), WIND SPEED (kph)

                                         HEAT   COOL         AVG
      MEAN                               DEG    DEG          WIND                  DOM
DAY   TEMP   HIGH  TIME    LOW   TIME    DAYS   DAYS   RAIN  SPEED   HIGH  TIME    DIR
---------------------------------------------------------------------------------------
01    21.0   29.6  17:30   12.1  06:10    0.0    4.4     0.0  1.1    14.5  23:05   NNE
02    19.7   27.4  14:00   14.3  23:50    0.0    4.5     3.9  6.7    46.7  17:05   SSW
03    15.8   17.7  16:25   13.7  01:15    4.7    0.0     3.4  2.3    16.1  14:30   WNW
04    16.3   20.8  15:40   14.1  05:50    1.6    0.0     3.5  4.7    20.9  18:30   WNW
05    18.3   24.2  16:25   11.7  05:25    0.7    0.0     0.0  3.5    22.5  12:15   SE
06    19.5   26.4  16:35   11.7  05:40    0.0    1.3     0.0  4.9    29.0  12:45   ENE
07    20.4   26.6  15:50   12.6  06:05    0.0    2.2     0.0  5.2    27.4  12:10   ENE
08    19.9   26.2  15:00   12.9  06:20    0.0    2.2     0.0  3.1    24.1  13:40   NNE
09    20.3   25.8  17:40   16.8  04:00    0.0    5.3     0.0  2.7    16.1  14:55   SW
10    17.9   22.2  14:10   13.7  06:00    0.7    0.0     7.2  3.4    25.7  13:55   WNW
11    18.6   24.2  16:15   15.3  06:20    0.0    2.5     1.0  7.4    32.2  16:20   W
12    19.9   25.5  15:15   14.8  06:00    0.0    3.2     0.0  5.7    33.8  15:10   WSW
13    18.4   23.3  12:05   15.0  23:35    0.0    1.5    11.9  6.7    37.0  11:35   W
14    18.1   24.3  18:30   14.2  05:50    0.0    1.6     0.0  1.6    19.3  16:10   WNW
15    20.5   27.9  16:40   12.7  06:30    0.0    3.5     0.0  2.0    14.5  12:25   NE
16    22.9   31.1  17:10   15.8  06:10    0.0    9.2     0.0  4.9    25.7  13:40   SW
17    23.7   31.8  14:50   16.7  06:20    0.0   10.7     0.4  5.7    41.8  23:05   SW
18    21.3   27.8  17:25   17.6  07:05    0.0    7.8     0.0  3.9    19.3  01:40   NW
19    22.2   29.3  15:15   15.0  06:05    0.0    6.9     0.0  2.5    19.3  13:45   E
20    23.4   31.5  15:55   15.9  05:55    0.0    9.6     0.0  2.9    16.1  13:30   ESE
21    21.4   26.1  12:35   15.8  05:55    0.0    4.7     0.6  4.3    33.8  09:45   SW
22    14.6   19.7  00:00   11.7  23:55    4.8    0.0     9.1  5.2    29.0  08:40   W
23    15.0   21.4  16:05    9.2  06:00    5.5    0.0     0.2  6.6    32.2  15:30   E
24    18.7   27.6  16:30    9.8  06:25    0.0    0.6     0.0  3.2    20.9  00:05   E
25    21.2   28.6  16:20   14.4  06:15    0.0    5.8     1.8  4.2    45.1  23:05   NW
26    19.2   22.9  16:10   16.2  04:25    0.0    2.1     2.6  1.4    11.3  00:00   NNE
27    21.8   29.1  17:55   15.8  06:25    0.0    7.4     0.0  2.4    17.7  13:50   SW
28    21.8   29.3  16:50   16.2  06:45    0.0    7.9     0.0  4.8    32.2  17:00   SW
29    15.7   20.6  16:30   10.8  23:35    4.8    0.0     1.2  6.0    32.2  13:55   WNW
30    14.8   22.5  16:55    7.7  06:40    5.8    0.0     0.0  2.1    17.7  14:00   NE
31    15.8   24.3  15:45    7.3  06:45    4.6    0.0     0.0  3.2    25.7  13:35   NE
---------------------------------------------------------------------------------------
      19.3   31.8    17     7.3    31    33.1  105.1    46.9  4.0    46.7     2    W

Max >=   32.2:  0
Max <=    0.0:  0
Min <=    0.0:  0
Min <=  -17.8:  0
Max Rain    :   11.9 mm ON 08/13/2009
Days of Rain: 12 (> 0.254 mm) 7 (> 2.54 mm) 0 (> 25.4 mm)



Please note the license to use and transfer of this data:
http://creativecommons.org/licenses/by-nc-sa/3.0/deed.en

Bitte beachten sie die Lizenz zur Verwertung und Weitergabe der Daten:
http://creativecommons.org/licenses/by-nc-sa/3.0/deed.de

zurück zur Übersicht der NOAA Aufstellungen

Cookies helfen bei der Bereitstellung von Inhalten. Durch die Nutzung dieser Seiten erklärst du dich damit einverstanden, dass Cookies auf deinem Rechner gespeichert werden. Weitere Information