NOAA klimatische Zusammenfassung

                   MONTHLY CLIMATOLOGICAL SUMMARY for SEP 2009


NAME: Wetterstation-Pliening  CITY: Pliening              STATE: Bayern              
ELEV:  504.1 m    LAT: 48.2 N    LONG: 11.8 E


                   TEMPERATURE (C), RAIN (mm), WIND SPEED (kph)

                                         HEAT   COOL         AVG
      MEAN                               DEG    DEG          WIND                  DOM
DAY   TEMP   HIGH  TIME    LOW   TIME    DAYS   DAYS   RAIN  SPEED   HIGH  TIME    DIR
---------------------------------------------------------------------------------------
01    20.7   30.6  17:00   11.4  02:55    0.0    4.8     0.0  2.6    30.6  23:55   SE
02    19.6   25.2  16:40   15.7  23:40    0.0    3.8     7.1  4.0    33.8  00:05   SSW
03    17.6   23.2  12:20   14.8  04:00    0.0    1.2     4.9  7.7    41.8  17:15   SW
04    14.4   17.8  16:45   11.6  23:50    6.6    0.0     6.1  9.2    48.3  20:15   SSW
05    12.5   16.9  16:40    9.1  05:45    9.6    0.0     0.0 13.0    41.8  10:40   WSW
06    12.8   19.5  16:15    7.9  03:45    8.4    0.0     0.0  3.3    20.9  11:55   NW
07    13.6   23.0  16:15    6.3  06:40    6.6    0.0     0.0  1.7    14.5  13:10   NE
08    14.4   22.2  14:50    7.2  06:25    6.5    0.0     0.0  2.8    20.9  14:30   NE
09    13.9   21.6  17:25    6.5  05:20    7.7    0.0     0.0  2.8    30.6  15:00   NE
10    16.0   23.4  15:40    9.7  06:20    3.2    0.0     0.0  2.4    16.1  13:55   N
11    15.2   19.1  15:45   12.3  23:50    4.7    0.0     3.0  3.4    22.5  16:00   N
12    13.7   17.3  17:00   10.9  06:35    7.6    0.0     0.0  2.8    20.9  13:20   NNE
13    14.1   18.9  15:15   10.9  07:15    6.2    0.0     0.0  2.9    24.1  15:45   NW
14    10.3   11.6  00:00    9.2  07:35   14.3    0.0     4.7  1.9    16.1  14:45   NE
15    12.8   18.2  15:30    9.6  00:00    8.1    0.0     0.2  1.3    16.1  16:10   NNE
16    14.9   21.5  15:55    8.8  04:25    5.8    0.0     0.2  3.6    25.7  13:30   NE
17    15.5   18.0  16:40   14.1  04:50    4.2    0.0     5.7  1.3    14.5  17:10   N
18    16.7   20.3  15:50   14.9  04:15    1.3    0.0     0.2  4.2    25.7  15:10   ENE
19    16.5   21.1  15:35   13.7  23:40    1.6    0.0     0.0  1.8    16.1  00:30   E
20    16.4   22.4  15:00   12.6  02:05    1.5    0.0     0.8  1.2    17.7  15:50   N
21    16.5   23.1  16:50   11.4  07:00    2.0    0.0     0.0  2.0    17.7  13:55   NNE
22    16.3   23.5  15:20   10.6  07:15    2.3    0.0     0.0  1.9    17.7  15:00   NE
23    16.7   24.3  16:00   11.3  07:05    1.0    0.0     0.2  1.8    11.3  13:35   NW
24    16.0   22.8  16:10   10.8  07:05    2.8    0.0     0.0  2.0    17.7  18:10   W
25    14.6   19.4  16:05   10.8  07:25    5.8    0.0     0.0  2.8    20.9  14:50   NE
26    12.8   17.8  15:55    8.2  07:15    9.6    0.0     0.0  3.7    22.5  12:20   ENE
27    12.5   20.3  16:15    6.4  07:15    9.0    0.0     0.0  1.3    14.5  14:00   NNE
28    14.2   21.1  15:45    9.2  06:55    5.7    0.0     0.2  2.2    16.1  12:20   NW
29    13.7   19.2  15:55   10.0  07:30    6.8    0.0     0.0  4.6    24.1  11:15   W
30    12.3   17.9  14:50    7.9  07:10    9.8    0.0     0.0  3.2    17.7  15:25   NW
---------------------------------------------------------------------------------------
      14.9   30.6     1     6.3     7   158.4    9.7    33.3  3.3    48.3     4    NNE

Max >=   32.2:  0
Max <=    0.0:  0
Min <=    0.0:  0
Min <=  -17.8:  0
Max Rain    :    7.1 mm ON 09/02/2009
Days of Rain: 7 (> 0.254 mm) 6 (> 2.54 mm) 0 (> 25.4 mm)



Please note the license to use and transfer of this data:
http://creativecommons.org/licenses/by-nc-sa/3.0/deed.en

Bitte beachten sie die Lizenz zur Verwertung und Weitergabe der Daten:
http://creativecommons.org/licenses/by-nc-sa/3.0/deed.de

zurück zur Übersicht der NOAA Aufstellungen

Cookies helfen bei der Bereitstellung von Inhalten. Durch die Nutzung dieser Seiten erklärst du dich damit einverstanden, dass Cookies auf deinem Rechner gespeichert werden. Weitere Information