NOAA klimatische Zusammenfassung

                   MONTHLY CLIMATOLOGICAL SUMMARY for NOV 2009


NAME: Wetterstation-Pliening  CITY: Pliening              STATE: Bayern              
ELEV:  504.1 m    LAT: 48.2 N    LONG: 11.8 E


                   TEMPERATURE (C), RAIN (mm), WIND SPEED (kph)

                                         HEAT   COOL         AVG
      MEAN                               DEG    DEG          WIND                  DOM
DAY   TEMP   HIGH  TIME    LOW   TIME    DAYS   DAYS   RAIN  SPEED   HIGH  TIME    DIR
---------------------------------------------------------------------------------------
01     5.3   12.2  13:45    2.3  21:05   19.9    0.0     0.0  3.0    17.7  15:15   ESE
02     5.4    9.3  15:10    2.3  00:50   22.5    0.0    17.5  8.1    43.5  16:05   SSW
03     4.8    8.3  13:10    2.3  20:10   23.5    0.0     1.6  7.9    27.4  03:00   WSW
04     6.6   11.5  11:15    2.9  23:55   20.0    0.0     3.7 12.7    56.3  13:00   SSW
05     5.2    9.7  13:05    0.7  23:55   23.6    0.0     0.0  5.1    22.5  12:10   SSW
06     2.0    6.3  13:20   -1.2  06:10   28.5    0.0     0.0  2.4    11.3  16:25   S
07     1.7    6.9  14:10   -1.1  04:25   27.7    0.0     0.2  2.2    14.5  13:40   E
08     2.4    3.9  14:45    0.0  00:00   29.5    0.0     2.2  3.8    17.7  11:40   NE
09     3.5    4.9  14:05    0.4  22:55   28.1    0.0     2.8  3.8    20.9  09:35   W
10     3.1    4.8  13:15    1.2  00:00   27.6    0.0     0.0  2.9    20.9  13:20   NW
11     3.9    5.4  12:55    1.3  23:00   26.9    0.0     0.0  4.4    20.9  11:15   WNW
12     3.1    7.7  12:50   -1.1  06:05   27.0    0.0     0.8  4.3    25.7  14:00   SW
13     8.7   16.2  13:10    4.2  00:00   14.7    0.0     0.4  3.8    14.5  09:25   SSE
14     7.0   10.8  11:55    1.8  07:25   21.6    0.0     1.2  3.1    29.0  21:30   S
15     7.8   11.1  12:15    4.1  07:25   19.4    0.0     0.2  4.1    22.5  00:05   S
16     9.1   11.2  13:35    6.9  02:40   16.7    0.0     5.1  2.9    17.7  17:15   SSW
17    12.9   18.5  14:15    7.1  05:20   10.0    0.0     1.0  7.5    38.6  22:50   SSW
18     8.6   12.9  14:05    5.4  23:10   16.5    0.0     1.6  3.5    27.4  01:00   SW
19     7.5   15.0  14:00    3.1  07:20   16.8    0.0     0.4  3.6    17.7  20:00   S
20     6.5   11.4  11:10    2.5  07:50   20.5    0.0     0.0  1.5    14.5  04:15   NW
21     7.1   14.6  12:20    3.0  23:45   17.2    0.0     0.0  2.4    14.5  03:45   SSE
22     8.3   16.3  13:00    1.2  06:55   17.3    0.0     0.0  5.8    30.6  21:30   SW
23    10.6   12.9  13:25    8.0  06:30   14.2    0.0     0.2 20.4    66.0  14:05   WSW
24    10.5   11.5  10:55    9.3  08:25   14.3    0.0     1.0 22.0    66.0  00:00   WSW
25     8.3   16.0  13:40    4.4  07:35   14.6    0.0     0.0  5.0    25.7  00:00   S
26     8.1   11.3  12:15    4.1  23:55   19.1    0.0     0.0  6.9    29.0  11:40   SW
27     6.9   11.7  12:45    3.3  01:40   19.5    0.0     0.8  7.7    38.6  14:00   SSW
28     5.8   10.8  14:00    1.1  23:15   22.3    0.0     0.0  6.9    43.5  11:25   SSW
29     5.5   11.3  21:10    0.2  05:25   22.6    0.0     0.0  4.7    30.6  23:00   SE
30     5.1    9.9  00:10    0.9  22:50   23.2    0.0     1.4  9.3    30.6  10:15   W
---------------------------------------------------------------------------------------
       6.4   18.5    17    -1.2     6   625.5    0.0    42.3  6.1    66.0    23    SW

Max >=   32.2:  0
Max <=    0.0:  0
Min <=    0.0:  4
Min <=  -17.8:  0
Max Rain    :   17.5 mm ON 11/02/2009
Days of Rain: 15 (> 0.254 mm) 4 (> 2.54 mm) 0 (> 25.4 mm)



Please note the license to use and transfer of this data:
http://creativecommons.org/licenses/by-nc-sa/3.0/deed.en

Bitte beachten sie die Lizenz zur Verwertung und Weitergabe der Daten:
http://creativecommons.org/licenses/by-nc-sa/3.0/deed.de

zurück zur Übersicht der NOAA Aufstellungen

Cookies helfen bei der Bereitstellung von Inhalten. Durch die Nutzung dieser Seiten erklärst du dich damit einverstanden, dass Cookies auf deinem Rechner gespeichert werden. Weitere Information