NOAA klimatische Zusammenfassung

                   MONTHLY CLIMATOLOGICAL SUMMARY for JAN 2010


NAME: Wetterstation-Pliening  CITY: Pliening              STATE: Bayern              
ELEV:  504.1 m    LAT: 48.2 N    LONG: 11.8 E


                   TEMPERATURE (C), RAIN (mm), WIND SPEED (kph)

                                         HEAT   COOL         AVG
      MEAN                               DEG    DEG          WIND                  DOM
DAY   TEMP   HIGH  TIME    LOW   TIME    DAYS   DAYS   RAIN  SPEED   HIGH  TIME    DIR
---------------------------------------------------------------------------------------
01     2.2    4.2  14:00    0.3  23:55   29.0    0.0     1.6  3.3    27.4  22:35   SSW
02    -2.8    0.2  00:00   -6.7  23:50   38.8    0.0     1.2 12.5    37.0  09:05   W
03    -5.0   -1.4  13:55   -8.1  06:10   41.5    0.0     0.0  6.2    24.1  10:40   SW
04    -6.6   -2.7  13:00   -9.6  08:35   44.0    0.0     0.0  2.6    16.1  00:45   SSE
05    -7.2   -5.9  15:30  -10.3  00:40   47.6    0.0     0.0  3.7    19.3  10:35   SE
06    -5.0   -3.2  21:05   -6.8  03:20   42.0    0.0     0.0  1.6    11.3  07:10   SW
07    -3.5   -1.2  13:40   -5.0  20:40   38.6    0.0     0.0  1.1     8.0  14:35   NE
08    -4.1   -3.2  14:25   -4.9  00:00   40.3    0.0     0.8  6.3    20.9  12:10   NE
09    -4.8   -4.2  00:00   -5.2  22:00   41.5    0.0     0.2  4.2    16.1  13:35   NNE
10    -4.4   -3.7  12:35   -5.0  04:20   40.8    0.0     0.0  4.7    19.3  22:15   W
11    -4.3   -3.3  12:55   -5.1  05:15   40.5    0.0     2.6  3.7    14.5  00:50   W
12    -4.5   -2.6  13:00   -6.9  20:20   41.5    0.0     0.2  3.3    20.9  21:25   E
13    -6.5   -5.1  23:20   -8.2  04:15   45.0    0.0     0.2  4.0    22.5  00:25   SE
14    -3.3   -0.8  12:05   -5.0  00:00   38.2    0.0     0.4  1.4    17.7  11:00   N
15    -3.3   -2.5  13:35   -3.8  00:00   38.7    0.0     0.0  0.8     8.0  15:35   NNE
16    -4.0   -3.2  00:00   -4.8  23:40   40.2    0.0     0.0  4.8    19.3  09:15   SE
17     1.5    5.7  13:20   -4.8  00:00   32.2    0.0     4.9 12.8    51.5  14:25   SW
18     1.9    3.4  14:45    0.9  06:30   29.0    0.0     0.6  5.2    27.4  05:20   W
19     0.3    3.6  13:45   -1.7  07:40   31.3    0.0     0.0  1.9    14.5  20:35   NE
20    -1.1   -0.6  12:20   -1.8  05:00   35.1    0.0     0.0  2.5    14.5  06:55   E
21    -1.2   -0.7  15:35   -1.5  01:55   35.0    0.0     0.0  1.9    12.9  03:20   NNE
22    -1.5   -1.0  12:35   -2.0  21:25   35.7    0.0     0.0  3.1    11.3  10:55   ENE
23    -2.7   -1.8  00:05   -3.9  23:50   38.2    0.0     0.0  3.3    16.1  13:35   E
24    -4.4   -3.7  13:00   -5.1  22:50   41.0    0.0     0.0  5.0    17.7  15:10   ESE
25    -3.7   -2.0  13:30   -5.2  04:15   39.5    0.0     0.0  4.1    14.5  00:10   E
26    -5.6   -2.8  00:15   -8.8  23:25   43.5    0.0     2.2  4.7    22.5  17:45   NNE
27    -8.3   -5.5  23:55  -10.4  07:50   47.3    0.0     0.0  4.3    20.9  21:15   W
28    -2.8   -1.7  23:20   -5.4  00:00   39.4    0.0     4.9 20.5    46.7  04:35   WSW
29    -0.6    1.3  14:10   -2.1  00:00   33.7    0.0     1.8 15.7    41.8  00:10   SW
30    -3.9    1.1  01:50   -7.5  23:57   38.8    0.0     1.6  9.4    41.8  01:55   SW
31    -4.7   -1.9  14:22   -7.5  00:00   41.5    0.0     0.0  8.8    32.2  15:05   WSW
---------------------------------------------------------------------------------------
      -3.3    5.7    17   -10.4    27   1209.5    0.0    23.4  5.4    51.5    17    ENE

Max >=   32.2:  0
Max <=    0.0:  24
Min <=    0.0:  29
Min <=  -17.8:  0
Max Rain    :    4.9 mm ON 01/17/2010
Days of Rain: 11 (> 0.254 mm) 3 (> 2.54 mm) 0 (> 25.4 mm)



Please note the license to use and transfer of this data:
http://creativecommons.org/licenses/by-nc-sa/3.0/deed.en

Bitte beachten sie die Lizenz zur Verwertung und Weitergabe der Daten:
http://creativecommons.org/licenses/by-nc-sa/3.0/deed.de

zurück zur Übersicht der NOAA Aufstellungen

Cookies helfen bei der Bereitstellung von Inhalten. Durch die Nutzung dieser Seiten erklärst du dich damit einverstanden, dass Cookies auf deinem Rechner gespeichert werden. Weitere Information