NOAA klimatische Zusammenfassung

                   MONTHLY CLIMATOLOGICAL SUMMARY for MAR 2010


NAME: Wetterstation-Pliening  CITY: Pliening              STATE: Bayern              
ELEV:  504.1 m    LAT: 48.2 N    LONG: 11.8 E


                   TEMPERATURE (C), RAIN (mm), WIND SPEED (kph)

                                         HEAT   COOL         AVG
      MEAN                               DEG    DEG          WIND                  DOM
DAY   TEMP   HIGH  TIME    LOW   TIME    DAYS   DAYS   RAIN  SPEED   HIGH  TIME    DIR
---------------------------------------------------------------------------------------
01     6.5   11.2  15:02    1.3  23:39   21.8    0.0     0.0 16.0    53.1  03:00   W
02     1.9    6.1  11:09   -0.2  03:48   27.7    0.0     1.8  5.3    29.0  18:29   WSW
03     0.4    3.9  14:13   -2.8  08:05   32.0    0.0     0.0  6.0    29.0  14:10   NE
04     0.1    2.7  13:51   -2.3  07:25   32.7    0.0     0.0  7.9    27.4  10:55   NE
05    -3.0   -0.7  11:42   -4.7  23:55   37.8    0.0     0.0 10.2    46.7  14:15   WNW
06    -3.4   -0.2  16:35   -5.9  23:55   38.5    0.0     3.3 13.2    48.3  04:40   W
07    -6.7   -3.0  13:44  -10.5  22:38   45.2    0.0     0.2  7.1    27.4  10:05   ENE
08    -8.0   -2.4  14:59  -13.5  06:51   47.3    0.0     0.0  5.1    27.4  14:00   ENE
09    -6.0   -1.5  15:26  -11.0  04:38   44.2    0.0     0.0 12.1    49.9  15:50   ENE
10    -2.8    1.3  15:05   -6.5  06:08   37.7    0.0     0.0 14.3    43.5  13:05   E
11    -2.2   -0.7  12:57   -3.7  06:32   37.0    0.0     5.3  3.8    17.7  00:35   NNE
12    -1.5    3.2  15:15   -5.1  07:57   34.7    0.0     0.4  5.6    24.1  13:00   WNW
13     0.7    3.5  11:53   -2.7  00:00   32.3    0.0     0.0 11.5    40.2  13:15   WSW
14     1.6    3.4  14:40    0.7  08:38   29.2    0.0     0.0 16.9    45.1  14:20   WSW
15     1.4    3.3  16:56   -1.2  10:16   31.1    0.0     4.1 15.9    46.7  04:15   WSW
16     2.6    5.1  14:06    0.7  05:44   27.9    0.0     4.7 15.9    43.5  02:05   WSW
17     4.8   11.2  16:20   -0.5  05:58   23.4    0.0     0.0  6.7    30.6  15:13   SW
18     8.1   16.6  15:50    1.8  02:27   16.5    0.0     0.0  4.0    16.1  22:45   SSW
19    10.0   18.7  15:30    3.2  03:44   13.3    0.0     0.0  6.6    29.0  14:50   SW
20    11.7   18.7  14:52    5.9  01:43   10.9    0.0     0.0  8.8    35.4  14:05   SW
21    11.1   15.9  16:20    8.3  23:55   11.2    0.0     4.1 11.0    45.1  07:16   SSW
22     9.6   13.5  15:24    4.6  23:55   16.7    0.0     0.0  2.0    14.5  15:05   E
23     8.8   16.1  15:43    2.8  05:33   16.0    0.0     0.2  4.4    19.3  11:55   SE
24     9.7   18.2  15:33    1.5  05:33   15.2    0.0     0.0  3.8    22.5  17:00   E
25    12.9   22.2  15:26    5.2  06:43    8.4    0.0     0.0  5.1    22.5  11:15   SSE
26    11.8   23.8  13:56    6.1  21:08    6.1    0.0     0.8 13.1    62.8  16:25   SSW
27     8.7   13.3  15:23    5.3  22:51   16.2    0.0     3.5 12.9    38.6  21:15   WSW
28     8.0   11.8  14:15    5.4  03:40   17.5    0.0     0.6 14.8    49.9  03:05   WSW
29    11.3   17.0  16:39    6.9  01:00   11.5    0.0     0.0  7.1    27.4  11:50   SW
30    12.5   20.9  13:37    5.3  07:01    9.4    0.0     0.0  8.9    57.9  20:30   SSE
31     7.7   11.8  15:05    4.3  23:59   18.5    0.0     0.0 15.2    53.1  03:25   WSW
---------------------------------------------------------------------------------------
       4.1   23.8    26   -13.5     8   767.8    0.0    28.9  9.4    62.8    26    SW

Max >=   32.2:  0
Max <=    0.0:  6
Min <=    0.0:  14
Min <=  -17.8:  0
Max Rain    :    5.3 mm ON 03/11/2010
Days of Rain: 10 (> 0.254 mm) 6 (> 2.54 mm) 0 (> 25.4 mm)



Please note the license to use and transfer of this data:
http://creativecommons.org/licenses/by-nc-sa/3.0/deed.en

Bitte beachten sie die Lizenz zur Verwertung und Weitergabe der Daten:
http://creativecommons.org/licenses/by-nc-sa/3.0/deed.de

zurück zur Übersicht der NOAA Aufstellungen

Cookies helfen bei der Bereitstellung von Inhalten. Durch die Nutzung dieser Seiten erklärst du dich damit einverstanden, dass Cookies auf deinem Rechner gespeichert werden. Weitere Information