NOAA klimatische Zusammenfassung

                   MONTHLY CLIMATOLOGICAL SUMMARY for JUN 2010


NAME: Wetterstation-Pliening  CITY: Pliening              STATE: Bayern              
ELEV:  504.1 m    LAT: 48.2 N    LONG: 11.8 E


                   TEMPERATURE (C), RAIN (mm), WIND SPEED (kph)

                                         HEAT   COOL         AVG
      MEAN                               DEG    DEG          WIND                  DOM
DAY   TEMP   HIGH  TIME    LOW   TIME    DAYS   DAYS   RAIN  SPEED   HIGH  TIME    DIR
---------------------------------------------------------------------------------------
01     9.9   12.2  15:39    8.1  01:28   14.8    0.0     3.7 11.0    35.4  01:39   W
02    10.0   10.7  14:24    9.3  07:55   15.0    0.0    28.7 11.2    30.6  20:15   W
03    10.8   12.3  16:43    9.9  06:52   13.1    0.0    14.6  6.2    29.0  00:00   WNW
04    15.4   22.6  18:33   10.8  00:00    3.0    0.0     1.0  3.4    17.7  14:35   W
05    17.4   24.4  16:45    8.7  05:05    3.2    0.0     0.0  3.6    22.5  12:30   ESE
06    20.2   27.7  16:01   10.6  05:34    0.0    1.5     7.3  2.9    51.5  22:40   ENE
07    18.8   24.3  16:14   15.6  02:55    0.0    2.9     4.1  4.5    20.9  08:45   W
08    19.8   26.9  14:41   13.2  05:33    0.0    3.1     0.4  2.7    20.9  16:14   ENE
09    22.0   28.9  16:58   14.0  05:30    0.0    5.6     0.2  4.7    22.5  13:40   ESE
10    25.3   33.9  16:15   17.8  02:49    0.0   13.5     0.0  3.4    17.7  11:25   SSE
11    22.6   27.7  17:05   17.5  05:22    0.0    7.7     0.0  2.9    27.4  04:40   NW
12    20.9   25.7  12:49   17.3  23:15    0.0    5.7     0.8  5.6    32.2  15:25   W
13    16.5   18.4  12:50   13.7  23:53    4.1    0.0     8.3  4.5    24.1  21:23   N
14    15.8   19.4  13:49   13.2  02:42    3.7    0.0     7.1  2.8    19.3  00:20   W
15    15.3   17.9  17:36   12.8  03:16    5.4    0.0     0.4  5.7    25.7  16:10   E
16    13.0   15.7  00:00   11.8  17:29    8.2    0.0    16.5  9.8    33.8  10:45   ENE
17    13.7   16.4  16:41   11.9  00:00    7.5    0.0    18.1  5.6    22.5  02:55   E
18    13.0   16.7  10:12   10.1  05:35    8.9    0.0     2.6 11.3    45.1  12:20   WSW
19    10.9   12.7  12:23    8.6  23:31   13.8    0.0     5.5  4.4    20.9  00:00   WNW
20     9.5   11.9  13:25    7.8  04:51   15.2    0.0     4.9  2.9    20.9  16:20   W
21    11.1   14.7  14:45    8.9  05:00   11.7    0.0     0.8  2.8    24.1  15:05   S
22    13.0   17.3  13:55    9.3  05:13    9.0    0.0     0.0  2.2    17.7  14:13   SSW
23    14.3   21.0  16:24    7.8  05:59    7.1    0.0     0.0  2.4    20.9  13:20   NE
24    16.5   23.4  17:31    9.9  01:55    3.1    0.0     0.0  1.8    14.5  12:35   WSW
25    18.3   26.2  16:56   10.3  06:03    0.2    0.0    13.6  4.8    49.9  21:30   SW
26    19.0   25.4  16:14   12.8  05:30    0.0    1.3     0.0  1.8    17.7  01:20   NE
27    20.1   25.9  16:43   13.1  05:43    0.0    2.1     0.0  2.6    20.9  12:45   ENE
28    20.5   27.3  15:34   12.9  05:34    0.0    3.2     0.0  1.8    16.1  15:00   NE
29    21.7   29.0  16:10   13.1  05:25    0.0    4.8     0.0  1.8    14.5  13:20   NNW
30    21.8   28.8  16:04   17.1  03:26    0.0    8.3     0.6  4.7    24.1  10:25   SW
---------------------------------------------------------------------------------------
      16.6   33.9    10     7.8    23   147.0   59.8   139.1  4.5    51.5     6    WSW

Max >=   32.2:  1
Max <=    0.0:  0
Min <=    0.0:  0
Min <=  -17.8:  0
Max Rain    :   28.7 mm ON 06/02/2010
Days of Rain: 19 (> 0.254 mm) 13 (> 2.54 mm) 1 (> 25.4 mm)



Please note the license to use and transfer of this data:
http://creativecommons.org/licenses/by-nc-sa/3.0/deed.en

Bitte beachten sie die Lizenz zur Verwertung und Weitergabe der Daten:
http://creativecommons.org/licenses/by-nc-sa/3.0/deed.de

zurück zur Übersicht der NOAA Aufstellungen

Cookies helfen bei der Bereitstellung von Inhalten. Durch die Nutzung dieser Seiten erklärst du dich damit einverstanden, dass Cookies auf deinem Rechner gespeichert werden. Weitere Information