NOAA klimatische Zusammenfassung

                   MONTHLY CLIMATOLOGICAL SUMMARY for DEC 2010


NAME: Wetterstation-Pliening  CITY: Pliening              STATE: Bayern              
ELEV:  504.1 m    LAT: 48.2 N    LONG: 11.8 E


                   TEMPERATURE (C), RAIN (mm), WIND SPEED (kph)

                                         HEAT   COOL         AVG
      MEAN                               DEG    DEG          WIND                  DOM
DAY   TEMP   HIGH  TIME    LOW   TIME    DAYS   DAYS   RAIN  SPEED   HIGH  TIME    DIR
---------------------------------------------------------------------------------------
01    -4.3   -3.0  11:22   -5.3  21:26   40.5    0.0     6.9  6.7    24.1  23:45   ENE
02    -4.5   -3.3  04:11   -8.2  23:24   43.3    0.0     0.4  5.2    35.4  03:55   E
03    -6.0   -4.3  12:29   -8.2  00:07   44.2    0.0     0.0  0.8     8.0  05:35   NW
04    -5.3   -1.7  13:40   -9.0  23:38   42.6    0.0     0.0  3.0    19.3  02:20   SSW
05    -5.1   -0.3  23:59  -11.4  01:50   43.5    0.0     0.4  2.4    27.4  12:50   S
06     0.8    1.6  11:29   -0.3  00:00   31.8    0.0    15.8  2.3    14.5  01:30   SSE
07     4.8   12.4  12:21    0.3  01:25   21.5    0.0     5.1  4.0    25.7  03:55   SSE
08     7.4   12.3  22:38    1.7  00:00   20.4    0.0     0.0  6.6    61.2  22:40   S
09    -0.8   11.7  00:00   -2.9  11:01   25.1    0.0     4.5 20.9    59.5  00:10   W
10    -1.6   -0.4  23:53   -2.4  05:44   35.6    0.0     4.1 16.8    57.9  06:30   W
11     1.1    2.4  14:34   -0.4  00:00   31.2    0.0     4.7 20.7    49.9  12:30   WSW
12     1.1    2.2  00:08   -0.2  23:58   31.2    0.0     2.2 16.6    45.1  04:50   W
13    -5.6   -0.2  00:00   -7.8  09:26   40.2    0.0     2.6  6.6    30.6  05:55   WNW
14    -7.1   -5.4  13:15   -9.5  07:35   46.4    0.0     1.2  7.1    25.7  22:15   W
15    -6.7   -6.3  12:23   -7.1  17:11   45.0    0.0     2.4 16.8    40.2  09:50   W
16    -7.3   -4.5  12:56   -9.8  21:24   45.9    0.0     0.8  6.5    24.1  00:05   SW
17    -5.1   -0.9  13:04   -8.2  00:00   41.2    0.0     3.5  7.3    32.2  13:45   W
18    -6.9   -2.6  13:45   -9.9  05:38   44.2    0.0     0.0  4.0    25.7  14:40   S
19    -3.0    0.2  19:31   -9.4  01:04   41.3    0.0     0.0  5.4    22.5  04:06   SSE
20     2.6    5.9  16:41   -0.7  00:00   28.4    0.0     3.9 10.2    56.3  16:38   SW
21     2.0    5.2  14:02   -0.3  07:45   28.5    0.0     0.0  3.8    19.3  04:00   S
22     1.4    4.6  14:29   -1.1  21:46   29.8    0.0     1.0  2.2    17.7  10:05   ESE
23     0.2    2.1  14:15   -1.6  01:19   32.5    0.0     0.0  1.8    17.7  17:00   WNW
24    -0.7    0.0  11:56   -3.2  23:54   35.9    0.0     1.2  9.0    25.7  09:20   W
25    -4.8   -2.8  01:05   -6.7  23:59   41.6    0.0     1.0  8.8    25.7  08:55   WNW
26    -7.4   -5.5  23:32  -10.1  04:20   47.0    0.0     0.2  3.7    20.9  01:10   WSW
27    -5.1   -2.2  12:34   -6.8  23:55   41.0    0.0     0.0  5.4    25.7  01:15   SW
28    -4.1   -1.9  15:20   -7.0  00:14   41.0    0.0     0.0  1.5    20.9  05:05   SSE
29    -4.4   -2.8  12:45   -6.3  07:50   41.2    0.0     0.0  2.6    11.3  13:45   E
30    -3.6   -1.8  13:10   -4.9  08:55   39.0    0.0     0.0  2.4    11.3  13:30   NNE
31    -2.0   -0.6  21:47   -3.7  02:23   36.8    0.0     0.0  1.4    14.5  16:35   N
---------------------------------------------------------------------------------------
      -2.6   12.4     7   -11.4     5   1158.0    0.0    62.0  6.9    61.2     8    SSW

Max >=   32.2:  0
Max <=    0.0:  20
Min <=    0.0:  29
Min <=  -17.8:  0
Max Rain    :   15.8 mm ON 12/06/2010
Days of Rain: 18 (> 0.254 mm) 9 (> 2.54 mm) 0 (> 25.4 mm)



Please note the license to use and transfer of this data:
http://creativecommons.org/licenses/by-nc-sa/3.0/deed.en

Bitte beachten sie die Lizenz zur Verwertung und Weitergabe der Daten:
http://creativecommons.org/licenses/by-nc-sa/3.0/deed.de

zurück zur Übersicht der NOAA Aufstellungen

Cookies helfen bei der Bereitstellung von Inhalten. Durch die Nutzung dieser Seiten erklärst du dich damit einverstanden, dass Cookies auf deinem Rechner gespeichert werden. Weitere Information