NOAA klimatische Zusammenfassung

                   MONTHLY CLIMATOLOGICAL SUMMARY for JUN 2011


NAME: Wetterstation-Pliening  CITY: Pliening              STATE: Bayern              
ELEV:  504.1 m    LAT: 48.2 N    LONG: 11.8 E


                   TEMPERATURE (C), RAIN (mm), WIND SPEED (kph)

                                         HEAT   COOL         AVG
      MEAN                               DEG    DEG          WIND                  DOM
DAY   TEMP   HIGH  TIME    LOW   TIME    DAYS   DAYS   RAIN  SPEED   HIGH  TIME    DIR
---------------------------------------------------------------------------------------
01    11.4   15.4  00:00    9.3  07:09   10.7    0.0    30.7  9.1    43.5  01:55   W
02    11.7   15.9  16:25   10.4  06:18    9.2    0.0     0.4  4.9    24.1  16:20   NNE
03    12.3   12.5  00:40   12.2  01:15   10.8    0.0     0.0  5.5    16.1  00:30   ENE
04    23.0   26.8  17:19   14.0  04:45    0.0    3.8     0.0  7.5    29.0  12:40   E
05    20.2   27.0  17:03   12.9  05:53    0.0    2.9     0.0  4.2    41.8  21:10   SW
06    16.7   25.3  15:59   13.2  17:25    0.0    1.6     4.3  3.4    49.9  16:52   SSW
07    18.2   24.1  15:44   11.4  05:48    1.1    0.0     0.0  3.6    25.7  14:45   SE
08    15.0   18.7  17:10   11.9  21:24    5.5    0.0     2.8  8.5    41.8  17:35   WSW
09    13.4   15.8  14:19   11.7  01:52    8.3    0.0     0.0  2.9    19.3  16:30   W
10    14.5   18.3  15:48   11.3  04:57    6.4    0.0     0.0  2.5    20.9  16:55   NW
11    13.1   16.4  14:03   10.1  03:09    9.2    0.0     0.8  5.8    25.7  14:10   SW
12    14.9   20.3  17:47   10.2  05:02    5.6    0.0     2.2  2.9    22.5  16:55   SSE
13    14.7   18.4  13:54   10.6  05:37    6.9    0.0     0.0  3.6    25.7  10:06   W
14    17.2   23.4  16:17   13.2  05:16    0.1    0.0     0.0  3.2    30.6  17:00   SW
15    20.4   26.9  17:12   14.4  05:58    0.0    4.2     0.0  1.8    16.1  12:40   SW
16    20.5   27.8  16:27   15.0  23:24    0.0    5.5     7.1  5.2    53.1  20:50   SW
17    17.6   22.1  18:02   13.8  05:36    0.8    0.0     4.7  4.7    22.5  03:48   E
18    13.3   16.7  00:00    9.6  18:43    9.4    0.0    15.0  6.8    40.2  03:10   SSW
19    12.1   15.9  16:09    9.3  04:55   10.3    0.0     3.0 11.9    53.1  11:55   WSW
20    14.3   18.4  18:12   10.1  03:52    7.3    0.0     0.2  5.9    29.0  13:15   WSW
21    20.4   27.7  18:07   14.1  05:49    0.0    4.6     0.8  6.3    32.2  13:15   WSW
22    20.5   28.6  14:28   15.3  20:41    0.0    6.5     4.9  4.7    56.3  19:15   SSW
23    14.9   17.2  12:01   11.9  22:51    6.8    0.0    11.2  3.0    22.5  19:15   SSW
24    14.2   18.2  18:27   11.0  23:58    6.7    0.0     0.6  7.6    37.0  13:50   WSW
25    13.9   17.3  15:37   10.4  02:14    8.0    0.0     0.0  4.1    25.7  11:00   W
26    18.0   24.1  16:40   13.4  00:00    0.0    0.8     0.0  3.8    22.5  05:50   WSW
27    20.4   26.7  17:07   12.8  05:35    0.0    2.5     0.0  3.5    22.5  13:30   E
28    21.3   27.8  17:40   12.9  05:40    0.0    3.7     0.0  3.0    22.5  14:15   ESE
29    21.8   29.8  15:23   13.8  05:20    0.0    6.2     0.0  3.3    37.0  19:30   WSW
30    15.6   20.1  00:00   12.4  10:43    3.8    0.0    41.9 10.1    35.4  09:20   W
---------------------------------------------------------------------------------------
      16.5   29.8    29     9.3     1   126.6   42.2   130.6  5.1    56.3    22    WSW

Max >=   32.2:  0
Max <=    0.0:  0
Min <=    0.0:  0
Min <=  -17.8:  0
Max Rain    :   41.9 mm ON 06/30/2011
Days of Rain: 15 (> 0.254 mm) 10 (> 2.54 mm) 2 (> 25.4 mm)



Please note the license to use and transfer of this data:
http://creativecommons.org/licenses/by-nc-sa/3.0/deed.en

Bitte beachten sie die Lizenz zur Verwertung und Weitergabe der Daten:
http://creativecommons.org/licenses/by-nc-sa/3.0/deed.de

zurück zur Übersicht der NOAA Aufstellungen

Cookies helfen bei der Bereitstellung von Inhalten. Durch die Nutzung dieser Seiten erklärst du dich damit einverstanden, dass Cookies auf deinem Rechner gespeichert werden. Weitere Information