NOAA klimatische Zusammenfassung

                   MONTHLY CLIMATOLOGICAL SUMMARY for AUG 2011


NAME: Wetterstation-Pliening  CITY: Pliening              STATE: Bayern              
ELEV:  504.1 m    LAT: 48.2 N    LONG: 11.8 E


                   TEMPERATURE (C), RAIN (mm), WIND SPEED (kph)

                                         HEAT   COOL         AVG
      MEAN                               DEG    DEG          WIND                  DOM
DAY   TEMP   HIGH  TIME    LOW   TIME    DAYS   DAYS   RAIN  SPEED   HIGH  TIME    DIR
---------------------------------------------------------------------------------------
01    14.9   21.3  17:10   11.1  01:34    3.9    0.0     0.0  2.0    17.7  15:40   ENE
02    18.3   25.7  16:24   10.1  06:25    0.8    0.0     0.0  3.4    27.4  12:35   E
03    17.9   26.1  14:27   11.9  06:22    0.0    1.2     4.3  2.9    45.1  16:05   SSE
04    19.4   25.6  17:34   15.8  02:11    0.0    4.2     2.4  4.8    30.6  13:15   WSW
05    18.7   26.2  16:14   14.4  05:02    0.0    3.6    26.6  3.4    53.1  18:50   S
06    21.0   27.4  16:57   16.3  06:20    0.0    6.3     5.1  2.3    22.5  20:25   SSE
07    16.4   18.3  00:00   15.0  14:38    3.0    0.0    13.0  3.3    22.5  09:40   S
08    16.2   21.2  15:55   13.4  07:19    1.9    0.0     1.4 10.4    46.7  18:05   SW
09    14.2   18.3  16:16   11.0  06:20    6.6    0.0     1.8 12.0    51.5  13:55   WSW
10    13.6   19.0  17:33   10.3  04:14    6.7    0.0     0.4  8.5    32.2  13:10   W
11    16.3   24.8  16:11    8.2  06:17    3.3    0.0     0.0  3.7    24.1  12:25   SW
12    19.6   25.5  15:26   13.7  06:08    0.0    2.3     0.0  7.3    40.2  11:10   SW
13    18.9   24.3  15:10   15.5  05:58    0.0    2.8     1.4  4.5    25.7  14:00   W
14    21.0   30.3  17:06   13.7  06:22    0.0    6.6     0.8  3.7    35.4  18:40   SSW
15    18.3   23.4  16:18   16.5  23:26    0.0    2.9    10.8  4.9    29.0  10:05   SW
16    19.6   25.6  17:27   14.4  06:18    0.0    3.0     0.0  1.1    14.5  14:10   WSW
17    20.3   27.9  16:55   14.1  05:25    0.0    4.8     0.0  1.4    14.5  13:33   NNE
18    23.1   31.8  16:01   15.3  05:33    0.0    9.3     0.0  0.9    16.1  11:50   WNW
19    22.1   29.1  16:05   18.1  23:46    0.0    9.4     4.3  8.5    41.8  08:25   WSW
20    21.7   27.4  15:13   17.3  06:53    0.0    7.2     0.0  2.0    16.1  14:34   ENE
21    24.7   33.9  15:33   16.7  06:05    0.0   12.5     0.0  1.2    16.1  12:40   S
22    25.4   32.2  15:39   18.8  06:39    0.0   12.9     0.0  2.4    16.1  15:45   SE
23    25.9   34.6  16:19   17.9  06:18    0.0   14.2     0.2  2.6    22.5  13:00   N
24    24.5   31.9  15:36   19.7  05:17    0.0   13.5     2.2  2.9    19.3  15:00   SSW
25    22.6   28.5  15:52   17.2  06:11    0.0    8.2    14.2  5.0    46.7  00:15   E
26    25.7   35.0  16:03   17.9  07:05    0.0   14.6     0.0  3.5    25.7  14:10   SE
27    13.1   24.3  00:00    9.5  23:58    2.5    0.0     8.1 11.7    46.7  00:25   SW
28    14.1   21.3  17:29    7.6  06:39    7.0    0.0     0.0  3.4    19.3  14:15   SSE
29    15.7   22.4  17:29    9.7  05:38    4.0    0.0     0.0  4.3    29.0  16:30   NW
30    15.7   21.0  16:53   12.0  23:58    3.3    0.0     0.0  1.2    16.1  14:15   N
31    15.8   22.8  14:17    8.7  06:07    4.7    0.0     0.0  1.8    17.7  12:20   ENE
---------------------------------------------------------------------------------------
      19.2   35.0    26     7.6    28    47.7  139.6    97.1  4.2    53.1     5    SSW

Max >=   32.2:  3
Max <=    0.0:  0
Min <=    0.0:  0
Min <=  -17.8:  0
Max Rain    :   26.6 mm ON 08/05/2011
Days of Rain: 15 (> 0.254 mm) 8 (> 2.54 mm) 1 (> 25.4 mm)



Please note the license to use and transfer of this data:
http://creativecommons.org/licenses/by-nc-sa/3.0/deed.en

Bitte beachten sie die Lizenz zur Verwertung und Weitergabe der Daten:
http://creativecommons.org/licenses/by-nc-sa/3.0/deed.de

zurück zur Übersicht der NOAA Aufstellungen

Cookies helfen bei der Bereitstellung von Inhalten. Durch die Nutzung dieser Seiten erklärst du dich damit einverstanden, dass Cookies auf deinem Rechner gespeichert werden. Weitere Information