NOAA klimatische Zusammenfassung

                   MONTHLY CLIMATOLOGICAL SUMMARY for MAY 2012


NAME: Wetterstation-Pliening  CITY: Pliening              STATE: Bayern              
ELEV:  504.1 m    LAT: 48.2 N    LONG: 11.8 E


                   TEMPERATURE (C), RAIN (mm), WIND SPEED (kph)

                                         HEAT   COOL         AVG
      MEAN                               DEG    DEG          WIND                  DOM
DAY   TEMP   HIGH  TIME    LOW   TIME    DAYS   DAYS   RAIN  SPEED   HIGH  TIME    DIR
---------------------------------------------------------------------------------------
01    17.3   22.5  17:30   11.6  05:17    2.3    0.0     0.0  4.2    29.0  08:10   WNW
02    18.2   25.9  14:44   11.6  05:59    0.0    0.7     0.6  6.3    43.5  22:05   WNW
03    14.0   19.7  16:43   10.4  06:05    5.9    0.0     2.8  4.7    30.6  00:20   WSW
04    15.8   23.1  17:05    9.4  06:56    3.8    0.0     0.0  2.7    22.5  15:40   SW
05    13.0   16.4  17:55    9.2  23:54   10.0    0.0     0.2  7.9    40.2  06:20   SSW
06     9.5   11.9  09:01    7.2  23:56   15.8    0.0     1.4  5.2    30.6  09:50   SSW
07    11.8   18.2  15:56    6.9  01:13   10.4    0.0     0.0  3.6    24.1  15:20   SW
08    14.6   23.4  16:37    5.6  05:46    6.9    0.0     0.0  1.5    16.1  13:51   SSE
09    16.3   21.9  14:12   12.1  04:01    2.4    0.0     0.0  4.1    29.0  16:50   SW
10    19.3   27.5  17:44   10.9  05:11    0.0    1.6     0.0  2.6    24.1  13:25   SSE
11    22.6   30.7  15:59   14.3  06:11    0.0    7.4     0.0  3.3    19.3  13:40   SSE
12    12.5   19.4  00:00    8.6  23:59    7.8    0.0    13.8  6.1    32.2  07:50   W
13     8.6   13.6  17:11    4.8  23:50   16.5    0.0     0.0  5.2    25.7  13:20   NNE
14     7.8   14.0  17:49    0.9  05:42   19.5    0.0     0.0  3.0    22.5  11:45   ENE
15     8.8   18.4  14:04    1.9  05:49   14.7    0.0     2.4  7.3    56.3  19:09   SW
16     5.7   10.3  18:29    2.7  04:15   21.4    0.0     8.1 12.8    38.6  06:05   W
17     7.4   13.7  17:12    1.1  05:36   19.7    0.0     0.0  4.5    20.9  00:30   WSW
18    11.1   18.9  16:06    3.7  06:40   12.7    0.0     0.2  5.6    27.4  02:05   ESE
19    16.8   23.9  15:42    8.7  05:53    3.7    0.0     0.2  4.7    30.6  13:30   ESE
20    18.6   26.2  14:29    9.0  05:33    1.3    0.0     0.0  3.6    25.7  14:15   ESE
21    19.4   24.6  17:36   15.8  08:22    0.0    3.4     0.0  7.5    35.4  15:53   ESE
22    16.2   21.6  14:31   10.8  05:47    3.8    0.0     0.0  2.9    20.9  08:10   WSW
23    18.7   26.2  18:03   13.1  06:00    0.0    2.3     1.6  4.1    38.6  20:30   WSW
24    18.4   25.2  17:04   13.0  05:01    0.0    1.4     6.6  5.3    30.6  14:45   SW
25    16.6   21.3  17:48   11.3  05:36    3.7    0.0     0.0  6.0    29.0  12:55   ENE
26    15.5   20.6  17:05   10.1  05:46    5.4    0.0     0.0  6.7    29.0  15:00   E
27    15.5   21.8  16:48    8.4  04:23    5.9    0.0     0.0  3.6    27.4  14:25   E
28    17.1   22.9  14:15   11.1  06:27    2.3    0.0     0.4  3.9    30.6  18:25   W
29    15.3   20.6  13:52   12.5  05:57    3.2    0.0     2.2  7.0    35.4  17:05   SSW
30    15.6   23.5  15:59   10.3  05:20    2.6    0.0     7.5  5.7    54.7  19:20   SW
31    17.0   23.4  15:14   12.1  05:58    1.1    0.0     3.0  6.4    37.0  17:20   WSW
---------------------------------------------------------------------------------------
      14.7   30.7    11     0.9    14   202.7   16.9    51.3  5.1    56.3    15    WSW

Max >=   32.2:  0
Max <=    0.0:  0
Min <=    0.0:  0
Min <=  -17.8:  0
Max Rain    :   13.8 mm ON 05/12/2012
Days of Rain: 12 (> 0.254 mm) 6 (> 2.54 mm) 0 (> 25.4 mm)



Please note the license to use and transfer of this data:
http://creativecommons.org/licenses/by-nc-sa/3.0/deed.en

Bitte beachten sie die Lizenz zur Verwertung und Weitergabe der Daten:
http://creativecommons.org/licenses/by-nc-sa/3.0/deed.de

zurück zur Übersicht der NOAA Aufstellungen

Cookies helfen bei der Bereitstellung von Inhalten. Durch die Nutzung dieser Seiten erklärst du dich damit einverstanden, dass Cookies auf deinem Rechner gespeichert werden. Weitere Information