NOAA klimatische Zusammenfassung

                   MONTHLY CLIMATOLOGICAL SUMMARY for OCT 2012


NAME: Wetterstation-Pliening  CITY: Pliening              STATE: Bayern              
ELEV:  504.1 m    LAT: 48.2 N    LONG: 11.8 E


                   TEMPERATURE (C), RAIN (mm), WIND SPEED (kph)

                                         HEAT   COOL         AVG
      MEAN                               DEG    DEG          WIND                  DOM
DAY   TEMP   HIGH  TIME    LOW   TIME    DAYS   DAYS   RAIN  SPEED   HIGH  TIME    DIR
---------------------------------------------------------------------------------------
01    12.4   14.8  16:24   10.9  00:00    9.8    0.0     0.0  2.1    17.7  17:15   W
02    12.2   18.2  15:39    8.6  07:31    9.0    0.0     0.0  3.1    24.1  12:00   WSW
03    13.1   21.2  14:50    6.8  07:35    7.8    0.0     0.4  3.5    19.3  16:10   SSW
04    13.4   18.1  12:04    9.0  23:54    8.6    0.0     2.0  7.7    57.9  15:45   SSW
05    13.6   21.8  15:41    7.4  06:07    6.6    0.0     0.0  6.0    32.2  16:25   SSW
06    16.1   23.5  15:53    9.1  07:34    3.6    0.0     0.0  9.3    46.7  15:05   SSW
07    11.2   16.4  00:09    5.7  23:58   13.1    0.0    16.3  5.9    40.2  13:15   WSW
08     8.5   14.4  16:03    3.3  07:57   17.0    0.0     0.2  1.9    16.1  13:40   SSE
09    11.2   14.5  14:19    8.3  23:56   12.5    0.0     8.7  4.3    33.8  13:40   WSW
10     8.1    9.9  14:49    6.3  23:49   18.4    0.0     0.8  1.1     9.7  10:55   N
11     7.8   12.6  15:10    3.7  03:58   18.4    0.0     0.2  2.4    20.9  12:45   E
12     9.9   14.6  14:24    5.8  01:13   14.6    0.0     6.3  4.7    45.1  18:40   SSE
13     8.0   12.1  14:36    3.9  07:45   18.6    0.0     0.2  3.3    19.3  11:40   ESE
14     8.8   15.2  15:35    5.7  00:14   14.1    0.0     0.2  3.7    25.7  16:50   SSE
15     6.6    9.3  07:00    5.3  23:48   19.8    0.0     1.2  6.0    40.2  10:40   SW
16     7.1   12.7  16:37    4.1  07:02   17.8    0.0     2.4  3.2    17.7  13:20   SSW
17    10.4   17.2  14:52    5.5  07:35   12.5    0.0     0.0  3.1    19.3  12:55   SE
18    10.0   16.6  15:06    5.2  06:29   13.3    0.0     0.0  2.8    17.7  15:05   E
19    11.0   19.2  15:25    4.9  07:57   11.2    0.0     0.2  2.5    16.1  15:26   E
20     9.4   15.6  13:22    5.5  08:24   14.0    0.0     0.2  1.6    16.1  14:00   NNE
21     9.3   12.5  15:28    7.7  08:28   14.9    0.0     0.2  2.4    14.5  15:45   E
22     8.0    8.7  00:00    7.3  05:59   18.5    0.0     0.2  1.8    14.5  13:05   E
23     7.2    7.7  19:24    6.6  13:20   20.1    0.0     0.2  2.5    16.1  11:50   ENE
24     7.9    8.7  14:42    6.7  23:59   19.2    0.0     0.0  1.9    14.5  07:25   E
25     8.3   13.4  16:58    6.2  08:44   15.4    0.0     0.0  1.7    16.1  19:10   SW
26     6.8    8.3  16:22    4.3  05:24   21.6    0.0     0.0  5.1    24.1  20:15   ENE
27     2.1    5.1  00:00   -1.3  22:04   29.6    0.0    12.8  6.0    30.6  14:45   NNW
28    -1.2   -0.1  18:45   -2.6  06:42   35.3    0.0     2.2  3.3    17.7  02:38   NNE
29    -1.6   -1.3  23:57   -1.9  23:00   35.9    0.0     0.0  5.7    14.5  23:20   SSW
30     1.4    7.1  15:28   -1.4  00:00   27.9    0.0     0.0  5.4    24.1  09:55   SSW
31     3.1    9.1  14:13   -1.4  07:08   26.1    0.0     0.0  2.6    17.7  12:45   ESE
---------------------------------------------------------------------------------------
       8.4   23.5     6    -2.6    28   525.5    0.0    55.1  3.8    57.9     4    ESE

Max >=   32.2:  0
Max <=    0.0:  2
Min <=    0.0:  5
Min <=  -17.8:  0
Max Rain    :   16.3 mm ON 10/07/2012
Days of Rain: 10 (> 0.254 mm) 4 (> 2.54 mm) 0 (> 25.4 mm)



Please note the license to use and transfer of this data:
http://creativecommons.org/licenses/by-nc-sa/3.0/deed.en

Bitte beachten sie die Lizenz zur Verwertung und Weitergabe der Daten:
http://creativecommons.org/licenses/by-nc-sa/3.0/deed.de

zurück zur Übersicht der NOAA Aufstellungen

Cookies helfen bei der Bereitstellung von Inhalten. Durch die Nutzung dieser Seiten erklärst du dich damit einverstanden, dass Cookies auf deinem Rechner gespeichert werden. Weitere Information