NOAA klimatische Zusammenfassung

                   MONTHLY CLIMATOLOGICAL SUMMARY for NOV 2012


NAME: Wetterstation-Pliening  CITY: Pliening              STATE: Bayern              
ELEV:  504.1 m    LAT: 48.2 N    LONG: 11.8 E


                   TEMPERATURE (C), RAIN (mm), WIND SPEED (kph)

                                         HEAT   COOL         AVG
      MEAN                               DEG    DEG          WIND                  DOM
DAY   TEMP   HIGH  TIME    LOW   TIME    DAYS   DAYS   RAIN  SPEED   HIGH  TIME    DIR
---------------------------------------------------------------------------------------
01     6.3   12.2  14:59    2.8  05:12   19.5    0.0     0.0  4.8    25.7  08:45   SSW
02     7.4   11.4  13:38    5.1  02:51   18.2    0.0     1.2  8.7    46.7  02:10   SW
03    10.0   18.7  14:35    6.5  23:03   10.3    0.0     0.2  4.5    25.7  01:40   S
04     8.6   13.2  14:16    5.5  07:59   16.2    0.0     7.1  3.6    29.0  20:45   NNE
05     6.6   10.1  14:03    4.4  20:03   19.9    0.0    12.6  8.9    45.1  18:25   SW
06     4.4    7.2  13:35    1.7  23:38   25.0    0.0     0.4  8.4    33.8  02:20   WSW
07     4.6    6.9  15:28    1.3  02:49   25.6    0.0     0.0 13.3    49.9  10:15   SW
08     4.8   10.9  14:39   -0.7  07:43   23.8    0.0     0.0  3.0    14.5  00:20   S
09     5.7   11.1  13:49    1.6  07:23   21.6    0.0     0.0  3.5    16.1  16:00   SE
10     6.1   11.6  12:11    3.2  04:25   19.7    0.0     0.0  2.4    14.5  00:50   SE
11     7.6    9.3  15:35    4.4  01:20   20.6    0.0     3.3  2.6    19.3  17:30   NW
12     7.1    8.3  00:00    5.9  23:28   20.1    0.0     0.2  1.2    19.3  01:15   N
13     5.7    7.9  13:39    3.2  23:00   23.0    0.0     0.0  2.9    16.1  17:55   NE
14     5.1    5.8  02:18    3.7  21:01   24.4    0.0     0.0  5.8    24.1  02:35   E
15     3.9    7.2  13:49    1.6  23:53   25.1    0.0     0.0  3.4    19.3  14:58   E
16     1.5    5.3  14:16    0.1  08:21   28.2    0.0     0.0  3.1    14.5  11:00   ESE
17     0.4    1.5  14:43   -1.0  08:39   32.5    0.0     0.0  1.2     9.7  00:35   SSE
18     1.5    7.6  14:21   -1.7  06:21   27.6    0.0     0.0  1.1    11.3  13:05   E
19     0.4    2.5  20:28   -2.3  06:59   32.8    0.0     0.0  2.4    16.1  16:25   ENE
20     1.7    2.3  00:48    0.9  10:35   30.0    0.0     0.0  2.0    14.5  09:10   SSE
21     2.2    3.2  15:48    1.1  23:47   29.1    0.0     0.0  2.4    12.9  02:15   SSE
22     3.7    6.0  14:06    0.7  01:40   27.0    0.0     0.0  1.6    14.5  16:15   SE
23     4.1    6.3  14:15    2.7  23:23   24.9    0.0     0.0  2.8    16.1  11:20   SSE
24     4.9   10.3  13:23    2.2  01:35   21.8    0.0     0.0  1.6    20.9  23:49   ESE
25     8.5   16.8  13:39    2.6  01:58   15.6    0.0     0.0  6.1    37.0  15:00   SW
26     7.4    9.9  15:20    4.8  23:30   19.8    0.0     0.0  1.6    14.5  19:30   ESE
27     6.2    7.3  11:10    4.8  00:00   22.0    0.0     0.0  1.8    16.1  13:05   NE
28     4.2    6.2  02:00    3.7  23:50   24.1    0.0     2.2  2.8    17.7  15:35   N
29     0.8    3.7  00:00   -0.1  20:40   29.8    0.0    11.8 11.9    38.6  12:40   WSW
30    -0.3    1.3  14:37   -3.1  23:59   34.5    0.0     0.0  3.0    19.3  12:55   W
---------------------------------------------------------------------------------------
       4.7   18.7     3    -3.1    30   712.9    0.0    39.0  4.1    49.9     7    ESE

Max >=   32.2:  0
Max <=    0.0:  0
Min <=    0.0:  6
Min <=  -17.8:  0
Max Rain    :   12.6 mm ON 11/05/2012
Days of Rain: 7 (> 0.254 mm) 4 (> 2.54 mm) 0 (> 25.4 mm)



Please note the license to use and transfer of this data:
http://creativecommons.org/licenses/by-nc-sa/3.0/deed.en

Bitte beachten sie die Lizenz zur Verwertung und Weitergabe der Daten:
http://creativecommons.org/licenses/by-nc-sa/3.0/deed.de

zurück zur Übersicht der NOAA Aufstellungen

Cookies helfen bei der Bereitstellung von Inhalten. Durch die Nutzung dieser Seiten erklärst du dich damit einverstanden, dass Cookies auf deinem Rechner gespeichert werden. Weitere Information