NOAA klimatische Zusammenfassung

                   MONTHLY CLIMATOLOGICAL SUMMARY for AUG 2013


NAME: Wetterstation-Pliening  CITY: Pliening              STATE: Bayern              
ELEV:  504.1 m    LAT: 48.2 N    LONG: 11.8 E


                   TEMPERATURE (C), RAIN (mm), WIND SPEED (kph)

                                         HEAT   COOL         AVG
      MEAN                               DEG    DEG          WIND                  DOM
DAY   TEMP   HIGH  TIME    LOW   TIME    DAYS   DAYS   RAIN  SPEED   HIGH  TIME    DIR
---------------------------------------------------------------------------------------
01    22.9   31.8  16:43   14.2  06:21    0.0    8.4     0.0  2.4    20.9  13:30   ENE
02    25.0   33.7  16:39   15.0  05:24    0.0   10.8     0.0  1.4    19.3  16:15   NE
03    25.4   32.3  16:47   18.2  04:18    0.0   12.4     3.0  4.3    48.3  22:33   WSW
04    21.1   30.3  14:52   16.0  06:16    0.0    8.7     1.2  2.2    53.1  15:05   SW
05    23.3   31.2  17:39   15.0  04:58    0.0    8.6     0.0  2.6    24.1  13:58   E
06    25.5   33.8  16:58   17.6  23:59    0.0   13.2     6.7  3.7    61.2  21:48   SW
07    21.2   27.9  16:34   15.6  06:11    0.0    6.1     0.2  2.1    35.4  09:20   E
08    21.0   26.2  17:08   17.3  05:44    0.0    6.1     0.0  1.9    24.1  01:55   WNW
09    16.7   18.7  10:52   14.2  23:57    3.4    0.0    16.5  2.1    27.4  17:15   WNW
10    18.1   24.3  18:18   12.2  05:55    0.1    0.0     0.0  1.6    20.9  16:00   WSW
11    18.8   24.4  16:41   14.9  06:23    0.0    2.3     0.2  1.7    22.5  13:00   WSW
12    19.7   26.6  14:50   13.7  06:50    0.0    3.3     0.0  1.3    24.1  17:20   NW
13    17.4   22.8  17:44   13.9  04:13    0.0    0.1     3.5  3.7    35.4  13:05   W
14    16.5   20.4  16:03   12.9  05:55    3.0    0.0     0.0  0.9    19.3  16:15   NNW
15    17.5   23.2  17:18   12.2  06:59    1.1    0.0     0.0  1.5    20.9  14:15   NNE
16    18.2   26.5  16:15    9.8  06:24    0.3    0.0     0.0  1.1    20.9  14:40   NE
17    21.3   30.2  17:19   12.7  06:27    0.0    5.7     0.0  2.0    29.0  12:00   W
18    22.6   29.4  14:40   16.0  05:09    0.0    7.8     0.0  1.3    27.4  23:05   SW
19    17.5   20.6  09:42   14.4  22:35    1.5    0.0    11.4  3.5    43.5  16:15   SSW
20    14.7   19.2  15:38   11.6  07:24    5.3    0.0     0.0  3.2    29.0  12:40   W
21    15.3   21.1  16:56    8.6  06:38    6.3    0.0     0.2  4.9    33.8  10:40   E
22    15.7   22.9  16:35    7.9  06:35    5.2    0.0     0.0  2.4    25.7  11:55   ENE
23    16.5   22.3  14:54   10.4  06:32    3.6    0.0     0.0  1.4    19.3  15:05   ENE
24    17.2   25.4  16:07   10.6  06:25    0.6    0.0     6.3  2.2    51.5  18:50   E
25    14.5   15.8  17:12   12.3  23:59    7.8    0.0    28.4  4.7    30.6  11:40   WSW
26    14.5   18.9  15:11   10.6  05:17    6.5    0.0     0.2  0.8    16.1  13:42   SSE
27    14.6   17.3  15:44   12.4  03:45    6.2    0.0     0.2  1.2    17.7  16:05   ENE
28    15.3   20.4  17:31   11.9  23:43    3.8    0.0     0.0  2.5    22.5  13:04   NW
29    15.2   21.7  16:15    9.8  05:52    4.7    0.0     0.0  1.0    20.9  16:12   NE
30    15.7   22.9  16:29    8.8  06:16    4.5    0.0     0.0  1.0    20.9  14:45   ENE
31    17.0   23.9  16:31   11.0  06:49    1.6    0.0     0.0  3.1    25.7  14:55   WSW
---------------------------------------------------------------------------------------
      18.6   33.8     6     7.9    22    65.3   93.8    78.0  2.3    61.2     6    W

Max >=   32.2:  3
Max <=    0.0:  0
Min <=    0.0:  0
Min <=  -17.8:  0
Max Rain    :   28.4 mm ON 08/25/2013
Days of Rain: 8 (> 0.254 mm) 7 (> 2.54 mm) 1 (> 25.4 mm)



Please note the license to use and transfer of this data:
http://creativecommons.org/licenses/by-nc-sa/3.0/deed.en

Bitte beachten sie die Lizenz zur Verwertung und Weitergabe der Daten:
http://creativecommons.org/licenses/by-nc-sa/3.0/deed.de

zurück zur Übersicht der NOAA Aufstellungen

Cookies helfen bei der Bereitstellung von Inhalten. Durch die Nutzung dieser Seiten erklärst du dich damit einverstanden, dass Cookies auf deinem Rechner gespeichert werden. Weitere Information