NOAA klimatische Zusammenfassung

                   MONTHLY CLIMATOLOGICAL SUMMARY for JUL 2015


NAME: Wetterstation-Pliening  CITY: Pliening              STATE: Bayern              
ELEV:  504.1 m    LAT: 48.2 N    LONG: 11.8 E


                   TEMPERATURE (C), RAIN (mm), WIND SPEED (kph)

                                         HEAT   COOL         AVG
      MEAN                               DEG    DEG          WIND                  DOM
DAY   TEMP   HIGH  TIME    LOW   TIME    DAYS   DAYS   RAIN  SPEED   HIGH  TIME    DIR
---------------------------------------------------------------------------------------
01    22.8   29.2  14:58   14.4  05:11    0.0    6.2     0.0  2.3    22.5  15:00   E
02    23.1   30.2  16:25   14.7  05:11    0.0    7.4     0.0  1.7    19.3  11:55   ENE
03    25.0   32.6  17:25   15.5  05:42    0.0   10.3     0.0  1.0    19.3  12:25   ESE
04    26.3   33.5  16:07   17.8  05:36    0.0   13.2     0.0  1.5    16.1  08:30   ESE
05    28.2   35.7  15:18   19.9  06:05    0.0   17.0     0.0  1.7    20.9  13:00   SE
06    24.9   30.8  17:52   18.7  06:45    0.0   11.6    10.4  2.5    41.8  06:25   W
07    27.3   35.9  16:40   18.4  05:54    0.0   15.9     0.0  1.8    43.5  23:05   S
08    19.1   26.3  00:02   15.4  23:58    0.0    4.6     8.3  3.1    41.8  11:10   WSW
09    15.9   19.0  17:32   12.9  23:53    4.2    0.0     3.5  4.9    51.5  14:20   W
10    16.7   23.9  17:16    9.4  05:41    3.0    0.0     0.0  0.5    22.5  14:20   W
11    20.1   30.6  15:57   10.0  05:41    0.0    3.6     0.2  2.0    37.0  17:45   SE
12    22.7   29.3  16:41   15.2  05:53    0.0    7.1     0.0  3.7    37.0  21:34   W
13    18.1   21.6  16:00   15.8  04:45    0.0    0.7     0.4  2.7    27.4  09:10   WSW
14    20.7   26.7  18:45   15.5  02:12    0.0    4.9     1.2  3.6    33.8  11:38   W
15    22.5   29.0  16:39   17.7  05:49    0.0    9.0     0.0  0.8    19.3  15:46   W
16    24.5   32.4  17:13   15.3  05:58    0.0   10.0     0.0  1.2    19.3  13:45   ESE
17    26.6   35.6  15:47   18.8  05:58    0.0   15.9     0.0  2.4    46.7  20:20   SSW
18    23.8   31.1  11:56   16.9  06:06    0.0   10.2     0.4  2.2    35.4  14:00   SSW
19    23.8   31.1  13:48   17.7  06:39    0.0   10.9     3.7  5.5    43.5  15:10   SSW
20    22.8   30.6  17:10   18.7  06:15    0.0   11.3     2.4  0.3    22.5  01:10   W
21    25.9   33.7  16:56   18.2  04:08    0.0   13.7     0.0  1.5    24.1  14:48   W
22    25.4   34.1  15:57   17.6  05:58    0.0   13.6     0.0  2.4    41.8  17:54   SSW
23    22.0   25.7  18:06   19.2  08:20    0.0    7.4     5.1  1.9    24.1  13:55   WSW
24    23.2   28.4  18:04   17.2  05:58    0.0    8.1     0.0  1.6    22.5  13:00   ESE
25    20.9   25.1  12:46   15.0  23:47    0.0    3.1     0.0  9.6    45.1  00:40   WSW
26    16.9   22.4  15:18   10.7  06:14    3.2    0.0     1.2  1.7    33.8  23:24   W
27    18.1   24.7  15:37   13.5  04:15    0.0    1.3     5.1  8.2    53.1  15:45   WSW
28    18.9   22.6  16:33   14.6  23:55    0.0    0.5     0.4  8.4    53.1  13:05   WSW
29    15.5   20.8  12:32   12.0  04:36    3.5    0.0     2.0  3.8    37.0  14:37   WSW
30    16.4   23.5  16:47    9.4  06:17    3.4    0.0     0.0  2.0    27.4  16:38   WSW
31    17.9   23.3  17:31   10.9  05:55    2.2    0.0     0.0  2.1    27.4  14:25   ENE
---------------------------------------------------------------------------------------
      21.8   35.9     7     9.4    30    19.5  217.4    44.3  2.9    53.1    27    WSW

Max >=   32.2:  8
Max <=    0.0:  0
Min <=    0.0:  0
Min <=  -17.8:  0
Max Rain    :   10.4 mm ON 07/06/2015
Days of Rain: 13 (> 0.254 mm) 6 (> 2.54 mm) 0 (> 25.4 mm)



Please note the license to use and transfer of this data:
http://creativecommons.org/licenses/by-nc-sa/3.0/deed.en

Bitte beachten sie die Lizenz zur Verwertung und Weitergabe der Daten:
http://creativecommons.org/licenses/by-nc-sa/3.0/deed.de

zurück zur Übersicht der NOAA Aufstellungen

Cookies helfen bei der Bereitstellung von Inhalten. Durch die Nutzung dieser Seiten erklärst du dich damit einverstanden, dass Cookies auf deinem Rechner gespeichert werden. Weitere Information