NOAA klimatische Zusammenfassung

                   MONTHLY CLIMATOLOGICAL SUMMARY for JUL 2016


NAME: Wetterstation-Pliening  CITY: Pliening              STATE: Bayern              
ELEV:  504.1 m    LAT: 48.2 N    LONG: 11.8 E


                   TEMPERATURE (C), RAIN (mm), WIND SPEED (kph)

                                         HEAT   COOL         AVG
      MEAN                               DEG    DEG          WIND                  DOM
DAY   TEMP   HIGH  TIME    LOW   TIME    DAYS   DAYS   RAIN  SPEED   HIGH  TIME    DIR
---------------------------------------------------------------------------------------
01    21.3   28.8  17:09   14.6  05:48    0.0    6.1     0.0  0.4    16.1  00:05   SW
02    19.0   24.4  10:37   13.1  22:44    0.0    0.8     4.3  3.3    41.8  18:28   SW
03    16.0   21.3  17:22   11.6  05:49    3.4    0.0     0.0  0.9    25.7  17:59   WSW
04    18.2   24.3  15:42   13.7  04:31    0.0    1.2     0.0  0.4    16.1  15:40   NE
05    20.4   27.8  17:08   12.4  05:34    0.0    3.2     0.0  3.5    30.6  18:40   W
06    18.2   23.1  17:25   15.6  02:48    0.0    1.8     0.0  5.8    33.8  12:17   W
07    20.7   24.7  17:55   13.3  06:05    0.0    1.2     0.0  0.5    19.3  12:10   N
08    21.3   30.0  16:38   11.6  05:34    0.0    4.4     0.0  1.8    29.0  16:00   S
09    22.6   28.9  17:27   17.9  05:43    0.0    9.2     0.2  4.1    30.6  15:26   W
10    24.2   33.1  17:23   14.3  06:00    0.0    9.7     0.0  1.3    19.3  12:13   SE
11    26.4   34.2  16:11   20.2  04:55    0.0   15.9     0.0  3.8    33.8  17:55   SW
12    18.0   21.3  13:39   15.1  23:46    0.2    0.0    28.2  0.8    37.0  02:15   SSW
13    14.5   18.2  11:56   10.6  23:55    7.0    0.0    13.0  3.2    33.8  19:29   SW
14    12.1   18.1  18:01   10.0  01:38    7.8    0.0     5.5  9.6    35.4  16:45   WSW
15    13.4   17.9  14:53    9.2  04:11    8.5    0.0     0.0  3.2    25.7  00:15   W
16    15.5   21.9  17:55   10.7  03:30    3.6    0.0     0.0  0.9    20.9  16:47   WSW
17    18.5   25.8  18:06   14.0  10:07    0.0    2.8     0.8  2.4    27.4  13:40   WSW
18    21.8   28.6  16:39   16.4  02:37    0.0    7.4     0.0  1.1    22.5  14:05   WSW
19    22.4   29.2  17:10   15.0  05:07    0.0    6.8     0.0  0.3    14.5  11:25   NE
20    23.3   30.8  16:54   14.4  05:38    0.0    7.7     0.0  0.3    19.3  15:15   ESE
21    20.6   27.7  15:20   17.7  16:45    0.0    7.9     8.7  1.9    51.5  16:30   SSW
22    20.9   26.2  15:58   15.9  05:00    0.0    4.9     0.0  1.4    29.0  19:30   WSW
23    20.6   26.9  15:12   16.7  05:14    0.0    6.2     5.9  1.1    32.2  22:55   SW
24    21.9   28.8  18:25   16.6  03:15    0.0    7.8     0.2  0.6    17.7  08:20   WSW
25    21.7   28.5  16:54   17.8  05:48    0.0    8.7     0.0  1.4    20.9  12:50   SW
26    20.2   25.9  12:16   16.7  23:54    0.0    5.4     0.0  1.0    33.8  14:00   SSW
27    19.7   27.6  16:36   14.7  05:50    0.0    5.0     3.5  1.6    27.4  16:10   SSW
28    19.1   24.8  15:17   15.1  06:58    0.0    2.9     2.4  0.4    22.5  16:25   SSW
29    20.6   27.7  18:30   15.6  04:47    0.0    6.0     0.0  1.8    24.1  11:55   WSW
30    23.0   30.6  17:10   15.3  05:24    0.0    8.3     1.0  2.2    48.3  17:25   SW
31    19.1   21.8  18:55   17.3  06:17    0.0    2.1     1.2  3.1    37.0  15:15   SW
---------------------------------------------------------------------------------------
      19.8   34.2    11     9.2    15    30.6  143.6    74.9  2.1    51.5    21    SW

Max >=   32.2:  2
Max <=    0.0:  0
Min <=    0.0:  0
Min <=  -17.8:  0
Max Rain    :   28.2 mm ON 07/12/2016
Days of Rain: 11 (> 0.254 mm) 7 (> 2.54 mm) 1 (> 25.4 mm)



Please note the license to use and transfer of this data:
http://creativecommons.org/licenses/by-nc-sa/3.0/deed.en

Bitte beachten sie die Lizenz zur Verwertung und Weitergabe der Daten:
http://creativecommons.org/licenses/by-nc-sa/3.0/deed.de

zurück zur Übersicht der NOAA Aufstellungen

Cookies helfen bei der Bereitstellung von Inhalten. Durch die Nutzung dieser Seiten erklärst du dich damit einverstanden, dass Cookies auf deinem Rechner gespeichert werden. Weitere Information