NOAA klimatische Zusammenfassung

                   MONTHLY CLIMATOLOGICAL SUMMARY for MAY 2017


NAME: Wetterstation-Pliening  CITY: Pliening              STATE: Bayern              
ELEV:  504.1 m    LAT: 48.2 N    LONG: 11.8 E


                   TEMPERATURE (C), RAIN (mm), WIND SPEED (kph)

                                         HEAT   COOL         AVG
      MEAN                               DEG    DEG          WIND                  DOM
DAY   TEMP   HIGH  TIME    LOW   TIME    DAYS   DAYS   RAIN  SPEED   HIGH  TIME    DIR
---------------------------------------------------------------------------------------
01     7.0   14.0  10:39    2.9  23:57   17.8    0.0    11.8  6.9    43.5  18:20   WSW
02     8.8   15.8  16:00    2.8  00:06   16.2    0.0     2.2  5.2    33.8  08:00   WSW
03    10.2   15.5  18:44    7.0  05:28   12.8    0.0     0.0  2.4    20.9  12:10   WSW
04    10.1   14.6  14:05    6.8  00:54   13.7    0.0     1.0  2.8    33.8  17:55   SW
05    10.9   15.9  17:40    7.8  05:01   11.7    0.0     1.6  3.3    22.5  09:49   W
06    13.4   21.6  15:57    4.8  05:57    9.2    0.0     0.0  3.7    41.8  23:46   ENE
07    10.5   12.8  00:00    9.3  06:10   13.1    0.0     4.0 11.3    40.2  00:00   WSW
08     9.5   11.4  13:30    6.6  23:31   16.8    0.0    24.2  9.5    33.8  16:10   WSW
09     7.7   12.4  17:02    5.5  09:07   16.8    0.0     0.0  3.2    22.5  06:25   NW
10     9.7   16.4  16:55    2.2  06:04   16.2    0.0     0.0  1.4    17.7  12:55   ENE
11    15.0   22.4  16:22    5.2  05:32    8.2    0.0     0.0  2.8    29.0  15:40   ESE
12    16.5   22.8  16:04   12.3  08:21    1.4    0.0     0.4  3.0    35.4  21:05   SW
13    16.1   22.9  16:35   11.7  05:59    1.9    0.0     3.2  3.7    33.8  16:00   SW
14    14.5   19.9  14:12   11.8  07:13    4.4    0.0     4.0  2.2    33.8  14:45   SW
15    13.9   18.7  14:59   10.6  05:51    6.7    0.0     3.6  1.2    29.0  12:58   SW
16    15.3   22.1  16:53    8.3  06:04    5.6    0.0     0.0  0.9    19.3  18:10   NNE
17    17.6   24.5  15:19    9.1  05:55    2.8    0.0     0.0  3.3    27.4  12:15   E
18    19.5   26.5  15:01   10.6  05:45    0.0    0.4     0.0  1.0    22.5  12:13   ENE
19    16.1   24.7  14:29    8.3  23:49    3.2    0.0     2.2  7.7    53.1  17:19   WSW
20    12.0   18.3  16:24    5.4  05:30   11.7    0.0     0.0  1.4    24.1  14:30   NW
21    13.4   18.7  16:35    8.0  05:26    9.0    0.0     0.0  2.2    30.6  15:15   NE
22    15.9   23.2  17:30    8.3  04:55    4.7    0.0     0.0  0.6    19.3  09:35   ENE
23    18.4   24.8  16:11   11.3  05:56    0.5    0.0     0.0  3.0    40.2  14:41   WSW
24    16.2   18.8  12:56   13.2  23:54    4.2    0.0     0.0 10.0    40.2  12:37   W
25    15.2   20.3  16:09   10.8  06:14    5.0    0.0     0.0  1.1    22.5  14:10   NNW
26    16.3   22.4  15:28    8.6  05:46    5.1    0.0     0.0  1.1    19.3  15:39   NNE
27    18.9   25.5  16:30   10.2  06:09    0.9    0.0     0.0  2.5    27.4  13:55   ENE
28    20.3   29.1  17:32   10.6  05:36    0.0    2.7     0.0  0.4    16.1  11:39   NE
29    22.4   29.5  16:08   12.7  05:48    0.0    5.0     0.0  0.6    19.3  15:35   SE
30    22.7   29.7  17:34   16.1  05:39    0.0    8.2     0.4  2.2    29.0  20:00   WSW
31    21.1   27.1  16:09   16.9  05:28    0.0    6.7     1.0  1.0    22.5  02:20   WSW
---------------------------------------------------------------------------------------
      14.7   29.7    30     2.2    10   219.7   23.0    59.6  3.3    53.1    19    WSW

Max >=   32.2:  0
Max <=    0.0:  0
Min <=    0.0:  0
Min <=  -17.8:  0
Max Rain    :   24.2 mm ON 05/08/2017
Days of Rain: 13 (> 0.254 mm) 6 (> 2.54 mm) 0 (> 25.4 mm)



Please note the license to use and transfer of this data:
http://creativecommons.org/licenses/by-nc-sa/3.0/deed.en

Bitte beachten sie die Lizenz zur Verwertung und Weitergabe der Daten:
http://creativecommons.org/licenses/by-nc-sa/3.0/deed.de

zurück zur Übersicht der NOAA Aufstellungen

Cookies helfen bei der Bereitstellung von Inhalten. Durch die Nutzung dieser Seiten erklärst du dich damit einverstanden, dass Cookies auf deinem Rechner gespeichert werden. Weitere Information