NOAA klimatische Zusammenfassung

                   MONTHLY CLIMATOLOGICAL SUMMARY for JUN 2017


NAME: Wetterstation-Pliening  CITY: Pliening              STATE: Bayern              
ELEV:  504.1 m    LAT: 48.2 N    LONG: 11.8 E


                   TEMPERATURE (C), RAIN (mm), WIND SPEED (kph)

                                         HEAT   COOL         AVG
      MEAN                               DEG    DEG          WIND                  DOM
DAY   TEMP   HIGH  TIME    LOW   TIME    DAYS   DAYS   RAIN  SPEED   HIGH  TIME    DIR
---------------------------------------------------------------------------------------
01    20.3   26.2  16:40   14.4  05:53    0.0    3.5     0.0  0.2    14.5  11:30   NNW
02    19.7   25.2  13:25   14.8  05:50    0.0    3.1     0.6  0.2    14.5  13:33   SSW
03    21.6   27.9  17:17   13.8  06:09    0.0    4.6     0.0  1.2    32.2  23:55   S
04    17.2   21.4  00:00   14.1  23:57    1.1    0.0     0.6  6.8    46.7  10:55   WSW
05    16.0   22.3  16:02   12.2  05:40    2.0    0.0     4.8  2.5    25.7  19:35   ESE
06    13.7   16.2  11:24   10.4  23:59    9.0    0.0     5.2  4.1    53.1  18:10   SW
07    12.1   16.4  14:00    9.2  01:57   10.0    0.0     1.0  9.9    54.7  11:45   W
08    14.7   21.5  18:10    6.4  05:44    7.9    0.0     0.0  0.6    17.7  10:45   SSE
09    18.3   26.3  14:07    9.1  04:55    1.2    0.0     0.8  4.4    37.0  15:05   SE
10    20.0   23.1  18:20   13.1  05:35    0.5    0.0     1.2  0.9    24.1  00:40   N
11    20.0   27.7  16:28   10.9  05:28    0.0    1.8     0.0  1.5    19.3  18:05   ESE
12    21.8   26.6  14:23   17.7  03:34    0.0    6.8     1.8  4.1    43.5  15:00   WSW
13    19.6   26.1  16:47   15.4  06:19    0.0    4.3     0.0  2.0    25.7  13:25   NW
14    18.9   25.8  17:33   12.2  05:34    0.0    1.2     0.0  1.0    17.7  11:30   NE
15    22.2   29.7  17:46   13.0  05:00    0.0    5.4     0.0  0.4    20.9  23:20   N
16    20.9   25.2  15:28   16.1  23:59    0.0    4.1     0.0 12.5    43.5  13:30   W
17    17.0   21.8  15:51   13.8  06:58    0.9    0.0     0.0  8.9    37.0  14:00   WNW
18    17.9   23.4  16:27   11.9  05:52    1.2    0.0     0.0  1.8    20.9  12:26   NE
19    21.0   28.3  16:16   12.1  06:04    0.0    3.3     0.0  2.0    22.5  10:59   E
20    24.8   32.8  15:40   16.9  04:06    0.0   11.8     0.0  2.0    24.1  12:00   WSW
21    24.8   30.4  16:16   18.9  05:39    0.0   11.4     0.0  1.5    29.0  16:15   SW
22    25.6   33.4  16:23   17.2  05:08    0.0   12.6     0.0  2.4    29.0  16:56   WSW
23    26.6   31.7  17:08   20.8  23:59    0.0   14.3     0.2  9.7    43.5  12:48   W
24    22.7   28.3  18:24   17.6  04:43    0.0    8.2     0.0  3.6    37.0  15:34   WSW
25    19.1   22.7  19:06   16.1  12:23    0.0    1.9     4.4  3.4    30.6  15:39   SW
26    23.6   30.0  17:42   15.0  05:10    0.0    7.5     0.0  0.7    25.7  11:20   NE
27    20.8   26.5  16:30   16.8  06:28    0.0    5.9     5.6  2.6    29.0  01:55   SSW
28    19.7   24.6  14:49   16.2  03:45    0.0    3.7     1.0  2.7    33.8  06:25   SSE
29    17.0   23.6  17:51   12.9  23:52    0.2    0.0     6.2 11.7    53.1  19:30   WSW
30    17.3   23.7  16:25   12.8  06:12    0.2    0.0     0.0  3.7    33.8  18:44   SW
---------------------------------------------------------------------------------------
      19.8   33.4    22     6.4     8    34.0  115.4    33.4  3.6    54.7     7    SW

Max >=   32.2:  2
Max <=    0.0:  0
Min <=    0.0:  0
Min <=  -17.8:  0
Max Rain    :    6.2 mm ON 06/29/2017
Days of Rain: 12 (> 0.254 mm) 5 (> 2.54 mm) 0 (> 25.4 mm)



Please note the license to use and transfer of this data:
http://creativecommons.org/licenses/by-nc-sa/3.0/deed.en

Bitte beachten sie die Lizenz zur Verwertung und Weitergabe der Daten:
http://creativecommons.org/licenses/by-nc-sa/3.0/deed.de

zurück zur Übersicht der NOAA Aufstellungen

Cookies helfen bei der Bereitstellung von Inhalten. Durch die Nutzung dieser Seiten erklärst du dich damit einverstanden, dass Cookies auf deinem Rechner gespeichert werden. Weitere Information