NOAA klimatische Zusammenfassung

                   MONTHLY CLIMATOLOGICAL SUMMARY for MAR 2018


NAME: Wetterstation-Pliening  CITY: Pliening              STATE: Bayern              
ELEV:  504.1 m    LAT: 48.2 N    LONG: 11.8 E


                   TEMPERATURE (C), RAIN (mm), WIND SPEED (kph)

                                         HEAT   COOL         AVG
      MEAN                               DEG    DEG          WIND                  DOM
DAY   TEMP   HIGH  TIME    LOW   TIME    DAYS   DAYS   RAIN  SPEED   HIGH  TIME    DIR
---------------------------------------------------------------------------------------
01    -7.8   -3.1  15:16  -11.4  02:34   46.1    0.0     0.0  8.9    27.4  01:10   ENE
02    -5.3   -1.8  15:18   -9.2  02:13   42.9    0.0     0.0  6.3    24.1  10:55   ENE
03    -0.4    2.7  15:02   -4.6  06:28   34.7    0.0     0.0  4.9    22.5  13:19   ENE
04     3.3    8.9  14:18   -0.8  06:50   25.7    0.0     0.2  4.2    20.9  13:58   E
05     3.6    7.5  12:58    0.4  23:53   25.8    0.0     0.0  5.5    24.1  14:30   NE
06     2.0    4.8  16:45   -0.6  04:36   29.2    0.0     0.0  3.3    20.9  13:55   N
07     5.9   10.4  13:34    2.8  03:14   21.1    0.0     0.0  9.9    37.0  12:45   SW
08     6.6   12.4  15:29    3.4  06:36   18.8    0.0     0.0  8.8    32.2  14:06   SW
09     8.9   13.4  12:12    4.2  05:03   17.2    0.0     0.0  5.7    32.2  11:15   SSE
10    10.1   15.3  13:40    6.3  04:06   13.6    0.0     0.2  3.5    19.3  13:38   SE
11    10.6   18.2  14:07    5.1  07:21   12.0    0.0     0.0  4.6    16.1  01:25   ESE
12     9.8   13.4  15:28    7.3  23:38   14.3    0.0     5.6 12.4    57.9  12:00   SW
13     8.5   12.3  13:17    6.3  23:58   16.2    0.0     0.0 19.4    53.1  10:40   SW
14     5.4    9.3  16:04    2.6  23:13   22.2    0.0     2.0  7.4    29.0  00:55   WSW
15     5.8   12.2  14:14   -0.2  07:01   22.2    0.0     0.0  6.5    35.4  14:15   E
16     8.0   12.3  14:37    4.0  23:54   18.3    0.0     1.2  7.7    41.8  16:25   SW
17     2.9    5.8  11:24   -0.4  23:42   28.2    0.0     0.4  8.1    41.8  21:45   NNE
18    -2.2   -0.3  00:00   -3.6  09:23   36.5    0.0     0.8 10.5    48.3  00:36   ENE
19    -3.5   -2.3  15:16   -4.4  23:55   39.0    0.0     0.6  5.6    24.1  01:17   NE
20    -1.9    2.2  14:44   -4.9  01:59   35.4    0.0     0.2  5.2    27.4  20:20   W
21    -0.0    4.2  16:02   -2.7  23:50   31.7    0.0     1.0  4.3    20.9  08:55   WNW
22    -0.1    5.3  14:52   -5.5  06:18   33.2    0.0     0.2  8.1    38.6  17:50   SW
23     2.8    6.3  14:47    0.3  01:53   27.1    0.0     0.8  6.2    22.5  08:15   WSW
24     4.2    9.5  14:44    0.2  05:56   24.3    0.0     0.0  7.2    30.6  11:50   ENE
25     5.7   13.7  16:11   -1.4  06:48   22.0    0.0     0.0  2.8    22.5  15:53   SSE
26     5.9    9.2  13:50    2.9  04:01   22.2    0.0     0.2  4.1    27.4  19:45   SW
27     5.8   10.3  16:54    3.1  09:49   20.9    0.0     0.2  5.8    27.4  11:10   WSW
28     8.3   12.3  13:34    3.8  03:39   18.5    0.0     5.0 11.9    43.5  13:35   SSW
29     7.3   10.9  14:27    4.2  23:53   19.4    0.0     1.0  9.1    38.6  04:20   WSW
30     7.9   14.6  16:48    2.1  04:42   18.0    0.0     0.0  7.4    32.2  23:45   E
31     6.9    9.7  16:24    4.6  08:57   20.2    0.0     0.2  8.6    35.4  01:10   WSW
---------------------------------------------------------------------------------------
       4.0   18.2    11   -11.4     1   776.8    0.0    19.8  7.2    57.9    12    SW

Max >=   32.2:  0
Max <=    0.0:  4
Min <=    0.0:  13
Min <=  -17.8:  0
Max Rain    :    5.6 mm ON 03/12/2018
Days of Rain: 10 (> 0.254 mm) 2 (> 2.54 mm) 0 (> 25.4 mm)



Please note the license to use and transfer of this data:
http://creativecommons.org/licenses/by-nc-sa/3.0/deed.en

Bitte beachten sie die Lizenz zur Verwertung und Weitergabe der Daten:
http://creativecommons.org/licenses/by-nc-sa/3.0/deed.de

zurück zur Übersicht der NOAA Aufstellungen

Cookies helfen bei der Bereitstellung von Inhalten. Durch die Nutzung dieser Seiten erklärst du dich damit einverstanden, dass Cookies auf deinem Rechner gespeichert werden. Weitere Information