NOAA klimatische Zusammenfassung

                   MONTHLY CLIMATOLOGICAL SUMMARY for JUL 2018


NAME: Wetterstation-Pliening  CITY: Pliening              STATE: Bayern              
ELEV:  504.1 m    LAT: 48.2 N    LONG: 11.8 E


                   TEMPERATURE (C), RAIN (mm), WIND SPEED (kph)

                                         HEAT   COOL         AVG
      MEAN                               DEG    DEG          WIND                  DOM
DAY   TEMP   HIGH  TIME    LOW   TIME    DAYS   DAYS   RAIN  SPEED   HIGH  TIME    DIR
---------------------------------------------------------------------------------------
01    17.7   23.1  15:45   10.9  05:57    2.4    0.0     0.0  6.3    25.7  11:00   NE
02    18.2   25.1  17:11    9.1  05:45    2.2    0.0     0.0  4.9    22.5  10:20   NE
03    20.9   28.3  16:40   11.7  05:23    0.0    2.9     0.0  3.9    24.1  15:08   S
04    22.2   28.1  13:16   16.2  05:21    0.0    6.8     0.0  5.0    32.2  16:30   SSW
05    21.0   28.8  13:56   14.9  05:37    0.0    6.3     1.2  5.7    40.2  16:05   SSW
06    17.4   20.2  17:33   15.8  06:44    0.6    0.0    12.4  6.6    27.4  09:34   WSW
07    20.1   26.4  16:32   14.4  05:36    0.0    3.8     0.0  6.0    25.7  17:15   WSW
08    21.0   27.2  18:35   14.9  05:35    0.0    4.9     0.0  4.2    30.6  15:10   W
09    21.1   27.9  17:21   14.2  05:39    0.0    4.9     0.0  2.2    19.3  12:55   SSW
10    18.7   25.1  15:46   15.9  17:25    0.0    3.9     6.0  3.8    51.5  17:11   W
11    16.9   21.0  16:14   13.4  01:02    2.0    0.0    18.6  4.7    25.7  16:35   SW
12    18.6   25.3  16:39   11.3  05:45    0.1    0.0     0.0  4.6    29.0  11:10   SW
13    21.7   29.3  17:36   12.9  05:56    0.0    5.0     0.0  2.9    25.7  18:05   NW
14    21.3   28.2  12:34   14.8  05:22    0.0    5.7     0.4  3.5    30.6  14:45   SSE
15    20.2   29.3  14:39   15.4  05:47    0.0    7.3    24.4  3.5    38.6  16:50   S
16    19.5   26.5  15:32   14.8  05:48    0.0    4.2     2.8  3.2    30.6  07:45   S
17    20.4   28.5  15:21   14.2  05:44    0.0    5.4     0.0  7.0    45.1  16:10   SW
18    22.9   30.0  16:30   16.8  04:22    0.0    9.1     0.0  5.2    27.4  15:10   W
19    22.4   30.9  17:57   15.6  06:08    0.0    8.8     0.0  3.0    19.3  15:45   N
20    23.5   29.8  16:09   15.3  05:58    0.0    7.6     2.6  3.1    30.6  23:50   ESE
21    18.7   22.6  17:39   16.8  10:20    0.0    2.4    12.0  4.6    27.4  00:00   SW
22    17.4   19.3  18:21   16.3  07:54    1.0    0.0    36.8  5.3    27.4  04:58   WSW
23    20.1   26.8  16:04   16.6  06:12    0.0    6.1     5.2  3.9    45.1  19:35   SW
24    22.6   29.5  16:00   15.2  06:01    0.0    7.2     0.0  2.4    17.7  13:50   ESE
25    24.1   32.7  17:16   16.6  06:00    0.0   11.3     0.0  3.7    22.5  13:30   SSW
26    23.7   29.6  17:33   17.2  06:04    0.0    9.2     0.0  3.8    22.5  11:50   SE
27    24.2   31.1  16:04   17.6  06:56    0.0   10.8     0.0  3.3    24.1  12:50   ENE
28    24.3   31.2  13:04   17.7  06:03    0.0   10.9     0.2  5.3    37.0  16:20   SSW
29    24.8   29.9  16:26   19.6  05:47    0.0   11.6     0.0  3.2    19.3  16:00   ENE
30    26.3   34.9  17:28   18.5  05:59    0.0   15.1     0.0  2.5    16.1  14:30   SSE
31    26.9   34.4  18:14   18.8  06:22    0.0   14.9     0.0  2.6    19.3  15:21   SE
---------------------------------------------------------------------------------------
      21.3   34.9    30     9.1     2     8.3  186.2   122.6  4.2    51.5    10    SSW

Max >=   32.2:  3
Max <=    0.0:  0
Min <=    0.0:  0
Min <=  -17.8:  0
Max Rain    :   36.8 mm ON 07/22/2018
Days of Rain: 11 (> 0.254 mm) 9 (> 2.54 mm) 1 (> 25.4 mm)



Please note the license to use and transfer of this data:
http://creativecommons.org/licenses/by-nc-sa/3.0/deed.en

Bitte beachten sie die Lizenz zur Verwertung und Weitergabe der Daten:
http://creativecommons.org/licenses/by-nc-sa/3.0/deed.de

zurück zur Übersicht der NOAA Aufstellungen

Cookies helfen bei der Bereitstellung von Inhalten. Durch die Nutzung dieser Seiten erklärst du dich damit einverstanden, dass Cookies auf deinem Rechner gespeichert werden. Weitere Information