NOAA klimatische Zusammenfassung

                   MONTHLY CLIMATOLOGICAL SUMMARY for NOV 2018


NAME: Wetterstation-Pliening  CITY: Pliening              STATE: Bayern              
ELEV:  504.1 m    LAT: 48.2 N    LONG: 11.8 E


                   TEMPERATURE (C), RAIN (mm), WIND SPEED (kph)

                                         HEAT   COOL         AVG
      MEAN                               DEG    DEG          WIND                  DOM
DAY   TEMP   HIGH  TIME    LOW   TIME    DAYS   DAYS   RAIN  SPEED   HIGH  TIME    DIR
---------------------------------------------------------------------------------------
01     8.6   12.8  15:35    5.7  23:55   16.4    0.0     0.0  1.7    12.9  07:10   SW
02     8.1   10.7  11:59    5.3  06:15   18.6    0.0     0.4  1.0    11.3  00:55   S
03     9.6   11.1  14:37    8.4  07:29   15.5    0.0     0.0  2.5    20.9  23:00   NE
04    10.1   11.0  13:49    9.4  08:09   14.6    0.0     0.0  3.5    19.3  22:43   E
05    11.5   21.3  14:20    5.4  07:04    8.9    0.0     0.0  2.6    17.7  02:31   ENE
06    12.6   20.6  12:06    5.3  06:43    9.7    0.0     0.0  3.4    24.1  21:10   ESE
07    10.7   16.4  13:16    7.3  08:14   11.6    0.0     0.0  2.8    14.5  13:40   SSE
08     9.5   14.2  14:36    6.9  22:53   14.0    0.0     0.0  2.6    17.7  14:10   NE
09     8.7   10.3  13:36    7.5  22:59   17.0    0.0     0.0  2.6    14.5  00:14   E
10     8.2   12.8  14:08    6.3  08:20   15.8    0.0     0.0  3.8    17.7  08:19   E
11     8.9   14.9  14:35    6.3  07:31   14.0    0.0     0.0  2.5    17.7  06:35   ESE
12     8.4   14.9  12:33    3.7  06:28   16.2    0.0     0.0  1.9    16.1  09:00   ESE
13     8.2   13.7  11:17    2.8  07:58   18.2    0.0     0.0  3.8    33.8  11:20   S
14     5.0    6.6  15:04    1.8  07:05   25.4    0.0     0.0  3.0    19.3  12:40   E
15     4.2    5.6  16:27    0.6  23:58   27.5    0.0     0.0  1.4    14.5  00:55   E
16     2.2    6.2  14:41   -1.5  03:52   28.8    0.0     0.0  3.7    25.7  10:05   NE
17     2.7    7.4  13:56   -0.5  04:18   26.8    0.0     0.0  7.2    30.6  12:15   ENE
18     1.4    5.4  14:16   -1.6  07:44   29.5    0.0     0.0  4.4    25.7  12:52   NE
19     0.1    0.9  00:00   -0.8  23:59   32.8    0.0     0.0  9.4    30.6  13:01   ENE
20     1.7    6.6  14:06   -1.2  00:53   28.2    0.0     0.0  6.1    41.8  07:55   ENE
21     0.7    2.1  18:35   -0.8  02:12   31.8    0.0     0.0  3.9    17.7  03:30   ENE
22     2.1    4.7  14:03    0.3  06:10   28.5    0.0     0.0  2.1    11.3  10:10   SE
23     2.0    2.9  23:43    0.4  07:58   30.0    0.0     0.0  4.4    19.3  13:10   E
24     4.8    7.8  13:45    2.9  00:00   23.4    0.0     0.2  3.2    24.1  07:40   SSW
25     2.8    4.6  14:25   -0.2  07:06   29.0    0.0     0.0  3.7    20.9  15:30   NE
26     2.3    4.0  00:02    1.2  19:00   28.3    0.0     6.0  3.4    17.7  04:35   N
27     1.4    2.4  19:39    0.8  05:21   30.1    0.0     4.0  0.8     8.0  10:10   W
28     0.1    1.8  01:01   -2.1  06:19   33.2    0.0     0.0  4.1    19.3  19:45   ESE
29    -1.0    0.8  14:02   -3.1  08:13   35.1    0.0     0.0  3.3    16.1  13:06   ENE
30     1.0    4.4  23:58   -1.1  08:00   30.0    0.0     2.0  1.4    14.5  23:40   ENE
---------------------------------------------------------------------------------------
       5.2   21.3     5    -3.1    29   689.0    0.0    12.6  3.3    41.8    20    ENE
Max >=   32.2:  0
Max <=    0.0:  0
Min <=    0.0:  10
Min <=  -17.8:  0
Max Rain    :    6.0 mm ON 11/26/2018
Days of Rain: 4 (> 0.254 mm) 2 (> 2.54 mm) 0 (> 25.4 mm)



Please note the license to use and transfer of this data:
http://creativecommons.org/licenses/by-nc-sa/3.0/deed.en

Bitte beachten sie die Lizenz zur Verwertung und Weitergabe der Daten:
http://creativecommons.org/licenses/by-nc-sa/3.0/deed.de

zurück zur Übersicht der NOAA Aufstellungen

Cookies helfen bei der Bereitstellung von Inhalten. Durch die Nutzung dieser Seiten erklärst du dich damit einverstanden, dass Cookies auf deinem Rechner gespeichert werden. Weitere Information