NOAA klimatische Zusammenfassung

                   MONTHLY CLIMATOLOGICAL SUMMARY for DEC 2018


NAME: Wetterstation-Pliening  CITY: Pliening              STATE: Bayern              
ELEV:  504.1 m    LAT: 48.2 N    LONG: 11.8 E


                   TEMPERATURE (C), RAIN (mm), WIND SPEED (kph)

                                         HEAT   COOL         AVG
      MEAN                               DEG    DEG          WIND                  DOM
DAY   TEMP   HIGH  TIME    LOW   TIME    DAYS   DAYS   RAIN  SPEED   HIGH  TIME    DIR
---------------------------------------------------------------------------------------
01     5.4    9.4  13:22    2.2  23:08   22.5    0.0     0.4  3.2    17.7  00:00   SSW
02     6.7   12.1  22:19    2.3  00:00   20.1    0.0     6.6  8.0    38.6  16:40   SSE
03    12.2   15.2  13:00    9.7  01:19   10.7    0.0     2.0 15.9    59.5  21:40   SW
04     8.2   11.1  00:03    5.1  23:59   18.4    0.0     1.4 11.9    49.9  10:38   WSW
05     4.0    5.9  13:14    2.4  22:03   25.5    0.0     0.0  1.6    16.1  11:50   E
06     7.8   11.3  14:52    2.8  00:01   20.2    0.0     0.6  4.7    27.4  15:20   SSW
07    11.2   14.0  14:23    9.6  20:34   11.8    0.0     0.0  9.9    54.7  23:55   SW
08     7.3   11.0  00:00    4.9  05:39   18.7    0.0     0.0 24.2    59.5  15:10   SW
09     6.7    9.5  02:36    4.8  23:32   20.1    0.0     8.2 23.4    61.2  03:45   SW
10     2.8    5.3  00:55    0.8  06:05   27.5    0.0    12.8 15.8    46.7  02:15   WSW
11     1.6    2.7  12:08    0.9  08:39   29.8    0.0     0.0 15.9    40.2  11:40   WSW
12     0.7    1.7  17:05   -1.2  23:19   32.5    0.0     2.8  4.9    24.1  00:55   WSW
13    -0.8    0.1  01:57   -1.8  23:19   34.5    0.0     0.0  6.4    25.7  16:55   ENE
14    -2.0   -1.3  22:41   -2.3  08:38   36.2    0.0     0.0  3.8    17.7  01:47   ENE
15    -2.1   -1.2  02:37   -5.2  23:56   38.8    0.0     0.0  2.2    16.1  07:41   E
16    -2.2    1.5  19:31   -6.3  02:35   37.3    0.0     0.6  1.7    17.7  02:55   ESE
17     0.3    3.7  14:59   -4.4  07:31   33.7    0.0     0.2  2.5    19.3  19:55   S
18     2.3    5.8  13:55    0.1  23:53   27.7    0.0     0.0  4.4    20.9  18:55   ESE
19     1.0    3.6  14:14   -2.0  05:26   31.5    0.0     0.0  1.5    14.5  02:00   ESE
20     5.0    8.6  13:20    1.2  00:25   24.2    0.0     0.2  8.6    37.0  12:50   SSW
21     7.2   11.4  22:37    3.8  08:16   19.3    0.0     2.0 13.9    61.2  15:25   S
22    10.1   11.9  09:43    7.7  20:52   15.3    0.0     4.2 21.1    62.8  07:27   WSW
23     8.2   11.1  23:55    6.7  08:16   17.0    0.0     9.8 14.0    54.7  22:30   SW
24     5.5   11.8  02:32    2.4  21:24   20.2    0.0    11.0 15.4    61.2  04:35   WSW
25     1.2    2.9  00:27   -1.1  23:19   31.3    0.0     0.0  5.1    25.7  00:30   SW
26    -1.4    1.8  11:45   -3.8  23:55   34.8    0.0     0.0  2.0    14.5  11:45   SSW
27    -1.7    2.6  13:57   -4.6  06:37   34.8    0.0     0.0  0.6     8.0  12:23   NNW
28     1.2    6.3  14:12   -1.4  04:31   28.6    0.0     0.0  1.4    12.9  13:54   SW
29     0.1    2.4  15:16   -1.8  07:17   32.5    0.0     0.0  6.0    29.0  22:18   SW
30     3.1    4.2  14:48    0.6  00:27   28.7    0.0     3.4 16.6    41.8  05:55   WSW
31     3.8    5.0  20:37    2.7  09:49   26.1    0.0     5.8  8.4    22.5  00:15   WSW
---------------------------------------------------------------------------------------
       3.7   15.2     3    -6.3    16   810.1    0.0    72.0  8.9    62.8    22    SW

Max >=   32.2:  0
Max <=    0.0:  2
Min <=    0.0:  12
Min <=  -17.8:  0
Max Rain    :   12.8 mm ON 12/10/2018
Days of Rain: 15 (> 0.254 mm) 9 (> 2.54 mm) 0 (> 25.4 mm)



Please note the license to use and transfer of this data:
http://creativecommons.org/licenses/by-nc-sa/3.0/deed.en

Bitte beachten sie die Lizenz zur Verwertung und Weitergabe der Daten:
http://creativecommons.org/licenses/by-nc-sa/3.0/deed.de

zurück zur Übersicht der NOAA Aufstellungen

Cookies helfen bei der Bereitstellung von Inhalten. Durch die Nutzung dieser Seiten erklärst du dich damit einverstanden, dass Cookies auf deinem Rechner gespeichert werden. Weitere Information