NOAA klimatische Zusammenfassung

                   MONTHLY CLIMATOLOGICAL SUMMARY for JUL 2019


NAME: Wetterstation-Pliening  CITY: Pliening              STATE: Bayern              
ELEV:  504.1 m    LAT: 48.2 N    LONG: 11.8 E


                   TEMPERATURE (C), RAIN (mm), WIND SPEED (kph)

                                         HEAT   COOL         AVG
      MEAN                               DEG    DEG          WIND                  DOM
DAY   TEMP   HIGH  TIME    LOW   TIME    DAYS   DAYS   RAIN  SPEED   HIGH  TIME    DIR
---------------------------------------------------------------------------------------
01    23.7   32.8  12:50   18.7  23:49    0.0   13.3     4.2  6.1    53.1  14:05   SSW
02    21.6   26.9  15:17   17.8  23:55    0.0    7.2     2.0  2.5    20.9  04:35   W
03    19.9   25.3  17:31   14.1  04:13    0.0    2.5     0.0  1.7    19.3  13:15   N
04    20.2   28.2  17:45   12.6  05:50    0.0    3.6     0.0  1.8    17.7  15:35   NW
05    22.1   29.6  16:59   14.1  05:53    0.0    6.3     0.0  4.4    29.0  15:50   SW
06    24.2   32.1  14:58   16.3  06:44    0.0   10.6     0.0  6.0    37.0  14:30   SSW
07    18.8   23.1  15:56   16.4  09:19    0.0    2.6    12.2  4.3    74.0  16:05   SW
08    16.2   19.3  13:52   13.8  03:52    3.2    0.0     4.2  4.1    27.4  14:40   SW
09    16.5   22.1  17:13   12.4  05:46    1.9    0.0     0.0  2.9    24.1  17:00   NW
10    16.8   23.7  17:50   10.3  06:29    2.4    0.0     0.0  2.1    16.1  07:50   WNW
11    16.0   22.7  12:40   11.7  03:41    2.1    0.0     3.0  3.8    29.0  15:30   SW
12    17.4   21.7  10:57   14.1  01:17    0.8    0.0     1.6  7.5    38.6  12:45   SW
13    15.1   20.1  16:51   13.4  06:53    2.8    0.0    11.2  7.9    37.0  12:55   SW
14    16.3   20.8  14:27   13.2  23:37    2.4    0.0     0.6  2.2    19.3  11:20   SW
15    17.7   24.4  16:56   12.3  04:04    0.0    0.1     0.0  2.8    22.5  12:15   NNE
16    19.3   26.6  17:29   12.6  05:54    0.0    2.3     0.0  5.0    29.0  13:40   WSW
17    20.7   28.8  16:05   13.1  05:48    0.0    4.8     0.0  2.5    25.7  16:14   NW
18    21.8   29.1  17:17   14.4  05:46    0.0    6.2     0.0  2.9    17.7  15:15   SW
19    21.8   28.7  16:24   15.9  04:24    0.0    7.2     0.2  2.1    16.1  13:26   NNW
20    25.0   33.6  17:25   15.4  05:32    0.0   11.1     0.0  3.5    25.7  13:20   WSW
21    21.2   27.3  17:58   17.8  07:21    0.0    7.6    12.0  5.3    40.2  06:25   S
22    23.7   31.6  17:26   16.4  05:53    0.0   10.2     0.0  2.8    19.3  15:34   SSW
23    24.9   31.6  16:47   16.8  05:52    0.0   10.5     0.0  2.8    20.9  15:55   E
24    26.8   34.9  16:51   17.8  06:28    0.0   14.5     0.0  1.9    16.1  17:55   E
25    28.0   34.8  14:47   19.6  05:45    0.0   15.9     0.0  3.2    24.1  15:28   ESE
26    27.8   35.7  16:09   19.3  06:12    0.0   16.5     0.0  2.3    20.9  19:48   SE
27    23.4   27.6  14:42   19.3  23:42    0.0    9.2     0.4  4.2    29.0  07:55   SW
28    19.8   23.3  14:17   17.7  04:11    0.0    3.8     6.0  5.2    24.1  22:55   WSW
29    17.6   19.9  18:07   15.7  08:04    0.9    0.0     4.0  8.4    37.0  03:00   WSW
30    22.0   28.7  17:24   16.6  06:23    0.0    7.8     0.0  1.8    17.7  17:10   SSW
31    18.0   20.4  00:00   16.1  23:57    0.1    0.0     6.2  4.6    32.2  03:15   SW
---------------------------------------------------------------------------------------
      20.8   35.7    26    10.3    10    16.8  173.7    67.8  3.8    74.0     7    SW

Max >=   32.2:  5
Max <=    0.0:  0
Min <=    0.0:  0
Min <=  -17.8:  0
Max Rain    :   12.2 mm ON 07/07/2019
Days of Rain: 13 (> 0.254 mm) 9 (> 2.54 mm) 0 (> 25.4 mm)



Please note the license to use and transfer of this data:
http://creativecommons.org/licenses/by-nc-sa/3.0/deed.en

Bitte beachten sie die Lizenz zur Verwertung und Weitergabe der Daten:
http://creativecommons.org/licenses/by-nc-sa/3.0/deed.de

zurück zur Übersicht der NOAA Aufstellungen

Cookies helfen bei der Bereitstellung von Inhalten. Durch die Nutzung dieser Seiten erklärst du dich damit einverstanden, dass Cookies auf deinem Rechner gespeichert werden. Weitere Information