NOAA klimatische Zusammenfassung

                   MONTHLY CLIMATOLOGICAL SUMMARY for AUG 2019


NAME: Wetterstation-Pliening  CITY: Pliening              STATE: Bayern              
ELEV:  504.1 m    LAT: 48.2 N    LONG: 11.8 E


                   TEMPERATURE (C), RAIN (mm), WIND SPEED (kph)

                                         HEAT   COOL         AVG
      MEAN                               DEG    DEG          WIND                  DOM
DAY   TEMP   HIGH  TIME    LOW   TIME    DAYS   DAYS   RAIN  SPEED   HIGH  TIME    DIR
---------------------------------------------------------------------------------------
01    19.9   27.1  16:10   13.2  05:44    0.0    3.2     0.2  1.9    19.3  16:10   NW
02    20.5   25.8  16:39   16.1  06:10    0.0    4.7     0.0  4.5    32.2  18:28   NNW
03    18.0   22.6  12:24   14.3  05:41    0.0    0.2     2.2  5.6    35.4  12:51   SW
04    20.2   27.6  17:34   13.4  06:09    0.0    3.9     0.0  2.1    19.3  16:45   SW
05    22.0   29.3  15:23   15.4  04:18    0.0    7.2     0.0  2.7    16.1  10:05   SE
06    23.0   28.7  17:57   18.8  04:11    0.0    9.7     0.0  9.7    37.0  16:00   SSW
07    19.8   25.3  12:36   16.2  21:49    0.0    4.4     7.4  4.2    45.1  14:15   SSW
08    21.0   28.1  18:49   16.2  00:38    0.0    6.8     0.2  2.2    19.3  15:35   SW
09    24.3   34.4  17:30   14.1  06:12    0.0   10.7     0.0  1.6    14.5  15:25   SE
10    21.2   25.0  00:00   19.0  11:47    0.0    6.6     2.0  3.8    30.6  09:45   SSW
11    22.6   28.3  16:09   16.1  06:30    0.0    6.9     0.2  6.0    41.8  22:10   E
12    16.5   20.2  00:00   14.7  15:26    1.6    0.0    13.4  3.3    27.4  01:25   W
13    16.5   20.2  12:53   13.9  23:39    2.2    0.0     5.0  3.5    22.5  15:25   SW
14    16.9   22.9  18:34   12.4  06:45    1.1    0.0     0.2  2.8    19.3  12:25   WSW
15    15.8   22.0  16:36    9.6  06:11    4.6    0.0     3.4  4.9    27.4  17:47   S
16    18.3   24.1  16:21   14.3  06:34    0.0    1.5     0.0  5.1    22.5  13:46   WSW
17    19.7   26.8  16:09   12.3  04:17    0.0    2.2     0.0  2.8    22.5  12:29   SSW
18    25.2   35.3  17:52   17.3  05:48    0.0   14.3     0.0  3.5    20.9  09:40   SSE
19    20.5   26.4  16:27   17.1  05:43    0.0    6.1     9.6  3.7    33.8  02:25   S
20    17.5   19.8  12:08   13.6  23:58    3.0    0.0     6.6  4.3    33.8  19:15   NW
21    16.0   20.5  13:29   13.1  04:04    2.8    0.0     5.8  3.3    19.3  12:15   ENE
22    16.8   22.5  17:51   12.4  06:26    1.5    0.0     0.0  4.4    24.1  10:30   E
23    17.9   22.0  11:37   12.1  04:32    2.3    0.0     0.0  2.4    24.1  13:05   E
24    21.7   28.9  16:01   14.3  06:47    0.0    5.9     0.0  1.7    20.9  21:34   NE
25    21.1   28.2  14:36   16.2  06:17    0.0    6.9     0.0  2.9    22.5  17:45   S
26    21.7   27.8  14:34   15.8  04:35    0.0    6.2     1.0  2.2    20.9  14:40   ESE
27    22.6   29.1  15:59   16.6  06:18    0.0    8.1     0.0  2.0    14.5  14:55   NE
28    23.2   29.7  14:30   16.9  04:53    0.0    8.9     0.0  2.3    17.7  16:40   SE
29    21.6   27.8  17:40   17.9  06:28    0.0    8.2     3.2  3.1    25.7  02:15   SW
30    21.9   28.7  14:23   15.6  06:44    0.0    6.8     0.0  2.4    19.3  15:30   ESE
31    22.7   31.7  15:19   15.5  06:40    0.0    9.5     0.0  1.8    19.3  22:10   SE
---------------------------------------------------------------------------------------
      20.2   35.3    18     9.6    15    19.2  149.1    60.4  3.4    45.1     7    S

Max >=   32.2:  2
Max <=    0.0:  0
Min <=    0.0:  0
Min <=  -17.8:  0
Max Rain    :   13.4 mm ON 08/12/2019
Days of Rain: 11 (> 0.254 mm) 8 (> 2.54 mm) 0 (> 25.4 mm)



Please note the license to use and transfer of this data:
http://creativecommons.org/licenses/by-nc-sa/3.0/deed.en

Bitte beachten sie die Lizenz zur Verwertung und Weitergabe der Daten:
http://creativecommons.org/licenses/by-nc-sa/3.0/deed.de

zurück zur Übersicht der NOAA Aufstellungen

Cookies helfen bei der Bereitstellung von Inhalten. Durch die Nutzung dieser Seiten erklärst du dich damit einverstanden, dass Cookies auf deinem Rechner gespeichert werden. Weitere Information