NOAA klimatische Zusammenfassung

                   MONTHLY CLIMATOLOGICAL SUMMARY for MAR 2020


NAME: Wetterstation-Pliening  CITY: Pliening              STATE: Bayern              
ELEV:  504.1 m    LAT: 48.2 N    LONG: 11.8 E


                   TEMPERATURE (C), RAIN (mm), WIND SPEED (kph)

                                         HEAT   COOL         AVG
      MEAN                               DEG    DEG          WIND                  DOM
DAY   TEMP   HIGH  TIME    LOW   TIME    DAYS   DAYS   RAIN  SPEED   HIGH  TIME    DIR
---------------------------------------------------------------------------------------
01     8.2   13.4  13:31    3.2  23:06   18.0    0.0     3.6  9.2    69.2  22:45   S
02     6.9    9.6  11:54    2.7  07:10   21.9    0.0     0.0 10.1    38.6  02:45   E
03     4.3    6.4  00:00    1.8  23:52   25.6    0.0     3.6 13.4    48.3  08:25   SW
04     3.7    7.3  13:51    0.7  02:19   25.8    0.0     0.4  5.9    29.0  05:50   SW
05     4.7    9.3  15:22   -0.2  03:16   24.8    0.0     2.0  4.5    20.9  16:25   ESE
06     6.7    9.6  13:47    3.9  21:59   20.8    0.0     0.0 20.2    67.6  09:30   SW
07     4.0    7.1  13:52    1.9  23:07   24.9    0.0     2.4 11.6    35.4  04:25   WSW
08     5.1   12.2  16:14   -0.6  06:41   22.5    0.0     0.0  3.6    22.5  16:26   S
09     5.9    8.3  16:26    3.2  02:28   22.7    0.0     0.8  9.8    35.4  09:30   SW
10     5.1   10.2  23:56    1.8  04:02   22.2    0.0     9.4 13.7    48.3  09:05   SSW
11    12.8   16.1  17:12   10.2  00:00    9.4    0.0     0.0 17.6    51.5  10:15   SW
12    12.4   18.1  15:34    7.1  05:11   10.3    0.0     0.0 13.4    64.4  14:42   SSW
13     7.4   12.2  15:35    3.1  23:59   19.2    0.0     3.6  9.7    46.7  01:35   WSW
14     5.3   10.1  16:02    1.2  06:43   22.8    0.0     0.0  3.5    20.9  11:49   NE
15     6.3   14.6  15:43    0.6  06:15   19.3    0.0     0.0  4.9    24.1  10:02   E
16     9.3   17.9  15:33    1.8  03:42   15.2    0.0     0.0  1.7    16.1  11:55   ESE
17     9.7   14.3  11:23    5.7  03:26   15.0    0.0     0.2  3.8    19.3  12:10   SSE
18    11.2   17.7  16:03    4.7  06:40   12.8    0.0     0.0  2.4    20.9  14:14   ESE
19    11.3   18.3  13:52    4.3  06:31   12.7    0.0     0.0  2.6    22.5  14:40   E
20    11.8   19.1  15:03    5.1  06:32   11.2    0.0     0.0  3.3    30.6  23:15   E
21     4.5    9.8  00:00    0.8  23:54   23.4    0.0     5.8 10.3    33.8  21:05   NNE
22     1.1    5.2  15:07   -2.1  23:59   30.2    0.0     0.0 11.7    37.0  09:15   ENE
23    -0.3    4.2  14:28   -4.2  06:16   33.0    0.0     0.0  9.6    35.4  11:00   ENE
24     0.3    5.2  15:47   -3.9  05:56   31.8    0.0     0.0  9.0    33.8  13:18   ENE
25     1.0    6.1  16:00   -2.9  06:08   30.2    0.0     0.0 14.2    46.7  19:05   ENE
26     2.8    9.2  15:21   -1.8  04:28   26.4    0.0     0.0 11.5    32.2  03:45   ENE
27     9.1   17.1  15:52    1.1  06:19   16.6    0.0     0.0  6.7    32.2  14:55   ENE
28     8.8   16.9  14:57    1.0  06:11   16.9    0.0     0.0  3.0    19.3  13:05   N
29     6.8    9.6  14:29    3.9  23:54   20.8    0.0     0.0  6.3    30.6  19:40   NNW
30     1.7    6.6  17:35   -0.8  23:47   27.8    0.0     0.0  9.3    38.6  01:45   NNE
31     1.2    7.6  16:54   -4.1  07:02   29.8    0.0     0.0  4.5    22.5  14:26   N
---------------------------------------------------------------------------------------
       6.1   19.1    20    -4.2    23   664.4    0.0    31.8  8.4    69.2     1    ENE

Max >=   32.2:  0
Max <=    0.0:  0
Min <=    0.0:  9
Min <=  -17.8:  0
Max Rain    :    9.4 mm ON 03/10/2020
Days of Rain: 9 (> 0.254 mm) 5 (> 2.54 mm) 0 (> 25.4 mm)



Please note the license to use and transfer of this data:
http://creativecommons.org/licenses/by-nc-sa/3.0/deed.en

Bitte beachten sie die Lizenz zur Verwertung und Weitergabe der Daten:
http://creativecommons.org/licenses/by-nc-sa/3.0/deed.de

zurück zur Übersicht der NOAA Aufstellungen

Cookies helfen bei der Bereitstellung von Inhalten. Durch die Nutzung dieser Seiten erklärst du dich damit einverstanden, dass Cookies auf deinem Rechner gespeichert werden. Weitere Information