NOAA klimatische Zusammenfassung

                   MONTHLY CLIMATOLOGICAL SUMMARY for JUN 2020


NAME: Wetterstation-Pliening  CITY: Pliening              STATE: Bayern              
ELEV:  504.1 m    LAT: 48.2 N    LONG: 11.8 E


                   TEMPERATURE (C), RAIN (mm), WIND SPEED (kph)

                                         HEAT   COOL         AVG
      MEAN                               DEG    DEG          WIND                  DOM
DAY   TEMP   HIGH  TIME    LOW   TIME    DAYS   DAYS   RAIN  SPEED   HIGH  TIME    DIR
---------------------------------------------------------------------------------------
01    16.6   22.8  16:46    9.3  05:37    4.2    0.0     0.0  4.6    29.0  15:15   ENE
02    17.8   24.9  17:00    9.3  05:18    2.2    0.0     0.0  2.7    19.3  10:30   NNE
03    20.0   27.7  17:02   11.1  05:52    0.0    1.9     0.0  3.6    19.3  17:35   S
04    16.7   20.1  13:11   12.8  23:57    3.4    0.0     1.6  6.3    25.7  22:21   SW
05    14.1   18.1  18:28   11.6  04:05    6.3    0.0     3.2 11.0    48.3  18:55   SW
06    16.3   21.2  15:39   13.2  23:34    2.1    0.0    11.6  7.5    41.8  01:10   SSW
07    11.9   14.0  08:52    8.7  17:45   12.5    0.0     3.6  3.9    30.6  16:05   WSW
08    11.9   17.3  14:55    9.0  00:32    9.3    0.0     0.2  1.7    25.7  12:35   ESE
09    12.8   14.4  15:16   11.3  06:33    9.8    0.0     8.0  5.5    20.9  07:15   NNE
10    13.8   15.4  16:59   12.6  23:52    7.8    0.0     5.0  1.8    17.7  19:40   NNW
11    15.4   20.8  16:41   12.2  03:55    3.2    0.0     5.2  1.9    16.1  16:25   NW
12    19.4   27.1  17:19   10.2  05:47    0.0    0.6     0.2  5.4    32.2  12:00   ENE
13    21.2   28.1  16:16   13.6  05:42    0.0    4.4     0.0  4.6    27.4  08:30   NW
14    14.7   20.8  00:00   13.3  21:39    2.3    0.0    14.4 14.2    51.5  00:30   SW
15    13.8   14.9  15:11   13.2  01:20    7.7    0.0    27.6 12.3    33.8  07:40   SW
16    16.3   22.3  17:42   13.3  00:00    0.9    0.0     2.8  4.1    19.3  01:20   WSW
17    17.0   24.2  17:00   13.4  22:06    0.0    0.8     6.4  5.2    46.7  17:50   SSW
18    17.8   24.3  17:33   12.6  05:55    0.0    0.2     0.0  5.6    25.7  01:49   WSW
19    14.4   15.6  17:53   12.9  11:24    7.3    0.0     6.2  8.2    27.4  13:55   SW
20    15.8   20.6  13:52   13.2  04:55    2.6    0.0     0.0  6.4    29.0  14:40   SW
21    17.9   23.2  14:54   13.4  03:22    0.1    0.0     0.0  5.1    29.0  14:45   SW
22    19.3   25.2  16:26   13.4  05:25    0.0    1.8     0.0  5.5    24.1  16:10   SW
23    20.4   26.3  15:36   14.7  04:42    0.0    3.9     0.0  3.1    22.5  15:05   NNE
24    19.2   25.1  17:23   11.9  05:22    0.0    0.3     0.0  5.0    24.1  18:45   NE
25    18.3   25.1  17:53   13.4  05:56    0.0    1.7     0.0  3.4    22.5  18:35   NE
26    20.2   28.5  16:29   11.2  05:37    0.0    2.7     3.4  3.6    32.2  21:20   ENE
27    22.7   31.5  18:12   16.6  06:13    0.0   10.3     4.4  4.7    40.2  21:05   S
28    22.0   29.1  12:30   15.7  05:22    0.0    7.3     2.0  5.0    29.0  19:30   SW
29    17.7   23.5  18:27   15.1  05:37    0.0    1.7    22.6  4.4    30.6  19:20   SW
30    20.4   27.4  17:33   13.9  05:01    0.0    4.2     0.2  5.9    27.4  14:25   SW
---------------------------------------------------------------------------------------
      17.2   31.5    27     8.7     7    81.7   41.7   128.6  5.4    51.5    14    SW

Max >=   32.2:  0
Max <=    0.0:  0
Min <=    0.0:  0
Min <=  -17.8:  0
Max Rain    :   27.6 mm ON 06/15/2020
Days of Rain: 16 (> 0.254 mm) 14 (> 2.54 mm) 1 (> 25.4 mm)



Please note the license to use and transfer of this data:
http://creativecommons.org/licenses/by-nc-sa/3.0/deed.en

Bitte beachten sie die Lizenz zur Verwertung und Weitergabe der Daten:
http://creativecommons.org/licenses/by-nc-sa/3.0/deed.de

zurück zur Übersicht der NOAA Aufstellungen

Cookies helfen bei der Bereitstellung von Inhalten. Durch die Nutzung dieser Seiten erklärst du dich damit einverstanden, dass Cookies auf deinem Rechner gespeichert werden. Weitere Information