NOAA klimatische Zusammenfassung

                   MONTHLY CLIMATOLOGICAL SUMMARY for JUL 2022


NAME: Wetterstation-Pliening  CITY: Pliening              STATE: Bayern              
ELEV:  504.1 m    LAT: 48.2 N    LONG: 11.8 E


                   TEMPERATURE (C), RAIN (mm), WIND SPEED (kph)

                                         HEAT   COOL         AVG
      MEAN                               DEG    DEG          WIND                  DOM
DAY   TEMP   HIGH  TIME    LOW   TIME    DAYS   DAYS   RAIN  SPEED   HIGH  TIME    DIR
---------------------------------------------------------------------------------------
01    16.4   19.4  09:59   13.4  23:58    3.5    0.0     2.4  5.5    32.2  10:49   SW
02    18.3   24.8  17:07   11.1  05:10    0.8    0.0     0.0  4.7    29.0  15:30   E
03    24.1   33.7  18:40   14.8  04:55    0.0   10.7     0.0  2.7    19.3  10:20   WSW
04    23.0   28.8  16:47   17.5  23:12    0.0    8.7     8.6  4.3    30.6  02:54   SSW
05    22.1   28.8  16:58   17.1  05:22    0.0    8.2     0.4  4.8    27.4  13:10   SW
06    21.3   27.2  17:10   15.9  05:12    0.0    5.8     0.0  4.8    27.4  14:35   WSW
07    16.7   18.9  14:55   14.7  21:24    2.7    0.0     2.6  7.1    29.0  19:18   WSW
08    16.4   21.7  18:02   12.3  06:21    2.4    0.0     0.0  4.6    27.4  13:55   W
09    18.5   25.3  15:38   12.6  03:08    0.0    1.1     0.0  4.2    24.1  12:50   SW
10    17.8   22.5  18:18   13.2  23:45    0.9    0.0     0.2  5.6    32.2  16:30   WNW
11    17.6   23.2  18:34   12.1  02:23    1.2    0.0     0.0  2.4    22.5  10:50   WNW
12    21.0   28.2  18:14   15.1  05:40    0.0    5.9     0.0  2.1    19.3  11:05   NW
13    23.0   30.6  14:46   14.2  06:03    0.0    7.2     0.0  3.3    14.5  12:00   SE
14    27.0   35.2  15:38   19.7  06:41    0.0   16.4     0.0  6.7    37.0  16:40   SSW
15    21.8   28.4  18:40   16.2  05:28    0.0    7.1     1.0  2.9    22.5  15:35   NNW
16    21.5   28.3  17:39   15.2  06:08    0.0    6.2     0.0  3.0    25.7  14:09   NW
17    21.6   28.2  16:09   13.6  06:29    0.0    4.6     0.0  2.7    22.5  16:50   ENE
18    23.5   31.6  15:29   13.8  06:08    0.0    7.8     0.0  2.4    19.3  15:35   E
19    25.2   33.2  15:41   15.9  05:56    0.0   11.2     0.0  5.2    27.4  11:34   ENE
20    27.6   37.7  17:31   17.6  05:55    0.0   16.8     0.0  2.7    38.6  23:00   NE
21    22.9   27.1  17:35   20.3  23:50    0.0    9.6     0.0  3.4    25.7  00:05   SW
22    25.2   31.5  16:56   16.9  05:33    0.0   10.6     0.0  3.3    22.5  14:16   ESE
23    23.8   28.2  12:53   19.2  05:39    0.0    9.6     3.0  6.1    49.9  03:50   SW
24    25.3   32.1  17:27   18.6  06:52    0.0   12.6     0.0  2.9    19.3  13:17   SE
25    27.5   36.7  16:46   17.7  06:10    0.0   15.9     2.6  6.9    38.6  17:49   WSW
26    20.6   24.9  18:48   18.4  04:39    0.0    6.1    19.6  6.3    27.4  00:37   SSW
27    21.2   26.2  14:41   16.6  04:38    0.0    5.6     0.0  2.3    17.7  14:05   NNW
28    21.6   28.4  16:17   13.8  05:13    0.0    4.9     0.0  5.3    27.4  13:55   NE
29    22.3   28.4  14:26   17.2  23:58    0.0    8.1     1.0  6.6    38.6  19:55   SSW
30    20.9   26.9  17:24   16.3  05:06    0.0    5.9     1.0  9.4    40.2  13:45   SW
---------------------------------------------------------------------------------------
      21.8   37.7    20    11.1     2    11.5  206.4    42.4  4.5    49.9    23    WSW

Max >=   32.2:  5
Max <=    0.0:  0
Min <=    0.0:  0
Min <=  -17.8:  0
Max Rain    :   19.6 mm ON 07/26/2022
Days of Rain: 10 (> 0.254 mm) 5 (> 2.54 mm) 0 (> 25.4 mm)



Please note the license to use and transfer of this data:
http://creativecommons.org/licenses/by-nc-sa/3.0/deed.en

Bitte beachten sie die Lizenz zur Verwertung und Weitergabe der Daten:
http://creativecommons.org/licenses/by-nc-sa/3.0/deed.de

zurück zur Übersicht der NOAA Aufstellungen

Cookies helfen bei der Bereitstellung von Inhalten. Diese Website verwendet Cookies. Mit der Nutzung der Website erklären Sie sich damit einverstanden, dass Cookies auf Ihrem Computer gespeichert werden. Außerdem bestätigen Sie, dass Sie unsere Datenschutzerklärung gelesen und verstanden haben. Wenn Sie nicht einverstanden sind, verlassen Sie die Website.Weitere Information