NOAA klimatische Zusammenfassung

                   MONTHLY CLIMATOLOGICAL SUMMARY for NOV 2007


NAME: Wetterstation-Pliening  CITY: Pliening              STATE: Bayern              
ELEV:  504.1 m    LAT: 48.2 N    LONG: 11.8 E


                   TEMPERATURE (C), RAIN (mm), WIND SPEED (kph)

                                         HEAT   COOL         AVG
      MEAN                               DEG    DEG          WIND                  DOM
DAY   TEMP   HIGH  TIME    LOW   TIME    DAYS   DAYS   RAIN  SPEED   HIGH  TIME    DIR
---------------------------------------------------------------------------------------
01     2.1    8.2  14:50   -1.8  06:45   27.2    0.0     0.3  0.9    12.9  14:15   NNE
02     4.0    8.8  13:20   -1.4  06:25   26.3    0.0     0.0  0.9    14.5  14:50   N
03     7.5   10.3  13:05    5.5  00:10   18.8    0.0     1.8  0.9    11.3  10:35   WNW
04     7.5    8.6  13:10    5.4  22:50   20.4    0.0     1.0  3.4    22.5  11:55   WNW
05     4.7    8.6  13:45   -0.1  23:20   25.3    0.0     0.0  1.8    19.3  13:10   E
06     4.1    6.9  12:00    0.1  00:30   26.7    0.0    10.2 11.1    57.9  18:05   WSW
07     3.6    5.3  22:40    1.4  00:50   26.9    0.0     6.9 13.6    46.7  19:35   WSW
08     6.1    7.3  21:40    4.6  00:00   22.3    0.0     2.3  9.2    43.5  00:25   WSW
09     3.5    7.9  04:30    0.2  13:20   25.6    0.0     5.8 16.9    54.7  08:55   WSW
10     1.4    3.2  17:55   -0.1  09:35   30.2    0.0    10.9 17.6    53.1  12:40   WSW
11     4.5    8.1  15:05    0.7  03:15   25.1    0.0    30.0 16.5    62.8  12:35   WSW
12     1.9    3.0  15:40   -0.1  06:20   30.3    0.0     0.3 13.3    40.2  21:50   WSW
13     2.0    3.1  10:05   -0.1  23:50   30.4    0.0     0.0 10.5    37.0  00:40   WSW
14    -0.3    0.7  09:50   -1.9  22:10   34.1    0.0     5.1  5.8    25.7  14:15   WNW
15    -3.0   -0.5  13:55   -7.3  23:50   40.0    0.0     2.3  2.6    19.3  00:05   NNW
16    -4.1   -1.2  12:30   -7.3  00:00   40.7    0.0     1.5  0.4     8.0  06:55   NW
17    -3.7   -1.2  14:55   -7.7  02:25   41.0    0.0     0.3  0.5     9.7  05:05   SW
18    -1.2    0.8  13:40   -2.6  05:00   34.6    0.0     1.0  3.3    20.9  21:05   SE
19    -1.8    0.3  14:20   -4.3  07:40   36.7    0.0     0.3  2.2    16.1  00:25   ESE
20    -1.5   -0.1  13:45   -2.7  05:10   35.5    0.0     0.5  3.0    17.7  21:45   ESE
21    -0.8    1.4  15:35   -2.2  04:55   33.7    0.0     1.3  2.7    20.9  11:45   SE
22    -0.3    1.5  14:55   -1.6  07:35   33.1    0.0     1.0  1.7    11.3  06:20   ESE
23     1.3    3.2  23:50   -0.7  04:20   30.8    0.0     1.3  2.3    17.7  14:30   W
24     3.4    4.1  12:00    2.4  22:55   27.1    0.0     7.6  1.9    14.5  12:00   NNE
25     3.3    4.9  10:25    2.3  02:50   26.5    0.0     1.8  9.8    43.5  13:10   WSW
26     0.5    3.0  00:15   -1.1  17:40   31.3    0.0     4.6 14.8    56.3  16:45   W
27     0.2    1.7  14:00   -1.9  23:55   33.2    0.0     2.8  7.1    29.0  00:00   WSW
28    -1.9    1.7  13:35   -4.3  07:50   35.4    0.0     0.5  2.8    19.3  13:40   ESE
29    -2.0   -0.6  23:55   -2.9  01:30   36.2    0.0     0.0  1.8    19.3  09:50   SSW
30     3.3    5.1  23:15   -0.6  01:20   28.9    0.0     2.8  5.3    25.7  05:50   WSW
---------------------------------------------------------------------------------------
       1.5   10.3     3    -7.7    17   914.3    0.0   103.9  6.2    62.8    11    W

Max >=   32.2:  0
Max <=    0.0:  5
Min <=    0.0:  21
Min <=  -17.8:  0
Max Rain    :   30.0 mm ON 11/11/2007
Days of Rain: 22 (> 0.254 mm) 10 (> 2.54 mm) 1 (> 25.4 mm)



Please note the license to use and transfer of this data:
http://creativecommons.org/licenses/by-nc-sa/3.0/deed.en

Bitte beachten sie die Lizenz zur Verwertung und Weitergabe der Daten:
http://creativecommons.org/licenses/by-nc-sa/3.0/deed.de

zurück zur Übersicht der NOAA Aufstellungen

Cookies helfen bei der Bereitstellung von Inhalten. Durch die Nutzung dieser Seiten erklärst du dich damit einverstanden, dass Cookies auf deinem Rechner gespeichert werden. Weitere Information