NOAA klimatische Zusammenfassung

                   MONTHLY CLIMATOLOGICAL SUMMARY for DEC 2007


NAME: Wetterstation-Pliening  CITY: Pliening              STATE: Bayern              
ELEV:  504.1 m    LAT: 48.2 N    LONG: 11.8 E


                   TEMPERATURE (C), RAIN (mm), WIND SPEED (kph)

                                         HEAT   COOL         AVG
      MEAN                               DEG    DEG          WIND                  DOM
DAY   TEMP   HIGH  TIME    LOW   TIME    DAYS   DAYS   RAIN  SPEED   HIGH  TIME    DIR
---------------------------------------------------------------------------------------
01     5.6    8.4  12:50    1.6  07:30   23.9    0.0     0.8  3.4    25.7  23:35   SSW
02     7.8   10.7  13:30    4.3  05:00   19.5    0.0     0.0  9.4    43.5  07:55   SW
03     5.6    8.4  04:10    3.4  20:50   22.4    0.0     6.3 15.1    53.1  09:25   WSW
04     3.4    4.3  23:00    1.8  06:00   27.5    0.0     3.0 10.3    37.0  02:40   WSW
05     5.0   11.5  14:00    1.8  21:45   21.0    0.0     0.0  2.8    22.5  01:00   SSW
06     7.4    9.4  12:10    2.9  00:00   21.9    0.0     4.3  7.2    30.6  14:40   SW
07     9.1   13.6  13:05    5.5  22:40   15.8    0.0     9.7 13.0    57.9  15:30   WSW
08     3.3    5.7  00:10    0.4  23:30   27.5    0.0     3.3  5.7    27.4  02:30   SW
09     4.0    7.1  12:50    0.7  00:00   26.0    0.0     4.8  3.8    38.6  20:35   SSW
10     3.5    6.4  13:50    0.9  02:30   26.4    0.0     1.0  5.4    25.7  12:05   SSW
11     1.9    3.7  00:00    0.3  18:50   29.4    0.0     4.1  7.1    24.1  10:40   WSW
12     1.4    2.1  09:55   -0.1  19:30   31.2    0.0     6.1  7.5    24.1  01:00   W
13     0.8    2.3  14:20   -1.9  23:50   32.6    0.0     1.3  2.8    19.3  20:50   NNE
14    -2.1   -1.1  12:50   -3.0  05:55   36.7    0.0     0.0  2.6    16.1  21:25   N
15    -3.0   -1.5  13:20   -4.3  08:30   38.2    0.0     0.0  6.8    29.0  11:10   NNE
16    -2.4   -1.7  12:20   -3.1  23:40   37.3    0.0     0.0  5.4    29.0  22:45   ENE
17    -3.7   -3.1  00:20   -4.7  19:40   40.0    0.0     0.0 10.0    37.0  09:55   E
18    -4.2   -1.8  14:40   -6.7  23:55   40.6    0.0     0.0  4.2    24.1  13:15   ESE
19    -6.3   -3.2  13:40   -8.6  23:55   43.5    0.0     0.0  0.9    14.5  09:00   NW
20    -6.3   -1.0  14:00  -10.1  07:40   43.0    0.0     0.0  0.5     6.4  11:20   NNW
21    -6.6   -4.9  15:10   -8.2  02:20   44.8    0.0     0.0  0.1     4.8  04:30   NW
22    -5.8   -3.5  16:00   -7.0  23:50   42.5    0.0     0.3  0.0     4.8  06:40   N
23    -5.9   -3.4  12:35   -7.8  02:35   43.0    0.0     0.0  0.1     6.4  12:50   NNW
24    -4.2   -1.2  14:00   -6.4  00:20   39.8    0.0     0.0  0.2     6.4  06:50   N
25    -5.0   -3.7  13:55   -6.9  03:25   42.5    0.0     0.0  2.5    16.1  16:25   SE
26    -5.2   -3.2  23:30   -8.9  08:30   43.8    0.0     0.0  0.8    14.5  01:45   NW
27    -2.1    0.2  14:40   -5.3  23:55   37.7    0.0     0.0  0.3     6.4  14:15   SSE
28    -5.8   -4.0  14:50   -8.2  08:15   44.0    0.0     0.0  0.8     9.7  12:25   SE
29    -3.2    4.9  13:50   -9.7  06:45   37.3    0.0     0.3  1.0    14.5  19:35   SSE
30     1.9    3.5  13:35    0.9  00:55   29.1    0.0     8.1  3.5    22.5  20:55   WSW
31    -0.1    2.2  13:10   -3.3  21:55   34.0    0.0     0.3  4.4    24.1  01:30   W
---------------------------------------------------------------------------------------
      -0.4   13.6     7   -10.1    20   1042.8    0.0    53.6  4.4    57.9     7    WSW

Max >=   32.2:  0
Max <=    0.0:  14
Min <=    0.0:  19
Min <=  -17.8:  0
Max Rain    :    9.7 mm ON 12/07/2007
Days of Rain: 12 (> 0.254 mm) 9 (> 2.54 mm) 0 (> 25.4 mm)



Please note the license to use and transfer of this data:
http://creativecommons.org/licenses/by-nc-sa/3.0/deed.en

Bitte beachten sie die Lizenz zur Verwertung und Weitergabe der Daten:
http://creativecommons.org/licenses/by-nc-sa/3.0/deed.de

zurück zur Übersicht der NOAA Aufstellungen

Cookies helfen bei der Bereitstellung von Inhalten. Durch die Nutzung dieser Seiten erklärst du dich damit einverstanden, dass Cookies auf deinem Rechner gespeichert werden. Weitere Information