NOAA klimatische Zusammenfassung

                   MONTHLY CLIMATOLOGICAL SUMMARY for FEB 2008


NAME: Wetterstation-Pliening  CITY: Pliening              STATE: Bayern              
ELEV:  504.1 m    LAT: 48.2 N    LONG: 11.8 E


                   TEMPERATURE (C), RAIN (mm), WIND SPEED (kph)

                                         HEAT   COOL         AVG
      MEAN                               DEG    DEG          WIND                  DOM
DAY   TEMP   HIGH  TIME    LOW   TIME    DAYS   DAYS   RAIN  SPEED   HIGH  TIME    DIR
---------------------------------------------------------------------------------------
01     3.9   10.3  15:20    0.0  00:00   23.7    0.0     0.3  4.3    24.1  13:05   S
02     1.1    4.4  00:20   -3.0  23:40   31.7    0.0     3.8  7.4    35.4  15:15   SW
03    -1.0    5.2  14:20   -5.3  05:35   33.1    0.0     0.3  2.3    19.3  10:05   SE
04     3.6   11.7  13:40   -2.6  02:00   24.8    0.0     2.8  2.7    24.1  14:55   SSW
05     4.3    7.7  15:35    0.8  08:10   25.4    0.0     0.3  3.0    22.5  14:35   SSW
06     6.9   10.9  11:25    4.2  23:25   19.4    0.0     2.5 12.3    53.1  14:00   SW
07     2.7    6.9  14:20   -1.8  23:55   28.4    0.0     0.3  6.8    33.8  02:20   WSW
08    -0.1    6.1  14:35   -5.0  08:15   32.0    0.0     0.3  3.4    16.1  21:50   ESE
09     0.2    6.0  15:25   -4.6  06:45   31.8    0.0     0.0  2.2    25.7  12:20   ESE
10    -0.1    4.6  15:15   -4.3  07:35   32.8    0.0     0.0  2.6    22.5  12:05   E
11    -0.0    5.4  15:20   -3.7  04:55   31.4    0.0     0.0  2.5    20.9  14:55   NE
12    -0.4    5.9  14:45   -4.5  07:20   31.8    0.0     0.3  2.1    19.3  15:00   NE
13    -3.0   -0.3  14:50   -5.1  04:55   37.8    0.0     0.0  1.7    16.1  13:15   NNE
14    -3.5   -2.6  13:40   -4.7  05:25   39.5    0.0     0.0  1.9    17.7  16:55   NNE
15    -2.1   -0.6  16:05   -4.7  23:50   37.8    0.0     0.5  3.0    19.3  18:55   NNE
16    -4.4   -0.8  14:40   -7.7  06:25   40.7    0.0     0.0  3.7    17.7  09:55   E
17    -3.8    1.9  14:50   -9.3  07:50   39.7    0.0     0.0  2.2    14.5  00:20   SE
18     0.8    9.3  14:35   -5.2  07:00   29.3    0.0     0.0  3.9    20.9  13:15   SW
19     2.0    9.8  14:40   -4.0  06:30   27.8    0.0     0.0  2.0    16.1  15:10   NNE
20     3.0    9.7  14:30   -3.6  06:25   27.5    0.0     0.0  1.5    17.7  20:05   SSW
21     6.7    9.9  13:15    4.4  07:10   20.0    0.0     0.5  5.4    22.5  10:50   WSW
22     8.8   13.4  13:40    5.9  05:30   15.6    0.0     0.3  8.9    32.2  14:50   WSW
23     9.1   13.9  14:45    4.4  23:50   16.5    0.0     0.3  5.9    27.4  02:00   WSW
24     8.6   20.6  15:40   -0.2  07:10   14.6    0.0     0.0  1.1    17.7  16:10   S
25     8.8   13.7  11:30    3.8  23:40   17.2    0.0     0.0 42.4    27.4  12:25   SSW
26     8.9   16.7  14:40    2.1  07:00   16.1    0.0     0.3  5.6    32.2  13:25   SW
27     6.7    9.8  00:00    4.1  23:55   20.5    0.0     4.1  7.6    49.9  06:30   W
28     5.6    9.8  15:15    1.4  06:50   22.9    0.0     0.0  1.6    11.3  03:10   S
29     8.6   10.7  14:30    5.9  05:35   18.0    0.0     6.1  8.3    46.7  23:10   SW
---------------------------------------------------------------------------------------
       2.8   20.6    24    -9.3    17   787.6    0.0    22.6  5.5    53.1     6    SW

Max >=   32.2:  0
Max <=    0.0:  4
Min <=    0.0:  19
Min <=  -17.8:  0
Max Rain    :    6.1 mm ON 02/29/2008
Days of Rain: 7 (> 0.254 mm) 5 (> 2.54 mm) 0 (> 25.4 mm)



Please note the license to use and transfer of this data:
http://creativecommons.org/licenses/by-nc-sa/3.0/deed.en

Bitte beachten sie die Lizenz zur Verwertung und Weitergabe der Daten:
http://creativecommons.org/licenses/by-nc-sa/3.0/deed.de

zurück zur Übersicht der NOAA Aufstellungen

Cookies helfen bei der Bereitstellung von Inhalten. Durch die Nutzung dieser Seiten erklärst du dich damit einverstanden, dass Cookies auf deinem Rechner gespeichert werden. Weitere Information