NOAA klimatische Zusammenfassung

                   MONTHLY CLIMATOLOGICAL SUMMARY for MAR 2008


NAME: Wetterstation-Pliening  CITY: Pliening              STATE: Bayern              
ELEV:  504.1 m    LAT: 48.2 N    LONG: 11.8 E


                   TEMPERATURE (C), RAIN (mm), WIND SPEED (kph)

                                         HEAT   COOL         AVG
      MEAN                               DEG    DEG          WIND                  DOM
DAY   TEMP   HIGH  TIME    LOW   TIME    DAYS   DAYS   RAIN  SPEED   HIGH  TIME    DIR
---------------------------------------------------------------------------------------
01     8.0   11.2  10:30    0.4  11:00   22.6    0.0    16.3 22.1    75.6  10:35   WSW
02     9.5   12.2  15:05    6.8  00:00   15.9    0.0     0.0 21.6    62.8  13:15   WSW
03     8.4   13.1  13:55    1.1  23:45   20.3    0.0     5.6 12.0    53.1  17:30   WSW
04     2.3    4.6  12:40    1.0  23:35   28.0    0.0     0.0  2.8    17.7  13:45   E
05    -0.8    2.2  15:00   -4.6  23:55   35.1    0.0     0.0  5.7    25.7  03:55   N
06    -2.2    3.1  15:20   -7.0  05:50   36.5    0.0     0.0  1.6    16.1  12:40   SSE
07    -0.1    5.0  16:20   -4.9  06:40   33.0    0.0     0.0  2.7    24.1  11:50   E
08     2.3    5.4  15:15   -0.4  22:35   28.5    0.0     0.0  4.3    22.5  03:40   WSW
09     3.9   11.7  14:40   -2.1  07:00   24.4    0.0     0.0  1.0    17.7  12:40   SSE
10     7.8   16.0  16:25    0.9  04:10   17.8    0.0     0.0  4.6    33.8  23:45   SE
11     7.2    9.8  15:30    4.6  06:20   20.1    0.0     1.3 10.8    43.5  10:20   WSW
12     8.7   11.9  08:35    4.2  23:45   18.5    0.0    13.0 17.6    62.8  17:35   WSW
13     4.6    6.9  12:25    2.4  06:10   24.6    0.0     3.3 14.0    53.1  11:40   WSW
14     7.0   10.7  14:50    3.2  06:50   20.5    0.0    20.1  9.5    43.5  14:50   SW
15     8.0   13.3  15:05    4.7  02:05   16.8    0.0     5.6  2.7    19.3  00:00   SSE
16     7.6    9.9  04:10    4.7  20:15   19.8    0.0     2.8  6.9    37.0  10:55   SW
17     4.8    6.8  08:45    2.3  23:50   24.8    0.0     2.8  8.9    35.4  10:45   W
18     1.8    5.2  13:45   -0.9  08:00   29.2    0.0     0.3 10.4    40.2  07:45   W
19     0.5    4.7  12:20   -2.5  06:35   31.0    0.0     1.0  6.6    41.8  18:50   WSW
20     0.4    3.3  12:15   -1.6  05:50   31.4    0.0     1.3 10.2    43.5  12:55   WSW
21     1.8    3.8  16:40    0.4  23:55   29.2    0.0     8.1 12.7    53.1  05:35   SW
22     2.6    7.5  15:10   -0.2  23:15   26.4    0.0     0.0  7.9    35.4  09:55   WSW
23     0.7    4.1  10:55   -1.3  07:00   30.4    0.0     0.0  7.6    29.0  15:50   W
24     0.0    3.8  14:35   -2.6  06:15   32.0    0.0     0.0  8.4    33.8  20:30   W
25    -1.0    2.4  14:10   -2.1  05:40   32.7    0.0     0.8 13.2    57.9  16:30   WSW
26     1.3    5.1  14:55   -2.7  03:50   30.8    0.0     1.0  8.0    51.5  03:40   WSW
27     4.2    8.1  11:25    0.6  01:15   25.2    0.0     0.3  1.6    20.9  12:45   S
28     5.6   10.3  15:15    2.0  06:30   22.0    0.0     0.0  3.2    20.9  03:10   SW
29     7.8   12.3  15:55    3.5  23:55   18.8    0.0     0.5  8.0    33.8  10:50   WSW
30    10.0   19.7  16:55   -0.4  07:00   15.6    0.0     0.0  5.8    30.6  15:00   SE
31     9.6   15.2  15:15    5.2  07:10   14.6    0.0     0.0  5.8    30.6  17:30   WNW
---------------------------------------------------------------------------------------
       4.3   19.7    30    -7.0     6   776.5    0.0    83.8  8.3    75.6     1    SW

Max >=   32.2:  0
Max <=    0.0:  0
Min <=    0.0:  14
Min <=  -17.8:  0
Max Rain    :   20.1 mm ON 03/14/2008
Days of Rain: 15 (> 0.254 mm) 9 (> 2.54 mm) 0 (> 25.4 mm)



Please note the license to use and transfer of this data:
http://creativecommons.org/licenses/by-nc-sa/3.0/deed.en

Bitte beachten sie die Lizenz zur Verwertung und Weitergabe der Daten:
http://creativecommons.org/licenses/by-nc-sa/3.0/deed.de

zurück zur Übersicht der NOAA Aufstellungen

Cookies helfen bei der Bereitstellung von Inhalten. Durch die Nutzung dieser Seiten erklärst du dich damit einverstanden, dass Cookies auf deinem Rechner gespeichert werden. Weitere Information