NOAA klimatische Zusammenfassung

                   MONTHLY CLIMATOLOGICAL SUMMARY for APR 2008


NAME: Wetterstation-Pliening  CITY: Pliening              STATE: Bayern              
ELEV:  504.1 m    LAT: 48.2 N    LONG: 11.8 E


                   TEMPERATURE (C), RAIN (mm), WIND SPEED (kph)

                                         HEAT   COOL         AVG
      MEAN                               DEG    DEG          WIND                  DOM
DAY   TEMP   HIGH  TIME    LOW   TIME    DAYS   DAYS   RAIN  SPEED   HIGH  TIME    DIR
---------------------------------------------------------------------------------------
01     9.6   13.0  17:55    6.8  07:30   15.2    0.0     0.0  5.9    24.1  14:40   WSW
02     6.7   10.6  13:55    4.2  06:55   19.8    0.0     9.1  9.9    61.2  14:10   W
03     4.0    7.7  16:40    0.9  22:40   25.2    0.0     7.9  8.0    37.0  04:15   W
04     4.4    7.2  14:25    1.4  00:00   25.2    0.0     1.3  3.9    22.5  17:45   WSW
05     5.9   10.6  16:25    1.3  07:05   22.3    0.0     0.0  4.0    25.7  16:35   SSW
06     4.5    7.1  16:25    2.7  08:25   24.2    0.0     6.1  4.6    27.4  15:45   W
07     2.4    5.7  15:30   -0.8  23:55   28.6    0.0     2.8  9.7    45.1  12:10   SW
08     3.2    9.6  15:45   -4.1  06:30   28.0    0.0     0.0  3.1    22.5  09:50   NE
09    10.3   16.9  13:40    2.7  04:45   15.3    0.0     0.0  2.8    25.7  14:30   SE
10    12.8   18.1  14:05    8.0  06:55    9.5    0.0     0.0  3.5    20.9  16:15   N
11    11.6   18.9  15:40    5.7  06:25   10.9    0.0     5.1  4.7    49.9  21:30   NNE
12     6.5   10.0  13:05    4.3  05:15   20.1    0.0     2.5  5.2    38.6  00:25   SW
13     8.2   14.0  15:35    2.7  06:00   17.9    0.0     0.3  1.6    14.5  06:40   SSE
14     7.8   15.5  14:40    2.8  07:05   16.5    0.0     4.8  6.5    32.2  16:05   SW
15     5.0    7.5  14:40    3.6  23:55   23.0    0.0     2.3  6.8    33.8  16:10   W
16     5.1    9.8  15:40    2.5  23:20   21.9    0.0     0.3  3.1    22.5  20:55   W
17     5.4    9.8  15:45    2.5  00:00   21.9    0.0     1.5  4.9    25.7  15:45   NE
18     8.4   15.2  16:25    2.1  03:55   17.4    0.0     0.0  4.3    25.7  14:55   ENE
19     9.2   13.6  16:40    5.6  23:55   15.8    0.0     4.3  6.4    38.6  13:55   WNW
20    11.0   17.8  16:05    4.0  05:55   13.4    0.0     0.0  4.0    22.5  14:50   E
21    10.5   15.0  15:50    6.8  05:40   13.4    0.0    13.5  5.4    33.8  23:40   E
22     8.5   10.1  11:55    6.5  03:45   18.0    0.0    20.3  6.6    30.6  01:50   WNW
23     8.8   12.9  16:45    6.1  06:45   15.9    0.0     0.0  3.1    19.3  02:25   NW
24     8.9   15.0  12:10    4.8  04:45   15.1    0.0    10.9  1.3    25.7  17:45   S
25     8.6   13.6  16:40    6.1  23:10   15.2    0.0     9.7  7.5    59.5  14:00   WSW
26     9.4   15.8  15:55    3.3  06:05   15.8    0.0     0.0  3.2    22.5  17:20   SSE
27    11.1   18.6  16:20    2.1  05:40   14.4    0.0     0.0  3.5    22.5  13:10   ESE
28    14.4   21.7  15:45    7.8  05:55    6.5    0.0    11.4  3.1    46.7  19:50   SW
29     9.0   11.3  17:05    6.2  23:55   17.2    0.0    13.2  4.6    32.2  08:45   SW
30    10.1   18.6  17:25    3.1  06:10   13.5    0.0     9.9  5.8    43.5  19:10   ESE
---------------------------------------------------------------------------------------
       8.0   21.7    28    -4.1     8   537.5    0.0   137.2  4.9    61.2     2    WSW

Max >=   32.2:  0
Max <=    0.0:  0
Min <=    0.0:  2
Min <=  -17.8:  0
Max Rain    :   20.3 mm ON 04/22/2008
Days of Rain: 18 (> 0.254 mm) 15 (> 2.54 mm) 0 (> 25.4 mm)



Please note the license to use and transfer of this data:
http://creativecommons.org/licenses/by-nc-sa/3.0/deed.en

Bitte beachten sie die Lizenz zur Verwertung und Weitergabe der Daten:
http://creativecommons.org/licenses/by-nc-sa/3.0/deed.de

zurück zur Übersicht der NOAA Aufstellungen

Cookies helfen bei der Bereitstellung von Inhalten. Durch die Nutzung dieser Seiten erklärst du dich damit einverstanden, dass Cookies auf deinem Rechner gespeichert werden. Weitere Information