NOAA klimatische Zusammenfassung

                   MONTHLY CLIMATOLOGICAL SUMMARY for JUN 2008


NAME: Wetterstation-Pliening  CITY: Pliening              STATE: Bayern              
ELEV:  504.1 m    LAT: 48.2 N    LONG: 11.8 E


                   TEMPERATURE (C), RAIN (mm), WIND SPEED (kph)

                                         HEAT   COOL         AVG
      MEAN                               DEG    DEG          WIND                  DOM
DAY   TEMP   HIGH  TIME    LOW   TIME    DAYS   DAYS   RAIN  SPEED   HIGH  TIME    DIR
---------------------------------------------------------------------------------------
01    20.3   26.4  16:50   13.5  06:15    0.0    2.9     0.0  2.1    16.1  13:40   NNE
02    21.5   28.1  16:05   15.0  04:15    0.0    5.8     0.0  3.6    27.4  23:05   E
03    17.5   22.4  16:55   14.4  06:10    0.0    0.2     3.8  4.1    24.1  00:05   W
04    16.3   21.6  15:00   13.9  06:00    1.0    0.0     7.6  2.3    24.1  16:35   SW
05    15.7   20.7  15:40   13.4  23:55    2.3    0.0     9.7  2.3    20.9  15:05   W
06    15.8   19.1  15:30   12.6  03:20    4.5    0.0     1.0  4.2    17.7  08:35   NE
07    13.9   16.4  16:40   11.9  06:10    7.5    0.0    52.6  4.8    20.9  03:35   WSW
08    14.9   21.8  15:25   11.7  02:25    2.9    0.0     1.3  1.6    32.2  16:45   W
09    16.7   22.4  17:30   10.1  04:45    3.8    0.0     0.0  2.9    17.7  14:05   ENE
10    19.2   26.9  16:50   12.1  05:45    0.0    2.1     0.0  1.5    16.1  19:35   NNE
11    16.4   21.3  14:55   14.1  23:55    1.1    0.0     4.8  3.9    30.6  16:40   WSW
12    14.9   19.7  15:50   10.5  04:40    5.8    0.0     9.7  1.0    30.6  23:50   NW
13    11.2   15.2  17:00    8.3  07:50   11.8    0.0     1.8  6.6    37.0  06:00   WSW
14    11.5   16.1  16:30    5.6  05:50   13.5    0.0     0.0  1.4    14.5  16:20   S
15    13.1   17.9  14:40    7.5  05:15   10.1    0.0     0.0  2.7    20.9  17:30   SSW
16    12.1   15.2  14:40    9.6  05:30   10.6    0.0     4.6  2.0    17.7  11:35   SSW
17    13.3   16.7  19:05   10.9  05:35    8.1    0.0     2.5  1.3    17.7  10:10   SE
18    14.9   21.2  18:25   10.6  00:50    4.4    0.0     1.8  0.4    11.3  14:10   S
19    18.3   25.9  16:35   10.2  05:50    0.5    0.0     0.0  3.1    27.4  14:10   SW
20    20.1   25.8  15:50   15.0  05:50    0.0    3.8     0.0  3.2    20.9  14:05   WSW
21    20.8   27.8  17:10   13.2  05:35    0.0    3.9     0.0  1.0    16.1  15:00   N
22    24.5   32.1  14:45   15.6  05:40    0.0    9.8     0.0  1.6    22.5  16:10   SW
23    23.3   29.2  14:40   17.8  05:35    0.0    9.3     0.3  2.3    22.5  11:15   SSW
24    21.4   25.8  18:20   16.7  03:45    0.0    5.2     0.5  1.8    24.1  11:50   SE
25    23.2   31.1  16:20   16.2  05:35    0.0    9.6     0.8  2.1    45.1  18:50   WSW
26    19.8   22.8  18:30   17.3  08:05    0.0    3.1     7.9  1.4    14.5  12:15   W
27    19.9   24.9  16:10   15.4  05:30    0.0    3.3     0.3  4.1    30.6  15:10   WSW
28    20.1   25.3  17:35   15.7  06:40    0.0    3.8     0.0  2.9    24.1  12:35   W
29    21.7   28.4  15:35   13.6  05:40    0.0    4.8     0.0  1.4    17.7  15:40   NNE
30    20.4   25.6  17:40   16.3  07:40    0.0    4.7    20.6  2.8    29.0  01:30   WNW
---------------------------------------------------------------------------------------
      17.8   32.1    22     5.6    14    88.0   72.3   131.3  2.6    45.1    25    WSW

Max >=   32.2:  0
Max <=    0.0:  0
Min <=    0.0:  0
Min <=  -17.8:  0
Max Rain    :   52.6 mm ON 06/07/2008
Days of Rain: 16 (> 0.254 mm) 10 (> 2.54 mm) 1 (> 25.4 mm)



Please note the license to use and transfer of this data:
http://creativecommons.org/licenses/by-nc-sa/3.0/deed.en

Bitte beachten sie die Lizenz zur Verwertung und Weitergabe der Daten:
http://creativecommons.org/licenses/by-nc-sa/3.0/deed.de

zurück zur Übersicht der NOAA Aufstellungen

Cookies helfen bei der Bereitstellung von Inhalten. Durch die Nutzung dieser Seiten erklärst du dich damit einverstanden, dass Cookies auf deinem Rechner gespeichert werden. Weitere Information