NOAA klimatische Zusammenfassung

                   MONTHLY CLIMATOLOGICAL SUMMARY for JUL 2008


NAME: Wetterstation-Pliening  CITY: Pliening              STATE: Bayern              
ELEV:  504.1 m    LAT: 48.2 N    LONG: 11.8 E


                   TEMPERATURE (C), RAIN (mm), WIND SPEED (kph)

                                         HEAT   COOL         AVG
      MEAN                               DEG    DEG          WIND                  DOM
DAY   TEMP   HIGH  TIME    LOW   TIME    DAYS   DAYS   RAIN  SPEED   HIGH  TIME    DIR
---------------------------------------------------------------------------------------
01    21.4   27.3  16:15   13.9  06:00    0.0    4.1     0.0  2.6    20.9  11:35   NE
02    22.4   28.9  16:35   16.2  05:20    0.0    7.5     0.0  2.2    25.7  20:00   SSE
03    20.1   29.3  15:15   14.6  05:30    0.0    6.5     5.6  2.9    53.1  18:10   SSW
04    17.1   21.3  18:55   14.0  06:20    1.2    0.0     1.0  5.2    30.6  01:50   WSW
05    18.2   24.7  16:20   11.0  05:45    0.9    0.0     0.0  1.7    24.1  15:05   SW
06    19.6   28.1  13:40   14.6  04:10    0.0    5.4     1.8  2.3    49.9  16:20   SE
07    15.0   18.8  13:25   12.1  23:55    5.2    0.0     4.1  3.9    24.1  18:05   SW
08    15.9   20.8  18:05   11.0  03:10    4.3    0.0     0.0  8.3    40.2  17:20   WSW
09    15.5   19.4  13:50   11.0  05:35    5.6    0.0     0.8  4.3    30.6  15:15   WSW
10    20.7   27.6  16:45   14.2  05:45    0.0    4.6     0.0  2.4    24.1  12:00   SW
11    22.5   31.4  16:30   15.6  05:20    0.0    9.3    21.6  2.5    41.8  20:35   SSE
12    16.6   20.9  12:00   15.0  22:40    0.7    0.0     8.1  2.7    29.0  13:55   SW
13    14.0   15.6  16:30   12.4  21:25    7.8    0.0    22.4  2.8    22.5  14:00   WNW
14    13.5   16.3  18:40   12.4  02:25    7.2    0.0    17.8  2.8    20.9  10:40   NNW
15    16.9   22.8  16:50   11.2  05:10    2.4    0.0     0.0  3.3    22.5  13:55   WSW
16    19.1   26.3  17:55   11.4  05:30    0.0    1.0     5.1  4.6    27.4  16:00   SW
17    14.4   16.7  00:00   12.6  09:25    6.7    0.0    16.0  1.2    16.1  23:25   SW
18    15.1   19.8  14:55   12.6  06:10    3.9    0.0     1.5  2.3    25.7  15:10   WSW
19    19.1   25.9  16:10   11.4  05:35    0.0    0.6     1.8  4.7    27.4  16:20   SW
20    17.0   23.5  15:50   13.9  23:55    0.0    0.7    11.2  3.4    41.8  01:40   SW
21    14.2   18.3  17:00   10.6  04:55    7.0    0.0     0.0  6.3    33.8  14:35   W
22    12.5   17.1  16:30    9.7  02:15    8.9    0.0     4.6  7.3    29.0  08:05   W
23    14.2   19.2  18:50   10.4  00:10    6.3    0.0     7.1  2.6    20.9  12:30   WNW
24    15.5   21.5  15:45   10.1  04:40    4.6    0.0     0.0  2.6    22.5  19:30   NE
25    18.3   24.6  17:00   12.1  05:35    0.0    0.1     0.0  2.3    19.3  14:15   E
26    21.2   27.1  15:55   14.8  05:55    0.0    4.8     0.0  3.5    30.6  16:00   ESE
27    22.0   27.6  17:05   17.3  06:35    0.0    7.4     0.3  3.3    24.1  15:50   E
28    21.8   27.8  17:45   14.2  05:50    0.0    4.8     0.0  2.8    20.9  12:15   NE
29    21.5   29.3  16:30   15.4  06:00    0.0    7.3     6.1  1.7    27.4  19:55   SW
30    22.3   29.0  17:05   16.1  02:50    0.0    7.6     0.0  1.2    16.1  15:40   NNE
31    23.2   29.9  16:40   17.7  06:00    0.0    9.9     0.0  2.0    20.9  20:20   SE
---------------------------------------------------------------------------------------
      18.1   31.4    11     9.7    22    72.7   81.5   136.7  3.3    53.1     3    SW

Max >=   32.2:  0
Max <=    0.0:  0
Min <=    0.0:  0
Min <=  -17.8:  0
Max Rain    :   22.4 mm ON 07/13/2008
Days of Rain: 17 (> 0.254 mm) 12 (> 2.54 mm) 0 (> 25.4 mm)



Please note the license to use and transfer of this data:
http://creativecommons.org/licenses/by-nc-sa/3.0/deed.en

Bitte beachten sie die Lizenz zur Verwertung und Weitergabe der Daten:
http://creativecommons.org/licenses/by-nc-sa/3.0/deed.de

zurück zur Übersicht der NOAA Aufstellungen

Cookies helfen bei der Bereitstellung von Inhalten. Durch die Nutzung dieser Seiten erklärst du dich damit einverstanden, dass Cookies auf deinem Rechner gespeichert werden. Weitere Information