NOAA klimatische Zusammenfassung

                   MONTHLY CLIMATOLOGICAL SUMMARY for NOV 2008


NAME: Wetterstation-Pliening  CITY: Pliening              STATE: Bayern              
ELEV:  504.1 m    LAT: 48.2 N    LONG: 11.8 E


                   TEMPERATURE (C), RAIN (mm), WIND SPEED (kph)

                                         HEAT   COOL         AVG
      MEAN                               DEG    DEG          WIND                  DOM
DAY   TEMP   HIGH  TIME    LOW   TIME    DAYS   DAYS   RAIN  SPEED   HIGH  TIME    DIR
---------------------------------------------------------------------------------------
01     5.9   13.9  14:20    1.3  05:10   19.3    0.0     0.0  0.8    11.3  10:05   NNW
02     6.8   10.3  14:35    3.8  06:40   20.4    0.0     0.3  2.9    19.3  21:20   NNE
03     9.9   14.0  13:55    7.4  23:35   13.8    0.0     0.0  2.0    19.3  01:30   NNE
04     8.9   11.2  13:35    7.6  00:00   16.2    0.0     0.3  2.8    17.7  15:10   ENE
05    12.0   22.5  13:25    5.6  23:45    7.7    0.0     0.0  2.4    30.6  12:30   S
06     6.7    7.8  14:20    4.2  03:15   22.2    0.0     0.3  1.5    14.5  19:05   WNW
07     7.1    9.0  14:35    4.9  22:20   20.4    0.0     0.0  1.7    16.1  03:00   WNW
08     6.4   11.8  14:15    2.9  23:55   19.8    0.0     0.0  0.3     8.0  00:20   SSW
09     8.0   16.3  14:05    2.0  02:50   16.6    0.0     0.3  0.6     9.7  06:10   S
10     8.8   16.9  13:45    4.2  22:45   14.0    0.0     0.0  1.3    19.3  12:35   SSE
11     8.3   16.1  13:50    1.3  07:20   17.3    0.0     0.5  2.0    19.3  16:30   SSW
12     5.9    8.5  00:00    4.6  23:50   21.2    0.0    10.7  0.9    11.3  10:15   SW
13     4.3    4.9  15:15    3.6  23:55   25.4    0.0    11.4  0.4     9.7  11:30   S
14     4.4    5.5  15:25    3.3  06:40   25.0    0.0     0.0  0.2     8.0  20:40   S
15     3.1    7.1  14:00    0.3  08:00   26.4    0.0     0.0  0.4    11.3  22:35   SSW
16     3.6    6.2  23:45   -0.3  03:15   27.7    0.0     3.0  4.3    25.7  23:55   SW
17     2.9    6.1  00:00   -0.8  23:55   28.3    0.0     0.5  2.9    29.0  00:10   NW
18     1.6    5.4  13:10   -2.0  04:00   30.0    0.0     0.0  1.5    17.7  13:00   S
19     5.0    6.4  14:30    3.4  00:00   24.2    0.0     1.8  7.0    24.1  09:00   WSW
20     6.7    8.8  13:30    4.1  02:10   21.5    0.0     0.0 15.0    51.5  09:30   WSW
21     4.2    7.8  00:45   -1.1  23:10   26.9    0.0    20.1 18.3    64.4  15:15   WSW
22    -1.3   -0.2  12:50   -2.6  20:10   35.5    0.0     0.0 17.0    48.3  11:25   WSW
23    -1.9    0.8  14:10   -3.6  23:55   35.5    0.0     0.0  9.1    40.2  10:05   SW
24     0.6    3.3  15:05   -3.7  00:05   33.3    0.0     5.8  2.3    17.7  07:30   SW
25    -0.5    1.3  14:00   -2.4  23:25   34.0    0.0     0.0  3.9    20.9  10:15   W
26    -1.3    1.2  12:35   -2.9  22:25   34.6    0.0     0.0  2.3    14.5  06:25   SW
27    -1.7    2.3  14:05   -4.7  23:50   35.2    0.0     0.0  1.4    11.3  00:30   S
28    -3.0   -0.9  13:10   -5.3  02:35   38.6    0.0     0.0  1.6    11.3  12:40   SE
29    -0.8    2.2  12:20   -2.5  08:20   33.2    0.0     0.0  1.9    20.9  01:25   S
30     1.4    4.7  14:25   -0.9  02:15   29.6    0.0     0.0  1.2    19.3  02:55   SE
---------------------------------------------------------------------------------------
       4.1   22.5     5    -5.3    28   753.6    0.0    54.9  3.7    64.4    21    SSW

Max >=   32.2:  0
Max <=    0.0:  2
Min <=    0.0:  13
Min <=  -17.8:  0
Max Rain    :   20.1 mm ON 11/21/2008
Days of Rain: 8 (> 0.254 mm) 5 (> 2.54 mm) 0 (> 25.4 mm)



Please note the license to use and transfer of this data:
http://creativecommons.org/licenses/by-nc-sa/3.0/deed.en

Bitte beachten sie die Lizenz zur Verwertung und Weitergabe der Daten:
http://creativecommons.org/licenses/by-nc-sa/3.0/deed.de

zurück zur Übersicht der NOAA Aufstellungen

Cookies helfen bei der Bereitstellung von Inhalten. Durch die Nutzung dieser Seiten erklärst du dich damit einverstanden, dass Cookies auf deinem Rechner gespeichert werden. Weitere Information