NOAA klimatische Zusammenfassung

                   MONTHLY CLIMATOLOGICAL SUMMARY for DEC 2008


NAME: Wetterstation-Pliening  CITY: Pliening              STATE: Bayern              
ELEV:  504.1 m    LAT: 48.2 N    LONG: 11.8 E


                   TEMPERATURE (C), RAIN (mm), WIND SPEED (kph)

                                         HEAT   COOL         AVG
      MEAN                               DEG    DEG          WIND                  DOM
DAY   TEMP   HIGH  TIME    LOW   TIME    DAYS   DAYS   RAIN  SPEED   HIGH  TIME    DIR
---------------------------------------------------------------------------------------
01     2.0    3.7  02:45    0.1  06:15   29.6    0.0     0.5  5.8    37.0  15:25   SW
02     1.8    4.6  12:40    0.3  03:20   28.6    0.0     0.0  4.8    33.8  12:10   SW
03     1.7    6.8  14:05   -2.3  08:00   29.0    0.0     0.0  2.0    16.1  21:10   S
04     2.3    7.0  12:35   -0.5  08:25   27.2    0.0     0.0  1.3    14.5  05:35   SSE
05     3.5    7.3  13:00    1.0  01:05   25.6    0.0     0.3  1.6    17.7  23:55   S
06     3.4    6.6  12:40    1.8  00:05   25.5    0.0     1.3  7.9    35.4  00:55   WSW
07     1.6    2.8  11:35    0.3  17:40   30.2    0.0     3.3  6.0    27.4  11:15   WSW
08     0.2    4.8  12:45   -2.2  23:55   30.7    0.0     0.0  1.3     9.7  02:00   SW
09    -0.7    6.0  13:50   -5.5  06:20   32.5    0.0     0.0  0.4     9.7  10:40   SSE
10    -0.2    0.9  09:45   -1.7  01:40   33.7    0.0     0.0  1.8    14.5  17:05   NNW
11    -0.2    0.4  12:50   -1.1  23:35   33.6    0.0     1.3  2.8    11.3  00:50   WNW
12    -0.9    0.1  13:45   -1.5  23:45   34.2    0.0     0.8  1.7     9.7  11:10   WNW
13    -1.4   -0.1  11:30   -3.4  23:50   36.2    0.0     0.0  1.3    11.3  05:45   SE
14     0.6    6.5  13:30   -4.2  09:45   30.9    0.0     0.0  4.5    20.9  17:10   ESE
15     2.5    6.9  12:50    0.4  02:40   26.4    0.0     0.0  1.6    22.5  00:30   E
16    -0.2    0.8  19:40   -1.4  05:55   33.5    0.0     0.0  1.1     9.7  14:10   N
17     0.3    1.3  13:10   -0.7  23:45   32.4    0.0     0.5  6.4    25.7  21:00   WSW
18    -0.3    0.3  21:45   -1.1  03:25   33.7    0.0     1.8  6.6    29.0  02:20   WSW
19     1.3    3.2  12:55   -1.2  05:10   31.2    0.0     2.0  8.2    32.2  15:35   WSW
20     2.7    5.6  20:50    0.3  01:30   27.7    0.0     4.1 12.7    49.9  21:55   WSW
21     5.7    6.5  19:20    4.9  00:10   22.7    0.0     7.4 11.3    41.8  01:45   WSW
22     5.4    5.8  00:00    4.8  11:30   23.5    0.0     0.5  9.9    33.8  09:20   WSW
23     4.4    6.4  14:15    3.0  07:50   24.5    0.0     0.0  5.8    22.5  11:05   W
24     3.6    6.6  13:35    2.1  23:10   25.2    0.0     0.5  3.6    24.1  14:00   WSW
25     0.6    2.2  15:20   -2.9  23:55   33.7    0.0     3.0  6.6    35.4  22:00   NE
26    -3.3   -1.9  12:40   -4.2  07:20   38.5    0.0     0.0 12.6    41.8  04:40   E
27    -3.2   -2.7  18:05   -3.6  07:50   38.7    0.0     0.0  8.3    32.2  03:50   E
28    -4.0   -1.6  14:15   -6.1  23:15   40.0    0.0     0.0  6.3    27.4  07:15   E
29    -5.2   -0.9  14:10   -8.6  07:30   41.5    0.0     0.0  1.2    14.5  14:35   ESE
30    -5.2    0.4  14:15   -8.7  07:55   40.5    0.0     0.0  0.9     9.7  13:05   NNE
31    -5.3   -0.4  14:15   -9.0  07:55   41.5    0.0     0.0  0.5     8.0  12:25   NNW
---------------------------------------------------------------------------------------
       0.4    7.3     5    -9.0    31   982.7    0.0    27.2  4.7    49.9    20    SW

Max >=   32.2:  0
Max <=    0.0:  6
Min <=    0.0:  20
Min <=  -17.8:  0
Max Rain    :    7.4 mm ON 12/21/2008
Days of Rain: 13 (> 0.254 mm) 4 (> 2.54 mm) 0 (> 25.4 mm)



Please note the license to use and transfer of this data:
http://creativecommons.org/licenses/by-nc-sa/3.0/deed.en

Bitte beachten sie die Lizenz zur Verwertung und Weitergabe der Daten:
http://creativecommons.org/licenses/by-nc-sa/3.0/deed.de

zurück zur Übersicht der NOAA Aufstellungen

Cookies helfen bei der Bereitstellung von Inhalten. Durch die Nutzung dieser Seiten erklärst du dich damit einverstanden, dass Cookies auf deinem Rechner gespeichert werden. Weitere Information