NOAA klimatische Zusammenfassung

                   MONTHLY CLIMATOLOGICAL SUMMARY for APR 2009


NAME: Wetterstation-Pliening  CITY: Pliening              STATE: Bayern              
ELEV:  504.1 m    LAT: 48.2 N    LONG: 11.8 E


                   TEMPERATURE (C), RAIN (mm), WIND SPEED (kph)

                                         HEAT   COOL         AVG
      MEAN                               DEG    DEG          WIND                  DOM
DAY   TEMP   HIGH  TIME    LOW   TIME    DAYS   DAYS   RAIN  SPEED   HIGH  TIME    DIR
---------------------------------------------------------------------------------------
01     8.3   15.2  16:50    4.3  04:30   15.5    0.0     0.0  5.9    22.5  05:20   E
02    13.0   20.0  15:45    7.8  00:00    8.0    0.0     0.0 11.4    43.5  16:25   E
03    12.9   20.1  15:35    5.4  07:10   10.0    0.0     0.0  3.6    27.4  01:10   NE
04    12.1   17.8  14:05    6.6  06:40   11.1    0.0     0.0  2.1    19.3  17:25   S
05    12.2   18.9  15:45    6.4  06:50   10.2    0.0     0.0  3.1    22.5  20:40   SW
06    12.4   20.0  15:35    5.1  07:20   10.5    0.0     0.0  1.0    17.7  14:30   NW
07    13.7   21.1  17:35    5.7  06:00    8.9    0.0     0.3  1.3    16.1  23:15   S
08    13.4   18.6  15:25    9.3  06:35    7.8    0.0     0.0  3.6    20.9  15:10   W
09    12.9   19.6  15:55    6.4  07:05    9.7    0.0     0.0  2.9    24.1  15:50   E
10    14.6   23.3  16:00    6.4  06:40    6.2    0.0     0.0  2.2    22.5  14:00   SE
11    15.3   22.9  15:55    7.6  07:05    5.6    0.0     1.3  2.0    19.3  14:50   SE
12    14.3   21.8  15:30    5.5  06:40    8.5    0.0     0.0  2.4    20.9  16:30   ESE
13    13.1   20.9  15:45    5.6  06:45    9.1    0.0     0.0  1.8    25.7  14:10   SSE
14    13.4   20.8  16:00    6.3  07:05    8.6    0.0     0.0  1.7    16.1  13:40   NE
15    13.9   22.1  16:20    4.7  06:55    8.8    0.0     0.0  3.7    25.7  13:45   E
16    14.8   22.8  16:15    6.5  06:40    6.6    0.0     0.0  4.8    40.2  20:55   SE
17     8.6   11.4  16:00    6.9  03:40   16.5    0.0     8.1  8.6    37.0  11:10   WSW
18    10.0   15.0  15:45    6.9  02:20   13.3    0.0     0.0  5.7    35.4  15:15   WSW
19    11.8   19.5  16:30    3.6  06:45   12.2    0.0     0.0  5.2    25.7  14:00   NE
20    14.0   20.9  16:35    8.6  03:05    6.5    0.0     0.0  6.2    27.4  13:55   ENE
21    13.7   20.1  14:20    6.7  06:10    8.9    0.0     0.0  4.8    29.0  14:00   NE
22    12.8   19.9  15:50    5.2  06:05   10.3    0.0     0.0  6.5    40.2  17:20   WNW
23     7.4   11.7  13:25    3.7  23:55   19.2    0.0     1.0  3.8    35.4  11:00   NW
24     7.8   16.0  16:10    0.1  05:25   18.5    0.0     0.0  6.2    32.2  12:05   ESE
25    12.9   20.9  16:00    3.8  05:45   10.8    0.0     0.0  2.6    25.7  14:45   ESE
26    14.0   21.7  14:40    5.7  06:00    8.4    0.0     0.0  2.9    30.6  20:55   SE
27    15.7   21.8  17:10    9.0  05:30    5.2    0.0     0.0  3.7    24.1  18:25   ESE
28    11.4   16.3  13:05    6.7  23:55   12.4    0.0     1.0  6.1    30.6  16:50   WSW
29     7.0    9.8  14:45    5.8  11:25   19.0    0.0     7.1  5.3    24.1  13:05   WSW
30     7.7    9.7  18:10    6.2  06:40   18.8    0.0     6.9  4.3    19.3  18:30   WSW
---------------------------------------------------------------------------------------
      12.2   23.3    10     0.1    24   325.0    0.0    25.7  4.2    43.5     2    E

Max >=   32.2:  0
Max <=    0.0:  0
Min <=    0.0:  0
Min <=  -17.8:  0
Max Rain    :    8.1 mm ON 04/17/2009
Days of Rain: 6 (> 0.254 mm) 3 (> 2.54 mm) 0 (> 25.4 mm)



Please note the license to use and transfer of this data:
http://creativecommons.org/licenses/by-nc-sa/3.0/deed.en

Bitte beachten sie die Lizenz zur Verwertung und Weitergabe der Daten:
http://creativecommons.org/licenses/by-nc-sa/3.0/deed.de

zurück zur Übersicht der NOAA Aufstellungen

Cookies helfen bei der Bereitstellung von Inhalten. Durch die Nutzung dieser Seiten erklärst du dich damit einverstanden, dass Cookies auf deinem Rechner gespeichert werden. Weitere Information