NOAA klimatische Zusammenfassung

                   MONTHLY CLIMATOLOGICAL SUMMARY for DEC 2009


NAME: Wetterstation-Pliening  CITY: Pliening              STATE: Bayern              
ELEV:  504.1 m    LAT: 48.2 N    LONG: 11.8 E


                   TEMPERATURE (C), RAIN (mm), WIND SPEED (kph)

                                         HEAT   COOL         AVG
      MEAN                               DEG    DEG          WIND                  DOM
DAY   TEMP   HIGH  TIME    LOW   TIME    DAYS   DAYS   RAIN  SPEED   HIGH  TIME    DIR
---------------------------------------------------------------------------------------
01     1.8    2.9  13:25    0.2  00:55   30.2    0.0     8.5 10.3    30.6  15:05   WSW
02     1.7    4.6  12:50   -0.3  23:55   29.1    0.0     1.0  3.4    16.1  08:55   S
03     0.1    4.9  12:10   -2.7  22:25   31.0    0.0     0.0  2.3    14.5  15:35   SE
04     0.6    2.0  13:50   -2.6  00:00   33.5    0.0     5.5  3.9    22.5  14:40   WSW
05     1.4    3.8  13:15   -1.6  06:50   31.0    0.0     0.0  3.1    17.7  11:55   S
06     4.3    7.6  12:25    0.8  04:10   25.5    0.0     0.8  5.6    19.3  09:45   S
07     7.4    9.3  14:30    5.9  00:35   19.2    0.0     2.4  2.6    17.7  01:20   SSE
08     4.7    6.8  00:00    3.1  23:00   24.1    0.0     6.1 11.5    49.9  09:20   WSW
09     2.7    5.8  13:25   -0.6  23:45   28.2    0.0     0.2  6.5    27.4  00:15   WSW
10     2.4    6.0  14:40   -1.5  06:30   29.0    0.0     3.9  9.3    41.8  20:45   SSW
11     2.1    4.9  02:05    0.0  23:45   28.6    0.0    12.0 13.2    48.3  02:25   W
12    -0.5    0.0  00:00   -1.7  23:45   34.5    0.0     5.1  3.0    20.9  23:10   NNE
13    -2.5   -1.6  01:05   -3.7  23:55   37.7    0.0     0.0  6.7    25.7  12:00   ENE
14    -4.6   -3.7  00:00   -5.4  22:30   41.2    0.0     0.0  8.4    25.7  15:40   E
15    -4.6   -3.4  17:05   -6.6  08:40   42.0    0.0     0.0  8.3    35.4  11:30   E
16    -4.5   -3.5  13:40   -5.3  22:05   41.0    0.0     0.0  3.3    16.1  00:05   NNE
17    -6.5   -4.3  12:45   -9.4  23:50   45.4    0.0     0.2  3.3    20.9  08:45   WNW
18    -8.4   -3.7  13:30  -10.6  21:55   45.8    0.0     0.0  4.0    14.5  13:20   WSW
19   -11.0   -7.8  05:30  -15.5  22:05   54.0    0.0     0.0  5.4    25.7  06:00   NW
20   -10.5   -2.1  23:40  -16.5  06:50   49.7    0.0     0.8  6.3    30.6  23:30   SSW
21    -1.5    0.3  23:30   -2.3  18:35   34.8    0.0     2.0  5.3    25.7  00:00   SSE
22     2.1   10.2  12:45   -2.1  06:25   25.7    0.0     0.0  2.6    16.1  10:20   S
23     1.3    2.8  14:10    0.4  01:15   30.1    0.0     4.3  5.6    37.0  09:40   W
24     0.6    3.0  22:50   -0.5  08:40   30.7    0.0     0.0  2.2    19.3  01:10   SE
25     5.3    9.7  09:15    2.6  03:00   22.0    0.0     0.4 15.7    54.7  10:45   WSW
26     0.8    4.2  11:45   -3.4  23:50   32.3    0.0     0.0  6.7    53.1  00:40   SW
27    -0.6    3.1  22:55   -4.1  01:10   33.9    0.0     0.0  6.8    41.8  22:05   SW
28     1.7    6.3  13:25   -2.5  23:55   29.5    0.0     0.2  8.5    54.7  03:40   WNW
29     0.4    7.1  22:05   -2.9  01:35   29.3    0.0     3.0  5.0    24.1  21:45   SSE
30     6.2    7.3  20:05    4.7  18:30   22.1    0.0     2.0  5.7    41.8  20:00   SSW
31     5.2    6.7  02:05    1.4  23:55   25.7    0.0     2.4  4.1    22.5  12:35   SW
---------------------------------------------------------------------------------------
      -0.1   10.2    22   -16.5    20   1017.0    0.0    60.9  6.1    54.7    25    SW

Max >=   32.2:  0
Max <=    0.0:  9
Min <=    0.0:  23
Min <=  -17.8:  0
Max Rain    :   12.0 mm ON 12/11/2009
Days of Rain: 16 (> 0.254 mm) 8 (> 2.54 mm) 0 (> 25.4 mm)



Please note the license to use and transfer of this data:
http://creativecommons.org/licenses/by-nc-sa/3.0/deed.en

Bitte beachten sie die Lizenz zur Verwertung und Weitergabe der Daten:
http://creativecommons.org/licenses/by-nc-sa/3.0/deed.de

zurück zur Übersicht der NOAA Aufstellungen

Cookies helfen bei der Bereitstellung von Inhalten. Durch die Nutzung dieser Seiten erklärst du dich damit einverstanden, dass Cookies auf deinem Rechner gespeichert werden. Weitere Information