NOAA klimatische Zusammenfassung

                   MONTHLY CLIMATOLOGICAL SUMMARY for APR 2010


NAME: Wetterstation-Pliening  CITY: Pliening              STATE: Bayern              
ELEV:  504.1 m    LAT: 48.2 N    LONG: 11.8 E


                   TEMPERATURE (C), RAIN (mm), WIND SPEED (kph)

                                         HEAT   COOL         AVG
      MEAN                               DEG    DEG          WIND                  DOM
DAY   TEMP   HIGH  TIME    LOW   TIME    DAYS   DAYS   RAIN  SPEED   HIGH  TIME    DIR
---------------------------------------------------------------------------------------
01     2.4    4.3  00:00    0.3  07:02   28.9    0.0     1.2  7.8    33.8  09:30   SW
02     3.5   10.0  15:27   -2.1  06:48   25.9    0.0     0.0  3.5    17.7  11:50   SSE
03     8.1   15.2  15:09    0.4  02:27   19.0    0.0     0.0  6.1    27.4  05:15   SE
04     7.3   10.8  11:38    4.3  03:44   19.4    0.0     0.2  8.5    29.0  12:15   SW
05     6.3    9.3  13:55    4.1  23:57   21.0    0.0     0.0 10.4    32.2  10:00   W
06     6.6   13.3  16:50   -1.1  06:57   22.0    0.0     0.0  5.2    24.1  13:15   S
07     8.5   17.1  15:45    0.2  06:40   17.5    0.0     0.0  4.9    25.7  12:35   E
08     9.0   17.9  16:13    0.3  06:57   16.6    0.0     0.0  3.0    17.7  10:40   NE
09     9.2   16.6  15:25    3.1  06:50   15.3    0.0     0.0  5.7    29.0  16:05   W
10     7.4   11.1  12:03    1.3  23:57   21.8    0.0     0.0  6.0    29.0  14:25   NNW
11     3.0    8.2  15:59   -1.3  05:21   26.8    0.0     1.2  6.2    38.6  15:55   NE
12     4.3    8.6  16:29    0.6  06:55   24.8    0.0     0.2  6.6    32.2  15:38   ENE
13     6.1   12.0  16:15    1.1  05:20   21.2    0.0     0.0  4.3    25.7  15:10   NE
14     5.5    7.2  15:30    4.3  23:57   22.6    0.0    12.4  5.1    24.1  07:40   W
15     6.1   10.7  16:18    3.8  06:33   20.0    0.0     0.2  3.6    19.3  17:00   NW
16     8.5   13.5  16:40    4.2  06:11   17.1    0.0     0.0  2.9    22.5  15:30   NNE
17     8.7   14.4  16:27    3.7  07:12   16.8    0.0     0.0  6.2    27.4  14:35   NE
18     8.3   15.7  15:06    2.2  06:35   16.9    0.0     3.3  5.0    27.4  14:30   ESE
19    12.2   19.8  16:52    5.3  06:25   10.4    0.0     0.0  6.0    24.1  13:55   WSW
20    11.9   17.7  12:53    6.5  05:44   11.2    0.0     0.0 11.9    49.9  17:15   SW
21     9.4   14.6  15:46    4.9  23:50   15.4    0.0     0.0  9.6    37.0  15:40   NW
22     7.5   13.2  16:38    2.1  06:41   19.2    0.0     0.0  3.9    27.4  13:40   NE
23     8.6   15.8  17:42    0.0  06:25   18.8    0.0     0.0  4.6    27.4  15:45   ENE
24    11.3   19.3  17:18    3.2  06:09   12.8    0.0     0.0  4.9    25.7  13:05   ENE
25    13.7   22.5  16:36    4.4  06:28    8.8    0.0     0.0  3.4    20.9  14:55   ENE
26    12.1   17.3  15:56    9.3  04:41    9.1    0.0     0.4  6.7    27.4  07:30   SW
27    12.7   20.0  16:50    7.2  06:32    8.5    0.0     0.0  2.7    20.9  16:35   N
28    13.1   20.7  16:58    4.9  05:55    9.9    0.0     0.0  3.3    22.5  15:50   E
29    16.6   26.4  17:50    7.1  04:36    2.8    0.0     0.0  2.7    17.7  14:15   SE
30    17.6   24.6  14:33   12.2  04:55    0.0    0.1     5.5  8.5    35.4  21:25   W
---------------------------------------------------------------------------------------
       8.9   26.4    29    -2.1     2   500.5    0.1    24.6  5.6    49.9    20    ENE

Max >=   32.2:  0
Max <=    0.0:  0
Min <=    0.0:  4
Min <=  -17.8:  0
Max Rain    :   12.4 mm ON 04/14/2010
Days of Rain: 6 (> 0.254 mm) 3 (> 2.54 mm) 0 (> 25.4 mm)



Please note the license to use and transfer of this data:
http://creativecommons.org/licenses/by-nc-sa/3.0/deed.en

Bitte beachten sie die Lizenz zur Verwertung und Weitergabe der Daten:
http://creativecommons.org/licenses/by-nc-sa/3.0/deed.de

zurück zur Übersicht der NOAA Aufstellungen

Cookies helfen bei der Bereitstellung von Inhalten. Durch die Nutzung dieser Seiten erklärst du dich damit einverstanden, dass Cookies auf deinem Rechner gespeichert werden. Weitere Information