NOAA klimatische Zusammenfassung

                   MONTHLY CLIMATOLOGICAL SUMMARY for JUL 2010


NAME: Wetterstation-Pliening  CITY: Pliening              STATE: Bayern              
ELEV:  504.1 m    LAT: 48.2 N    LONG: 11.8 E


                   TEMPERATURE (C), RAIN (mm), WIND SPEED (kph)

                                         HEAT   COOL         AVG
      MEAN                               DEG    DEG          WIND                  DOM
DAY   TEMP   HIGH  TIME    LOW   TIME    DAYS   DAYS   RAIN  SPEED   HIGH  TIME    DIR
---------------------------------------------------------------------------------------
01    21.9   28.4  16:30   15.3  05:41    0.0    6.3     0.0  2.3    17.7  14:30   NNE
02    23.2   30.6  15:59   15.4  05:44    0.0    8.4     0.0  2.0    17.7  12:10   ENE
03    23.5   29.9  17:05   15.7  06:03    0.0    8.1     0.0  2.3    20.9  15:45   NE
04    22.2   26.7  13:57   18.3  03:23    0.0    7.5     0.0  8.0    33.8  08:55   W
05    22.5   28.4  15:16   18.2  05:58    0.0    8.9     0.4  7.2    33.8  15:30   W
06    19.3   23.2  15:23   15.6  23:55    0.0    1.9     0.0  7.0    40.2  14:30   WNW
07    18.6   23.9  16:51   13.4  05:53    0.0    0.6     0.0  2.2    19.3  12:38   N
08    19.8   26.7  17:03   11.2  05:18    0.0    1.1     0.0  3.0    20.9  12:25   E
09    23.1   30.6  15:59   13.8  05:39    0.0    6.9     0.0  2.8    19.3  16:20   E
10    24.5   31.4  15:26   16.4  05:47    0.0   10.0     0.0  2.8    19.3  15:00   E
11    24.8   32.3  17:19   15.8  06:07    0.0   10.2     0.0  2.4    20.9  11:50   W
12    25.6   31.6  17:34   18.6  05:40    0.0   12.2     0.4  5.4    59.5  22:20   ENE
13    24.2   30.4  14:35   17.7  06:23    0.0   10.2     0.0  4.0    35.4  00:32   NNW
14    25.5   32.8  16:20   18.4  05:43    0.0   13.1     1.2  3.5    30.6  23:40   E
15    22.1   25.9  15:52   18.2  04:43    0.0    6.8     8.3  2.6    33.8  01:15   NNW
16    24.9   31.1  17:11   17.3  04:41    0.0   10.6     0.0  2.5    19.3  14:55   NE
17    20.8   25.6  11:49   13.4  23:58    0.0    2.1    28.9  5.8    54.7  03:10   W
18    16.0   21.3  14:46   13.2  00:18    1.9    0.0     0.8  4.7    24.1  15:50   WSW
19    18.3   23.6  15:52   12.3  06:03    0.8    0.0     0.0  5.0    24.1  10:50   E
20    20.1   26.4  17:55   12.7  05:42    0.0    2.2     0.0  3.8    30.6  12:45   E
21    23.8   31.5  15:23   15.3  05:39    0.0    9.1     0.0  2.1    16.1  15:45   E
22    23.3   29.9  16:11   17.3  23:28    0.0    9.5    15.0  4.4    48.3  21:05   WSW
23    17.4   20.2  12:51   14.5  23:27    1.8    0.0    15.2  6.2    45.1  19:31   W
24    13.3   14.6  16:51   12.3  05:23    8.8    0.0    20.1 12.4    35.4  01:30   W
25    15.6   20.6  16:54   12.1  07:04    3.6    0.0     0.2  9.7    33.8  11:30   WNW
26    16.2   21.7  15:46   10.4  06:20    4.1    0.0     0.2  5.3    32.2  14:30   W
27    15.0   18.7  14:56   12.8  05:37    4.7    0.0     8.3  7.5    33.8  14:01   WSW
28    16.8   21.9  12:32   11.6  04:40    2.8    0.0     0.0  8.9    35.4  13:35   WSW
29    15.2   18.3  15:22   12.5  10:16    5.3    0.0     7.1  6.8    48.3  09:35   WSW
30    14.0   18.7  13:35   11.6  23:57    5.7    0.0     6.1  6.4    27.4  02:20   WSW
31    16.5   23.7  16:16    8.8  05:47    3.8    0.0     0.0  2.9    20.9  14:05   SSE
---------------------------------------------------------------------------------------
      20.3   32.8    14     8.8    31    43.1  145.8   112.3  4.9    59.5    12    W

Max >=   32.2:  2
Max <=    0.0:  0
Min <=    0.0:  0
Min <=  -17.8:  0
Max Rain    :   28.9 mm ON 07/17/2010
Days of Rain: 12 (> 0.254 mm) 8 (> 2.54 mm) 1 (> 25.4 mm)



Please note the license to use and transfer of this data:
http://creativecommons.org/licenses/by-nc-sa/3.0/deed.en

Bitte beachten sie die Lizenz zur Verwertung und Weitergabe der Daten:
http://creativecommons.org/licenses/by-nc-sa/3.0/deed.de

zurück zur Übersicht der NOAA Aufstellungen

Cookies helfen bei der Bereitstellung von Inhalten. Durch die Nutzung dieser Seiten erklärst du dich damit einverstanden, dass Cookies auf deinem Rechner gespeichert werden. Weitere Information