NOAA klimatische Zusammenfassung

                   MONTHLY CLIMATOLOGICAL SUMMARY for AUG 2010


NAME: Wetterstation-Pliening  CITY: Pliening              STATE: Bayern              
ELEV:  504.1 m    LAT: 48.2 N    LONG: 11.8 E


                   TEMPERATURE (C), RAIN (mm), WIND SPEED (kph)

                                         HEAT   COOL         AVG
      MEAN                               DEG    DEG          WIND                  DOM
DAY   TEMP   HIGH  TIME    LOW   TIME    DAYS   DAYS   RAIN  SPEED   HIGH  TIME    DIR
---------------------------------------------------------------------------------------
01    20.4   29.2  16:55   11.3  06:09    0.0    3.5     0.0  2.1    24.1  15:10   SE
02    18.6   21.3  12:46   16.1  06:26    0.0    0.6    10.8  4.5    46.7  01:11   SW
03    16.7   20.5  13:16   14.2  21:32    1.8    0.0     8.5  8.7    32.2  13:10   WSW
04    16.7   21.6  14:48   11.1  06:13    3.6    0.0     0.0  1.8    17.7  13:35   SSE
05    15.0   18.0  14:19   13.3  01:56    4.8    0.0     7.9  4.0    29.0  22:05   ESE
06    12.4   13.4  00:00   11.6  23:50   10.4    0.0    33.5 14.1    38.6  12:43   WSW
07    14.2   21.1  18:30   11.2  03:20    4.0    0.0    12.0  8.4    32.2  01:40   WSW
08    15.3   22.1  14:45   10.8  02:40    3.4    0.0    14.3  3.8    37.0  19:05   WSW
09    17.5   24.4  18:04   11.3  05:28    0.8    0.0     0.2  2.5    17.7  15:11   WSW
10    19.0   26.7  17:30   12.4  03:34    0.0    2.2     0.0  1.7    19.3  17:05   N
11    20.8   27.3  18:26   15.5  04:32    0.0    5.5     0.0  2.9    22.5  12:17   SE
12    18.4   23.6  16:51   16.1  23:57    0.0    2.7     2.4  4.6    25.7  18:05   SSW
13    16.0   18.8  13:40   14.8  23:24    2.8    0.0     3.7  1.3    11.3  11:09   WSW
14    16.4   21.7  18:46   12.8  07:35    2.0    0.0     0.0  4.8    25.7  17:55   ENE
15    17.1   22.1  13:40   13.3  23:51    1.1    0.0     4.9  7.7    37.0  10:45   WSW
16    14.5   18.8  12:11   11.9  06:53    5.3    0.0     3.3  8.4    35.4  18:55   SW
17    14.7   19.2  15:34   12.3  05:14    4.7    0.0     7.1 14.6    49.9  14:30   WSW
18    16.2   19.3  14:55   12.5  05:07    4.3    0.0     0.0  5.8    43.5  16:25   SW
19    17.4   22.1  17:54   13.3  23:58    1.1    0.0     0.0  5.6    30.6  00:30   WSW
20    19.1   27.6  18:04   10.8  05:48    0.0    1.5     0.0  1.5    17.7  14:05   NW
21    21.8   28.8  17:36   15.9  06:24    0.0    7.2     0.0  1.9    19.3  13:40   NNW
22    22.9   29.9  16:34   16.1  06:41    0.0    8.4     0.0  2.0    17.7  12:24   E
23    22.0   27.1  11:35   17.0  05:34    0.0    6.6     0.0  4.2    37.0  13:00   SSW
24    19.3   25.4  15:02   14.1  23:41    0.0    2.6    13.0  8.9    56.3  17:05   WSW
25    16.8   22.6  16:33   11.6  05:03    2.3    0.0     0.0  3.3    24.1  14:05   NW
26    22.1   30.5  16:08   15.0  04:15    0.0    8.0     0.0  7.6    38.6  15:25   SW
27    19.8   23.4  17:37   16.3  14:07    0.0    2.7     5.1 10.6    43.5  10:45   WSW
28    13.5   17.4  00:00    9.8  23:40    8.5    0.0     6.7  9.7    37.0  01:00   W
29    12.8   17.4  14:49    9.1  00:50    9.1    0.0     1.0  9.7    53.1  12:25   WSW
30     9.8   12.8  11:49    7.6  19:00   14.6    0.0    12.8 15.9    59.5  16:04   WSW
31     9.7   14.6  16:45    7.8  06:59   12.9    0.0     6.7  9.8    40.2  14:40   W
---------------------------------------------------------------------------------------
      17.0   30.5    26     7.6    30    97.6   51.4   153.9  6.2    59.5    30    WSW

Max >=   32.2:  0
Max <=    0.0:  0
Min <=    0.0:  0
Min <=  -17.8:  0
Max Rain    :   33.5 mm ON 08/06/2010
Days of Rain: 17 (> 0.254 mm) 15 (> 2.54 mm) 1 (> 25.4 mm)



Please note the license to use and transfer of this data:
http://creativecommons.org/licenses/by-nc-sa/3.0/deed.en

Bitte beachten sie die Lizenz zur Verwertung und Weitergabe der Daten:
http://creativecommons.org/licenses/by-nc-sa/3.0/deed.de

zurück zur Übersicht der NOAA Aufstellungen

Cookies helfen bei der Bereitstellung von Inhalten. Durch die Nutzung dieser Seiten erklärst du dich damit einverstanden, dass Cookies auf deinem Rechner gespeichert werden. Weitere Information