NOAA klimatische Zusammenfassung

                   MONTHLY CLIMATOLOGICAL SUMMARY for NOV 2010


NAME: Wetterstation-Pliening  CITY: Pliening              STATE: Bayern              
ELEV:  504.1 m    LAT: 48.2 N    LONG: 11.8 E


                   TEMPERATURE (C), RAIN (mm), WIND SPEED (kph)

                                         HEAT   COOL         AVG
      MEAN                               DEG    DEG          WIND                  DOM
DAY   TEMP   HIGH  TIME    LOW   TIME    DAYS   DAYS   RAIN  SPEED   HIGH  TIME    DIR
---------------------------------------------------------------------------------------
01     7.5    7.9  23:00    7.2  23:53   19.4    0.0     0.0  2.7     8.0  23:55   SW
02     7.1    8.7  13:02    5.8  03:01   19.9    0.0     0.0  4.2    20.9  09:37   WSW
03     9.8   15.5  14:00    4.7  07:54   14.8    0.0     0.2  8.0    35.4  13:20   SW
04    13.6   17.8  13:35   10.2  00:00    7.8    0.0     0.0 13.2    48.3  11:25   WSW
05    12.7   17.3  13:54    8.9  04:50    9.4    0.0     0.0 12.3    43.5  13:50   WSW
06    11.7   13.2  15:03    9.3  00:03   12.8    0.0     0.0 11.3    53.1  12:05   WSW
07     9.4   13.9  13:17    4.2  23:31   16.7    0.0     7.9  6.6    41.8  18:35   SSW
08     3.6    5.1  13:40    0.9  23:58   27.6    0.0     1.8  4.1    24.1  00:00   SSW
09     2.7    6.6  14:54    0.0  01:29   27.1    0.0     0.2  3.0    17.7  11:05   ESE
10     3.9   10.0  14:50   -1.0  04:04   24.9    0.0     1.0  3.3    43.5  21:30   SSW
11     5.2    9.2  14:03    1.8  07:35   23.1    0.0     3.0  8.3    49.9  01:25   SW
12    10.5   14.4  21:46    5.7  00:14   14.9    0.0     8.5 20.7    67.6  05:55   WSW
13    13.6   17.9  12:53    8.3  23:56    9.4    0.0     0.0 15.1    62.8  00:40   SW
14    10.4   17.3  14:11    7.2  05:13   11.0    0.0     0.0  3.9    19.3  07:15   SSE
15     7.6   10.4  15:09    3.3  07:53   20.7    0.0     0.0  3.5    27.4  21:08   SW
16     3.4    8.1  00:00    0.6  17:35   25.2    0.0     5.3  9.9    32.2  10:35   WSW
17     2.6    3.8  14:53    1.4  00:00   28.3    0.0     0.0  1.7    11.3  14:25   E
18     4.0    6.1  13:51    2.3  05:23   25.4    0.0     0.2  1.9    17.7  02:55   W
19     3.5    4.5  09:55    0.3  23:59   28.7    0.0     2.6  2.8    16.1  13:40   WSW
20     0.4    2.5  13:49   -1.8  05:58   32.3    0.0     0.2  3.9    19.3  22:10   S
21     2.5    3.5  14:26    0.9  00:36   29.0    0.0     0.2  5.4    22.5  02:20   ENE
22     2.5    3.5  14:08    1.8  06:55   28.2    0.0     1.2 11.0    38.6  21:55   W
23     1.1    1.9  11:38    0.5  04:24   30.8    0.0     3.9 12.4    33.8  15:15   WSW
24     1.5    2.9  12:58    0.1  03:31   30.3    0.0     0.6 15.0    40.2  06:45   WSW
25     1.4    5.8  13:25   -1.8  23:53   29.4    0.0     0.2  5.8    25.7  03:05   S
26    -1.7   -0.4  09:16   -3.3  02:31   36.3    0.0     1.0  7.2    33.8  10:50   W
27    -2.4    0.3  13:08   -4.1  23:51   36.5    0.0     0.2  3.6    17.7  13:40   SE
28    -3.7   -2.2  12:01   -5.6  02:32   40.0    0.0     2.4  3.3    20.9  15:30   E
29    -2.4   -0.8  16:19   -3.6  23:46   36.9    0.0     4.9  9.0    38.6  18:35   W
30    -5.7   -2.7  12:53  -10.5  07:37   44.8    0.0     0.0  5.3    25.7  13:10   SE
---------------------------------------------------------------------------------------
       4.5   17.9    13   -10.5    30   741.5    0.0    45.7  7.3    67.6    12    SW

Max >=   32.2:  0
Max <=    0.0:  4
Min <=    0.0:  9
Min <=  -17.8:  0
Max Rain    :    8.5 mm ON 11/12/2010
Days of Rain: 13 (> 0.254 mm) 7 (> 2.54 mm) 0 (> 25.4 mm)



Please note the license to use and transfer of this data:
http://creativecommons.org/licenses/by-nc-sa/3.0/deed.en

Bitte beachten sie die Lizenz zur Verwertung und Weitergabe der Daten:
http://creativecommons.org/licenses/by-nc-sa/3.0/deed.de

zurück zur Übersicht der NOAA Aufstellungen

Cookies helfen bei der Bereitstellung von Inhalten. Durch die Nutzung dieser Seiten erklärst du dich damit einverstanden, dass Cookies auf deinem Rechner gespeichert werden. Weitere Information