NOAA klimatische Zusammenfassung

                   MONTHLY CLIMATOLOGICAL SUMMARY for MAR 2011


NAME: Wetterstation-Pliening  CITY: Pliening              STATE: Bayern              
ELEV:  504.1 m    LAT: 48.2 N    LONG: 11.8 E


                   TEMPERATURE (C), RAIN (mm), WIND SPEED (kph)

                                         HEAT   COOL         AVG
      MEAN                               DEG    DEG          WIND                  DOM
DAY   TEMP   HIGH  TIME    LOW   TIME    DAYS   DAYS   RAIN  SPEED   HIGH  TIME    DIR
---------------------------------------------------------------------------------------
01     0.4    4.7  13:14   -1.9  04:56   30.5    0.0     0.0  7.6    33.8  11:50   ENE
02     0.3    4.2  15:19   -2.5  07:21   31.5    0.0     0.0 14.6    49.9  13:05   E
03    -0.3    4.1  14:13   -3.6  07:07   32.6    0.0     0.0  5.9    24.1  01:10   ENE
04    -1.0    3.4  16:30   -3.0  04:33   32.7    0.0     0.0  3.7    17.7  14:45   E
05    -0.4    6.8  16:05   -5.3  07:30   31.6    0.0     0.0  3.3    11.3  07:00   SSW
06    -0.4    3.0  13:31   -3.9  07:03   33.8    0.0     0.0  3.9    25.7  12:15   NNE
07    -0.5    3.9  14:29   -3.9  06:56   33.0    0.0     0.0 12.0    41.8  10:30   E
08     1.1    9.7  15:32   -6.4  06:47   30.1    0.0     0.0  2.8    16.1  00:00   SE
09     6.5   14.2  15:37    0.2  01:23   20.1    0.0     0.0  8.0    30.6  12:50   SW
10     8.1   11.1  14:35    5.5  23:31   18.1    0.0     0.0 10.2    46.7  11:45   WSW
11     7.3   12.1  15:56    1.9  23:39   20.4    0.0     0.0  8.7    35.4  14:10   W
12     6.5   15.1  15:03   -1.5  06:43   20.8    0.0     0.0  2.2    16.1  13:50   S
13     9.8   16.4  14:17    3.6  02:21   15.0    0.0     0.0  3.1    19.3  16:05   SSE
14    10.5   15.4  15:41    5.6  23:58   14.1    0.0     0.0  3.5    19.3  13:55   W
15     9.7   17.8  15:40    1.2  06:57   15.9    0.0     0.0  5.6    27.4  14:20   ESE
16     9.5   13.7  13:40    5.5  04:06   15.8    0.0     0.0  4.2    24.1  11:25   ENE
17     6.3    7.6  11:43    4.9  23:58   21.8    0.0    18.9 10.5    45.1  23:10   W
18     4.9    6.3  14:39    3.6  23:44   24.1    0.0    17.9 15.5    45.1  08:00   W
19     3.2    5.4  12:20   -0.1  23:57   28.2    0.0     0.6  3.5    20.9  11:50   ENE
20     2.2    7.1  15:50   -2.8  06:22   29.1    0.0     0.0  3.9    20.9  14:00   E
21     3.0    8.0  15:45   -2.1  05:42   27.6    0.0     0.0  5.6    29.0  14:15   E
22     4.3   11.8  16:05   -2.2  05:48   24.4    0.0     0.0  3.9    24.1  11:20   E
23     3.9   14.6  14:50   -0.6  05:04   20.4    0.0     0.0  2.4    19.3  12:40   S
24     8.2   16.5  15:35    0.3  06:49   17.9    0.0     0.0  3.3    20.9  14:30   SSE
25    10.7   18.7  14:12    2.6  05:54   13.9    0.0     0.0  8.2    40.2  13:40   SW
26     9.1   14.0  12:31    6.3  23:43   14.7    0.0     4.9  8.3    40.2  15:10   W
27     6.1    8.4  12:35    3.9  23:57   21.9    0.0     6.7  3.3    19.3  14:30   ESE
28     6.8   13.9  16:19    1.2  04:30   19.4    0.0     0.0  1.4    11.3  11:50   SSE
29     9.0   15.2  16:01    3.2  07:15   16.4    0.0     0.0  3.2    16.1  16:20   WSW
30     9.5   17.6  16:12    2.3  06:58   15.0    0.0     0.0  4.4    24.1  21:10   S
31    10.3   16.3  15:10    5.6  06:55   13.4    0.0     0.6  9.8    37.0  17:15   SW
---------------------------------------------------------------------------------------
       5.3   18.7    25    -6.4     8   704.2    0.0    49.6  6.0    49.9     2    ESE

Max >=   32.2:  0
Max <=    0.0:  0
Min <=    0.0:  14
Min <=  -17.8:  0
Max Rain    :   18.9 mm ON 03/17/2011
Days of Rain: 6 (> 0.254 mm) 4 (> 2.54 mm) 0 (> 25.4 mm)



Please note the license to use and transfer of this data:
http://creativecommons.org/licenses/by-nc-sa/3.0/deed.en

Bitte beachten sie die Lizenz zur Verwertung und Weitergabe der Daten:
http://creativecommons.org/licenses/by-nc-sa/3.0/deed.de

zurück zur Übersicht der NOAA Aufstellungen

Cookies helfen bei der Bereitstellung von Inhalten. Durch die Nutzung dieser Seiten erklärst du dich damit einverstanden, dass Cookies auf deinem Rechner gespeichert werden. Weitere Information