NOAA klimatische Zusammenfassung

                   MONTHLY CLIMATOLOGICAL SUMMARY for MAY 2011


NAME: Wetterstation-Pliening  CITY: Pliening              STATE: Bayern              
ELEV:  504.1 m    LAT: 48.2 N    LONG: 11.8 E


                   TEMPERATURE (C), RAIN (mm), WIND SPEED (kph)

                                         HEAT   COOL         AVG
      MEAN                               DEG    DEG          WIND                  DOM
DAY   TEMP   HIGH  TIME    LOW   TIME    DAYS   DAYS   RAIN  SPEED   HIGH  TIME    DIR
---------------------------------------------------------------------------------------
01    10.4   15.8  15:38    6.0  05:55   13.4    0.0     0.4  2.9    25.7  18:15   NE
02    11.4   18.5  15:25    4.0  06:37   12.7    0.0     0.0  3.7    24.1  13:30   SSE
03     7.1   10.8  01:09    3.1  22:26   20.5    0.0     4.3  6.8    30.6  11:00   NNW
04     6.1   12.6  17:09   -0.2  05:27   21.9    0.0     0.0  2.8    20.9  17:50   ENE
05     8.6   15.6  16:49    0.3  06:22   18.7    0.0     0.0  3.9    20.9  16:45   SE
06    12.6   21.6  17:14    2.8  05:55   11.0    0.0     0.0  2.7    17.7  17:40   E
07    14.6   22.8  16:43    5.4  06:37    7.7    0.0     0.0  4.1    29.0  17:00   E
08    14.7   22.6  16:24    5.6  05:51    7.7    0.0     0.0  7.8    33.8  18:20   E
09    14.7   21.7  16:00    6.8  05:54    7.3    0.0     0.0 10.5    38.6  11:25   E
10    15.5   25.0  16:56    5.8  06:04    5.3    0.0     0.0  1.7    19.3  14:45   WNW
11    17.9   25.1  14:49   10.1  06:21    1.4    0.0     0.0  3.8    27.4  13:05   WSW
12    16.5   22.9  13:22   13.5  06:01    0.2    0.0     3.0  5.9    41.8  14:35   SW
13    14.4   19.7  15:11    9.6  05:56    6.7    0.0     0.0  4.6    27.4  02:25   ENE
14    12.9   21.8  16:09    8.2  05:07    6.0    0.0     9.3  5.4    41.8  19:29   ESE
15     9.1   12.0  15:38    6.8  23:56   16.1    0.0     8.9  8.8    27.4  00:35   W
16     9.8   13.7  16:05    5.9  02:20   15.3    0.0     1.4  9.1    33.8  17:20   WSW
17    13.4   18.4  16:01    9.3  05:21    8.1    0.0     2.0  4.9    25.7  13:00   SW
18    16.5   23.1  17:21    8.4  05:56    4.7    0.0     0.2  3.0    20.9  10:50   ENE
19    18.6   26.0  17:04   10.3  05:35    0.3    0.0     2.8  4.0    38.6  23:15   ENE
20    16.9   25.2  17:24   10.9  06:00    0.5    0.0     4.1  5.8    40.2  00:30   WSW
21    17.9   24.6  17:41   10.8  05:17    1.1    0.0     0.0  3.1    19.3  18:05   SE
22    17.9   25.7  15:13   11.6  05:45    0.0    0.6     0.0  5.7    43.5  15:50   SW
23    18.1   23.5  17:56   14.1  00:07    0.0    0.8     0.0  3.0    25.7  01:35   NW
24    19.7   27.3  15:33   11.3  05:32    0.0    1.8     0.0  5.7    40.2  20:30   WNW
25    17.2   22.3  16:45   12.3  07:41    1.8    0.0     0.0  4.6    22.5  01:30   NE
26    19.2   28.5  13:28   10.5  05:17    0.0    2.1     7.1  4.1    30.6  19:53   SE
27    11.1   15.4  00:00    8.3  23:37   11.7    0.0    19.5  5.1    33.8  05:40   W
28    11.6   17.3  18:22    8.1  04:54   10.2    0.0     0.6  4.0    19.3  13:35   WSW
29    15.5   23.4  16:57    6.9  05:17    5.7    0.0     0.0  4.0    30.6  14:20   SW
30    19.1   26.5  17:21    9.6  05:03    0.6    0.0     0.0  3.3    20.9  10:30   E
31    18.9   26.6  15:30   14.3  02:39    0.0    3.8     1.8  4.6    32.2  17:40   W
---------------------------------------------------------------------------------------
      14.4   28.5    26    -0.2     4   216.4    9.2    65.6  4.8    43.5    22    E

Max >=   32.2:  0
Max <=    0.0:  0
Min <=    0.0:  1
Min <=  -17.8:  0
Max Rain    :   19.5 mm ON 05/27/2011
Days of Rain: 13 (> 0.254 mm) 8 (> 2.54 mm) 0 (> 25.4 mm)



Please note the license to use and transfer of this data:
http://creativecommons.org/licenses/by-nc-sa/3.0/deed.en

Bitte beachten sie die Lizenz zur Verwertung und Weitergabe der Daten:
http://creativecommons.org/licenses/by-nc-sa/3.0/deed.de

zurück zur Übersicht der NOAA Aufstellungen

Cookies helfen bei der Bereitstellung von Inhalten. Durch die Nutzung dieser Seiten erklärst du dich damit einverstanden, dass Cookies auf deinem Rechner gespeichert werden. Weitere Information