NOAA klimatische Zusammenfassung

                   MONTHLY CLIMATOLOGICAL SUMMARY for JUL 2011


NAME: Wetterstation-Pliening  CITY: Pliening              STATE: Bayern              
ELEV:  504.1 m    LAT: 48.2 N    LONG: 11.8 E


                   TEMPERATURE (C), RAIN (mm), WIND SPEED (kph)

                                         HEAT   COOL         AVG
      MEAN                               DEG    DEG          WIND                  DOM
DAY   TEMP   HIGH  TIME    LOW   TIME    DAYS   DAYS   RAIN  SPEED   HIGH  TIME    DIR
---------------------------------------------------------------------------------------
01    12.1   18.0  11:04    9.1  16:48    8.6    0.0     7.5  3.8    40.2  12:45   SSW
02    12.7   18.1  15:44    8.5  04:39    9.1    0.0     0.0  5.9    30.6  13:15   W
03    12.6   15.0  13:00   10.1  02:00   10.5    0.0     1.0  7.7    35.4  10:31   W
04    17.1   23.8  16:21   10.3  05:52    2.3    0.0     0.2  2.4    20.9  14:10   WNW
05    19.3   26.5  16:19   12.5  05:05    0.0    2.1     0.0  1.8    27.4  17:40   ESE
06    22.2   29.4  16:58   15.4  05:47    0.0    7.4     0.0  3.0    25.7  15:00   WNW
07    21.2   27.2  15:28   15.4  23:55    0.0    5.4     3.3  3.9    48.3  21:25   ENE
08    17.7   23.1  16:51   13.1  05:59    0.5    0.0     9.6  5.6    53.1  05:25   WSW
09    20.5   28.6  15:21   14.8  05:45    0.0    6.0    16.9  2.3    33.8  20:10   SSW
10    19.1   25.1  14:36   15.8  23:53    0.0    3.8     8.9  4.7    48.3  19:05   ESE
11    19.2   25.4  16:33   14.8  05:22    0.0    3.2     0.0  3.8    19.3  11:37   WSW
12    20.9   27.5  16:55   13.2  05:56    0.0    3.6     0.0  5.8    29.0  21:55   E
13    19.8   25.6  15:03   15.3  23:55    0.0    3.8    17.3  6.6    53.1  17:00   WSW
14    14.2   16.3  14:38   12.1  23:49    7.5    0.0     3.5  7.2    33.8  03:40   WSW
15    15.3   21.1  15:40   12.0  03:55    3.2    0.0     0.0  4.4    30.6  14:55   WSW
16    17.7   24.6  17:13    9.5  06:00    2.3    0.0     0.0  3.2    22.5  12:18   SE
17    17.4   27.4  12:58   11.4  23:51    0.0    2.0     4.9  7.4    45.1  15:50   SW
18    13.7   18.2  13:39   10.7  06:15    7.0    0.0     2.6  7.2    27.4  05:10   SSW
19    15.5   24.1  16:35   11.2  06:43    1.2    0.0     8.5  5.0    45.1  21:20   SE
20    11.9   14.6  00:00   10.6  05:47   10.4    0.0    25.8 17.9    45.1  02:50   WSW
21    15.8   21.7  15:30   12.1  00:20    2.6    0.0     0.2  9.3    40.2  18:20   W
22    15.0   19.4  14:41   12.4  23:48    4.3    0.0     6.5  9.5    35.4  15:00   WSW
23    12.7   14.4  14:51   11.2  15:38   10.0    0.0     1.8  2.3    22.5  14:57   SW
24    11.7   15.7  18:17    9.4  23:55   10.4    0.0     1.4  6.6    29.0  19:07   SW
25    12.8   19.5  18:10    7.0  04:39    9.2    0.0     0.0  3.1    19.3  08:45   SSW
26    15.7   22.6  17:05    7.9  05:42    5.6    0.0     0.0  3.1    29.0  15:15   SE
27    17.6   24.1  16:49    9.5  06:17    2.8    0.0     0.0  2.4    25.7  14:25   ESE
28    16.2   23.7  15:31   13.0  06:11    0.0    0.0     2.6  5.3    35.4  15:55   WSW
29    15.8   22.2  13:42   13.4  04:38    1.0    0.0    14.1  5.5    38.6  14:35   SW
30    15.0   17.7  18:18   13.1  07:54    5.3    0.0     0.2  7.4    30.6  16:20   W
31    15.2   20.6  16:23   11.6  06:51    4.0    0.0     0.0  6.0    24.1  09:29   WNW
---------------------------------------------------------------------------------------
      16.3   29.4     6     7.0    25   117.7   37.3   137.0  5.5    53.1     8    WSW

Max >=   32.2:  0
Max <=    0.0:  0
Min <=    0.0:  0
Min <=  -17.8:  0
Max Rain    :   25.8 mm ON 07/20/2011
Days of Rain: 17 (> 0.254 mm) 14 (> 2.54 mm) 1 (> 25.4 mm)



Please note the license to use and transfer of this data:
http://creativecommons.org/licenses/by-nc-sa/3.0/deed.en

Bitte beachten sie die Lizenz zur Verwertung und Weitergabe der Daten:
http://creativecommons.org/licenses/by-nc-sa/3.0/deed.de

zurück zur Übersicht der NOAA Aufstellungen

Cookies helfen bei der Bereitstellung von Inhalten. Durch die Nutzung dieser Seiten erklärst du dich damit einverstanden, dass Cookies auf deinem Rechner gespeichert werden. Weitere Information