NOAA klimatische Zusammenfassung

                   MONTHLY CLIMATOLOGICAL SUMMARY for DEC 2011


NAME: Wetterstation-Pliening  CITY: Pliening              STATE: Bayern              
ELEV:  504.1 m    LAT: 48.2 N    LONG: 11.8 E


                   TEMPERATURE (C), RAIN (mm), WIND SPEED (kph)

                                         HEAT   COOL         AVG
      MEAN                               DEG    DEG          WIND                  DOM
DAY   TEMP   HIGH  TIME    LOW   TIME    DAYS   DAYS   RAIN  SPEED   HIGH  TIME    DIR
---------------------------------------------------------------------------------------
01     5.2   11.8  13:37    1.4  08:35   21.1    0.0     0.2  2.6    17.7  19:25   SSE
02     6.6   16.0  14:08   -0.2  04:53   18.8    0.0     0.6  3.3    22.5  00:10   S
03     6.3    8.2  12:54    4.6  06:01   21.5    0.0     2.6 11.4    48.3  21:55   WSW
04     9.7   11.8  23:57    6.9  03:26   16.1    0.0     0.6 21.5    57.9  13:05   WSW
05     4.5   12.1  00:31    1.3  20:17   20.9    0.0     5.9 17.8    64.4  04:15   WSW
06     2.4    4.0  14:22    0.1  19:32   29.3    0.0     1.0 15.4    53.1  07:40   WSW
07     3.7    7.4  14:42    0.6  05:59   25.9    0.0    10.6 18.7    62.8  14:50   WSW
08     2.9    6.3  13:43    0.3  23:14   27.0    0.0     1.8 15.8    53.1  01:45   WSW
09     6.9   11.3  13:22    0.7  00:00   22.2    0.0     4.9 15.1    56.3  12:50   SW
10     0.6    2.2  00:00   -0.1  04:43   31.0    0.0    16.9  3.0    17.7  00:00   SW
11     1.9    3.7  16:45    0.6  02:59   29.2    0.0     0.0  3.2    19.3  23:15   S
12     2.3    5.1  15:01   -0.2  08:12   28.7    0.0     3.7  6.6    33.8  17:45   SSW
13     2.7    6.7  19:26   -0.5  04:47   27.5    0.0     0.0  6.2    24.1  17:50   SSE
14     6.5    8.7  13:18    4.1  04:55   21.6    0.0     0.2 11.7    61.2  16:25   SSW
15     3.9    6.5  10:59    1.6  06:26   25.7    0.0     0.0 10.0    45.1  16:31   SW
16     5.6   10.8  15:14    1.9  23:53   21.5    0.0     4.5 18.3    83.7  17:45   SSW
17     0.9    2.0  00:00   -0.7  07:18   31.8    0.0     0.6 21.0    54.7  00:00   W
18    -0.6    1.9  11:30   -1.8  21:33   32.9    0.0     1.0  7.7    37.0  11:05   SW
19    -1.0    1.3  12:38   -1.8  08:46   33.4    0.0     0.0  5.2    25.7  15:15   WSW
20    -2.5    0.4  23:21   -5.6  05:55   37.7    0.0     4.1  5.0    22.5  22:45   SSW
21     0.7    1.6  13:55    0.1  20:41   31.5    0.0     1.8 12.0    37.0  12:10   WSW
22     1.4    4.1  23:48    0.3  06:06   29.1    0.0     4.7  5.5    20.9  21:15   WSW
23     5.6    6.5  14:59    4.1  00:00   23.5    0.0     1.0  6.6    25.7  01:15   WSW
24     3.7    5.9  07:27    1.1  21:02   26.6    0.0     0.4 17.1    54.7  11:15   WSW
25     2.2    4.7  14:16    0.0  07:45   28.8    0.0     0.0  8.2    27.4  08:35   WSW
26     3.3    5.7  14:46    0.0  23:59   27.9    0.0     0.0  3.6    19.3  02:50   SSW
27     1.4    6.8  13:55   -1.3  08:17   28.1    0.0     0.0  1.2    11.3  10:45   SSE
28     1.5    4.3  14:18   -0.3  10:19   29.4    0.0     0.0  1.8    19.3  11:35   SSE
29     2.7    3.8  13:35   -0.5  00:35   30.0    0.0     0.0 13.1    48.3  22:00   WSW
30     1.4    3.9  03:35    0.1  17:51   29.5    0.0     2.4 20.0    57.9  04:25   WSW
31     1.0    5.9  23:56   -1.3  04:12   28.9    0.0     6.3  5.8    30.6  00:05   SSW
---------------------------------------------------------------------------------------
       3.0   16.0     2    -5.6    20   836.8    0.0    75.8 10.1    83.7    16    SW

Max >=   32.2:  0
Max <=    0.0:  0
Min <=    0.0:  14
Min <=  -17.8:  0
Max Rain    :   16.9 mm ON 12/10/2011
Days of Rain: 20 (> 0.254 mm) 10 (> 2.54 mm) 0 (> 25.4 mm)



Please note the license to use and transfer of this data:
http://creativecommons.org/licenses/by-nc-sa/3.0/deed.en

Bitte beachten sie die Lizenz zur Verwertung und Weitergabe der Daten:
http://creativecommons.org/licenses/by-nc-sa/3.0/deed.de

zurück zur Übersicht der NOAA Aufstellungen

Cookies helfen bei der Bereitstellung von Inhalten. Durch die Nutzung dieser Seiten erklärst du dich damit einverstanden, dass Cookies auf deinem Rechner gespeichert werden. Weitere Information